759
CXUS53 KGRR 011417 RRA
CLSBIV
WRKCLMBIV 000
TTAA00 KGRR 011409
CLIMATE REPORT
NATIONAL WEATHER SERVICE GRAND RAPIDS, MI
856 AM EST SUN MAR 1 2020
...................................
...THE HOLLAND/TULIP CITY MI CLIMATE SUMMARY FOR THE SEASON, FROM
12/1/2019 TO 2/29/2020...
CLIMATE NORMAL PERIOD 1981 TO 2010
CLIMATE RECORD PERIOD 1996 TO 2020
WEATHER OBSERVED NORMAL DEPART LAST YEAR`S
VALUE DATE(S) VALUE FROM VALUE DATE(S)
NORMAL
................................................................
TEMPERATURE (F)
HIGHEST 59 12/26 MM MM 55 12/28
LOWEST 4 02/15 MM MM -13 01/21
AVG. MAXIMUM 37.6 34.5 3.1 33.9
AVG. MINIMUM 26.5 22.7 3.8 21.9
MEAN 32.1 28.6 3.5 27.9
DAYS MAX >= 90 0 0.0 0.0 0
DAYS MAX <= 32 21 35.9 -14.9 35
DAYS MIN <= 32 71 74.4 -3.4 82
DAYS MIN <= 0 0 1.4 -1.4 5
PRECIPITATION (INCHES)
TOTALS 5.51 6.19 -0.68 5.36
DAILY AVG. 0.06 0.07 -0.01 0.06
DAYS >= .01 32 MM MM 36
DAYS >= .10 9 MM MM 15
DAYS >= .50 4 MM MM 3
DAYS >= 1.00 1 MM MM 0
GREATEST
24 HR. TOTAL 1.44 1/11 TO 1/11
DEGREE_DAYS
HEATING TOTAL 2969 3277 -308 3313
SINCE 7/1 4331 4533 -202 4721
COOLING TOTAL 0 0 0 0
SINCE 1/1 0 0 0 0
FREEZE DATES
EARLIEST MM
LATEST MM
.................................................................
WIND (MPH)
AVERAGE WIND SPEED 9.9
RESULTANT WIND SPEED/DIRECTION 4/245
HIGHEST WIND SPEED/DIRECTION 36/240 DATE 12/31
HIGHEST GUST SPEED/DIRECTION 48/230 DATE 12/30
SKY COVER
POSSIBLE SUNSHINE (PERCENT) MM
AVERAGE SKY COVER 0.70
NUMBER OF DAYS FAIR 18
NUMBER OF DAYS PC 17
NUMBER OF DAYS CLOUDY 56
AVERAGE RH (PERCENT) 78
- INDICATES NEGATIVE NUMBERS.
R INDICATES RECORD WAS SET OR TIED.
MM INDICATES DATA IS MISSING.
T INDICATES TRACE AMOUNT.
$$