000
CXUS56 KBOI 011002
CF6BKE
PRELIMINARY LOCAL CLIMATOLOGICAL DATA (WS FORM: F-6)
STATION: BAKER OR
MONTH: JULY
YEAR: 2021
LATITUDE: 44 50 N
LONGITUDE: 117 49 W
TEMPERATURE IN F: :PCPN: SNOW: WIND :SUNSHINE: SKY :PK WND
================================================================================
1 2 3 4 5 6A 6B 7 8 9 10 11 12 13 14 15 16 17 18
12Z AVG MX 2MIN
DY MAX MIN AVG DEP HDD CDD WTR SNW DPTH SPD SPD DIR MIN PSBL S-S WX SPD DR
================================================================================
1 98 57 78 13 0 13 T M M 5.3 26 170 M M 1 3 41 130
2 98 52 75 10 0 10 0.00 M M 5.6 22 340 M M 0 28 340
3 98 50 74 9 0 9 0.00 M M 6.0 17 340 M M 0 8 22 340
4 96 50 73 7 0 8 0.00 M M 6.3 16 340 M M 0 8 23 340
5 95 45 70 4 0 5 0.00 M M 5.1 15 330 M M 0 22 320
6 99 45 72 6 0 7 T M M 3.9 26 280 M M 0 38 39 10
7 89 53 71 4 0 6 0.00 M M 8.3 21 360 M M 0 31 10
8 92 40 66 -1 0 1 0.00 M M 6.6 20 330 M M 0 8 26 340
9 92 45 69 2 0 4 0.00 M M 4.0 12 330 M M 0 15 330
10 96 46 71 3 0 6 0.00 M M 5.8 17 320 M M 0 8 24 330
11 93 53 73 5 0 8 0.00 M M 8.1 20 340 M M 1 25 340
12 94 43 69 1 0 4 0.00 M M 6.6 18 330 M M 0 8 24 320
13 93 50 72 4 0 7 T M M 9.8 21 330 M M 1 8 27 330
14 95 49 72 3 0 7 0.00 M M 4.4 14 330 M M 0 8 19 320
15 90 54 72 3 0 7 0.00 M M 8.4 22 350 M M 1 30 360
16 88 45 67 -2 0 2 0.00 M M 7.6 18 340 M M 2 26 330
17 88 51 70 1 0 5 0.00 M M 5.4 12 320 M M 2 8 16 290
18 94 50 72 2 0 7 0.00 M M 5.5 15 330 M M 3 18 22 340
19 84 58 71 1 0 6 0.00 M M 3.5 10 280 M M 2 8 14 300
20 81 56 69 -1 0 4 T M M 5.2 14 340 M M 2 8 19 340
21 85 53 69 -1 0 4 0.00 M M 10.0 23 340 M M 0 8 32 340
22 85 49 67 -3 0 2 0.00 M M 8.4 20 320 M M 0 26 320
23 88 37 63 -7 2 0 0.00 M M 8.2 23 350 M M 0 8 29 340
24 93 43 68 -2 0 3 0.00 M M 6.1 14 320 M M 0 8 18 300
25 95 45 70 0 0 5 0.00 M M 5.6 18 350 M M 0 24 340
26 85 50 68 -2 0 3 T M M 4.9 14 300 M M 0 3 19 300
27 91 57 74 4 0 9 0.00 M M 11.9 29 340 M M 0 39 340
28 93 60 77 7 0 12 0.00 M M 7.3 20 340 M M 1 30 340
29 97 54 76 6 0 11 0.00 M M 5.6 15 350 M M 0 22 310
30 101 51 76 6 0 11 0.00 M M 4.6 16 330 M M 0 20 320
31 96 66 81 11 0 16 0.02 M M 6.9 23 130 M M 3 30 320
================================================================================
SM 2862 1557 2 202 0.02 M 200.9 M 19
================================================================================
AV 92.3 50.2 6.5 FASTST M M 1 MAX(MPH)
MISC ----> 29 340 41 130
================================================================================
NOTES:
# LAST OF SEVERAL OCCURRENCES
COLUMN 17 PEAK WIND IN M.P.H.
PRELIMINARY LOCAL CLIMATOLOGICAL DATA (WS FORM: F-6) , PAGE 2
STATION: BAKER OR
MONTH: JULY
YEAR: 2021
LATITUDE: 44 50 N
LONGITUDE: 117 49 W
[TEMPERATURE DATA] [PRECIPITATION DATA] SYMBOLS USED IN COLUMN 16
AVERAGE MONTHLY: 71.3 TOTAL FOR MONTH: 0.02 1 = FOG OR MIST
DPTR FM NORMAL: 2.8 DPTR FM NORMAL: -0.53 2 = FOG REDUCING VISIBILITY
HIGHEST: 101 ON 30 GRTST 24HR 0.02 ON 31-31 TO 1/4 MILE OR LESS
LOWEST: 37 ON 23 3 = THUNDER
SNOW, ICE PELLETS, HAIL 4 = ICE PELLETS
TOTAL MONTH: M 5 = HAIL
GRTST 24HR M ON M 6 = FREEZING RAIN OR DRIZZLE
GRTST DEPTH: M ON M 7 = DUSTSTORM OR SANDSTORM:
VSBY 1/2 MILE OR LESS
8 = SMOKE OR HAZE
[NO. OF DAYS WITH] [WEATHER - DAYS WITH] 9 = BLOWING SNOW
X = TORNADO
MAX 32 OR BELOW: 0 0.01 INCH OR MORE: 1
MAX 90 OR ABOVE: 22 0.10 INCH OR MORE: 0
MIN 32 OR BELOW: 0 0.50 INCH OR MORE: 0
MIN 0 OR BELOW: 0 1.00 INCH OR MORE: 0
[HDD (BASE 65) ]
TOTAL THIS MO. 2 CLEAR (SCALE 0-3) 31
DPTR FM NORMAL -30 PTCLDY (SCALE 4-7) 0
TOTAL FM JUL 1 2 CLOUDY (SCALE 8-10) 0
DPTR FM NORMAL -25
[CDD (BASE 65) ]
TOTAL THIS MO. 202
DPTR FM NORMAL 60 [PRESSURE DATA]
TOTAL FM JAN 1 307 HIGHEST SLP 30.19 ON 23
DPTR FM NORMAL 131 LOWEST SLP 29.76 ON 1
[REMARKS]
#FINAL-07-21#