000
CXUS55 KPSR 011005
CF6BLH
PRELIMINARY LOCAL CLIMATOLOGICAL DATA (WS FORM: F-6)
STATION: BLYTHE CA
MONTH: FEBRUARY
YEAR: 2023
LATITUDE: 33 37 N
LONGITUDE: 114 43 W
TEMPERATURE IN F: :PCPN: SNOW: WIND :SUNSHINE: SKY :PK WND
================================================================================
1 2 3 4 5 6A 6B 7 8 9 10 11 12 13 14 15 16 17 18
12Z AVG MX 2MIN
DY MAX MIN AVG DEP HDD CDD WTR SNW DPTH SPD SPD DIR MIN PSBL S-S WX SPD DR
================================================================================
1 67 45 56 -1 9 0 0.00 M M 12.2 23 350 M M 2 29 350
2 69 37 53 -4 12 0 0.00 M M 3.4 9 360 M M 0 11 360
3 67 42 55 -3 10 0 0.00 M M 3.6 13 240 M M 0 15 240
4 74 37 56 -2 9 0 0.00 M M 3.5 10 340 M M 0 11 340
5 76 39 58 0 7 0 0.00 M M 5.8 15 360 M M 0 20 350
6 70 46 58 0 7 0 0.00 M M 10.8 25 330 M M 0 39 330
7 69 48 59 1 6 0 0.00 M M 12.3 24 10 M M 0 33 360
8 73 40 57 -1 8 0 0.00 M M 4.0 12 350 M M 0 15 340
9 72 41 57 -1 8 0 0.00 M M 14.6 37 350 M M 0 8 53 10
10 71 40 56 -2 9 0 0.00 M M 5.3 14 340 M M 0 8 16 340
11 75 42 59 1 6 0 0.00 M M 5.3 16 170 M M 0 19 160
12 70 45 58 -1 7 0 0.00 M M 6.0 15 180 M M 0 20 180
13 65 49 57 -2 8 0 T 0.0 0 6.1 21 200 M M 4 26 210
14 68 47 58 -1 7 0 T 0.0 0 20.2 37 220 M M 3 8 57 230
15 60 37 49 -10 16 0 0.00 M M 7.5 22 340 M M 0 29 350
16 61 34 48 -11 17 0 0.00 M M 10.6 22 10 M M 0 27 340
17 64 39 52 -8 13 0 0.00 M M 8.4 16 20 M M 0 21 20
18 69 41 55 -5 10 0 0.00 0.0 0 3.4 10 340 M M 0 13 180
19 73 39 56 -4 9 0 0.00 0.0 0 4.0 9 350 M M 1 12 20
20 76 43 60 0 5 0 0.00 M M 3.9 10 330 M M 1 11 330
21 78 46 62 2 3 0 0.00 M M 14.8 37 220 M M 0 8 50 240
22 62 48 55 -5 10 0 T M M 24.7 45 230 M M 1 8 61 240
23 64 42 53 -8 12 0 T M M 11.6 29 210 M M 7 39 230
24 67 37 52 -9 13 0 0.00 M M 7.9 18 150 M M 2 24 160
25 72 42 57 -4 8 0 0.07 M M 12.0 30 250 M M 4 41 170
26 63 43 53 -8 12 0 0.00 M M 8.9 17 190 M M 0 29 160
27 66 35 51 -11 14 0 0.00 M M 7.8 20 220 M M 0 26 170
28 68 44 56 -6 9 0 0.00 M M 12.4 29 240 M M 0 35 240
================================================================================
SM 1929 1168 264 0 0.07 0.0 251.0 M 25
================================================================================
AV 68.9 41.7 9.0 FASTST M M 1 MAX(MPH)
MISC ----> 45 230 61 240
================================================================================
NOTES:
# LAST OF SEVERAL OCCURRENCES
COLUMN 17 PEAK WIND IN M.P.H.
PRELIMINARY LOCAL CLIMATOLOGICAL DATA (WS FORM: F-6) , PAGE 2
STATION: BLYTHE CA
MONTH: FEBRUARY
YEAR: 2023
LATITUDE: 33 37 N
LONGITUDE: 114 43 W
[TEMPERATURE DATA] [PRECIPITATION DATA] SYMBOLS USED IN COLUMN 16
AVERAGE MONTHLY: 55.3 TOTAL FOR MONTH: 0.07 1 = FOG OR MIST
DPTR FM NORMAL: -4.0 DPTR FM NORMAL: -0.55 2 = FOG REDUCING VISIBILITY
HIGHEST: 78 ON 21 GRTST 24HR 0.07 ON 25-25 TO 1/4 MILE OR LESS
LOWEST: 34 ON 16 3 = THUNDER
SNOW, ICE PELLETS, HAIL 4 = ICE PELLETS
TOTAL MONTH: 0.0 INCH 5 = HAIL
GRTST 24HR 0.0 6 = FREEZING RAIN OR DRIZZLE
GRTST DEPTH: 0 7 = DUSTSTORM OR SANDSTORM:
VSBY 1/2 MILE OR LESS
8 = SMOKE OR HAZE
[NO. OF DAYS WITH] [WEATHER - DAYS WITH] 9 = BLOWING SNOW
X = TORNADO
MAX 32 OR BELOW: 0 0.01 INCH OR MORE: 1
MAX 90 OR ABOVE: 0 0.10 INCH OR MORE: 0
MIN 32 OR BELOW: 0 0.50 INCH OR MORE: 0
MIN 0 OR BELOW: 0 1.00 INCH OR MORE: 0
[HDD (BASE 65) ]
TOTAL THIS MO. 264 CLEAR (SCALE 0-3) 24
DPTR FM NORMAL 91 PTCLDY (SCALE 4-7) 4
TOTAL FM JUL 1 1130 CLOUDY (SCALE 8-10) 0
DPTR FM NORMAL 204
[CDD (BASE 65) ]
TOTAL THIS MO. 0
DPTR FM NORMAL -12 [PRESSURE DATA]
TOTAL FM JAN 1 0 HIGHEST SLP M ON M
DPTR FM NORMAL -9 LOWEST SLP 29.44 ON 22
[REMARKS]
#FINAL-02-23#