000
CXUS53 KILX 010900
CF6BMI
PRELIMINARY LOCAL CLIMATOLOGICAL DATA (WS FORM: F-6)
STATION: BLOOMINGTON IL AIRPORT
MONTH: MAY
YEAR: 2023
LATITUDE: 40 28 N
LONGITUDE: 88 56 W
TEMPERATURE IN F: :PCPN: SNOW: WIND :SUNSHINE: SKY :PK WND
================================================================================
1 2 3 4 5 6A 6B 7 8 9 10 11 12 13 14 15 16 17 18
12Z AVG MX 2MIN
DY MAX MIN AVG DEP HDD CDD WTR SNW DPTH SPD SPD DIR MIN PSBL S-S WX SPD DR
================================================================================
1 60 42 51 M 14 0 0.00 M M 22.5 33 310 M M 7 48 300
2 63 40 52 M 13 0 0.00 M M 18.2 32 330 M M 4 43 290
3 64 35 50 M 15 0 0.00 M M 9.0 16 320 M M 0 M M
4 74 40 57 M 8 0 M M M 7.0 12 200 M M 0 M M
5 78 45 62 M 3 0 M M M 13.9 20 190 M M 1 31 170
6 75 58 67 M 0 2 M M M 16.3 28 180 M M 7 3 44 220
7 80 58 69 M 0 4 M M M 15.1 36 310 M M 7 13 48 140
8 60 53 57 M 8 0 M M M 13.3 29 120 M M 7 138 43 100
9 74 50 62 M 3 0 0.00 M M 9.5 17 30 M M 2 1 18 50
10 76 50 63 M 2 0 0.00 M M 10.0 16 140 M M 0 22 140
11 82 55 69 M 0 4 0.00 M M 9.7 14 180 M M 0 17 140
12 78 66 72 M 0 7 T M M 8.2 13 140 M M 8 1 M M
13 82 64 73 M 0 8 T M M 7.0 17 190 M M 7 12 27 190
14 77 56 67 M 0 2 0.07 M M 15.4 24 60 M M 9 37 40
15 73 55 64 M 1 0 M M M 10.1 22 70 M M 6 23 90
16 77 55 66 M 0 1 0.05 M M 7.4 14 310 M M 4 17 310
17 76 48 62 M 3 0 M M M 11.6 17 40 M M 0 M M
18 78 49 64 M 1 0 0.00 M M 9.7 14 170 M M 1 21 250
19 76 53 65 M 0 0 0.02 M M 13.3 20 210 M M 4 1 27 230
20 71 46 59 M 6 0 0.00 M M 9.4 18 330 M M 0 23 10
21 79 49 64 M 1 0 0.00 M M 5.8 9 250 M M 0 M M
22 81 52 67 M 0 2 0.00 M M 4.2 10 170 M M 0 M M
23 83 54 69 M 0 4 0.00 M M 4.6 9 130 M M 0 16 99
24 86 56 71 M 0 6 0.00 M M 10.6 22 40 M M 1 28 60
25 73 47 60 M 5 0 0.00 M M 15.5 20 50 M M 0 32 40
26 77 41 59 M 6 0 0.00 M M 13.4 21 70 M M 0 30 60
27 81 44 63 M 2 0 0.00 M M 9.9 13 90 M M 0 21 120
28 84 55 70 M 0 5 0.00 M M 6.2 12 40 M M 0 17 40
29 86 59 73 M 0 8 0.00 M M 4.9 10 20 M M 3 8 M M
30 90 60 75 M 0 10 0.00 M M 3.7 10 140 M M 4 M M
31 86 66 76 M 0 11 0.33 M M 8.1 23 180 M M 2 3 25 180
================================================================================
SM 2380 1601 91 74 0.47 M 323.5 M 84
================================================================================
AV 76.8 51.6 10.4 FASTST M M 3 MAX(MPH)
MISC ----> 36 310 # 48 300
================================================================================
NOTES:
# LAST OF SEVERAL OCCURRENCES
COLUMN 17 PEAK WIND IN M.P.H.
PRELIMINARY LOCAL CLIMATOLOGICAL DATA (WS FORM: F-6) , PAGE 2
STATION: BLOOMINGTON IL AIRPORT
MONTH: MAY
YEAR: 2023
LATITUDE: 40 28 N
LONGITUDE: 88 56 W
[TEMPERATURE DATA] [PRECIPITATION DATA] SYMBOLS USED IN COLUMN 16
AVERAGE MONTHLY: 64.2 TOTAL FOR MONTH: 0.47 1 = FOG OR MIST
DPTR FM NORMAL: 0.0 DPTR FM NORMAL: M 2 = FOG REDUCING VISIBILITY
HIGHEST: 90 ON 30 GRTST 24HR 0.33 ON 31-31 TO 1/4 MILE OR LESS
LOWEST: 35 ON 3 3 = THUNDER
SNOW, ICE PELLETS, HAIL 4 = ICE PELLETS
TOTAL MONTH: M 5 = HAIL
GRTST 24HR M ON M 6 = FREEZING RAIN OR DRIZZLE
GRTST DEPTH: M ON M 7 = DUSTSTORM OR SANDSTORM:
VSBY 1/2 MILE OR LESS
8 = SMOKE OR HAZE
[NO. OF DAYS WITH] [WEATHER - DAYS WITH] 9 = BLOWING SNOW
X = TORNADO
MAX 32 OR BELOW: 0 0.01 INCH OR MORE: 4
MAX 90 OR ABOVE: 1 0.10 INCH OR MORE: 1
MIN 32 OR BELOW: 0 0.50 INCH OR MORE: 0
MIN 0 OR BELOW: 0 1.00 INCH OR MORE: 0
[HDD (BASE 65) ]
TOTAL THIS MO. 91 CLEAR (SCALE 0-3) 19
DPTR FM NORMAL M PTCLDY (SCALE 4-7) 11
TOTAL FM JUL 1 5328 CLOUDY (SCALE 8-10) 1
DPTR FM NORMAL M
[CDD (BASE 65) ]
TOTAL THIS MO. 74
DPTR FM NORMAL M [PRESSURE DATA]
TOTAL FM JAN 1 83 HIGHEST SLP M ON M
DPTR FM NORMAL M LOWEST SLP M ON M
[REMARKS]
#FINAL-05-23#