450
CXUS53 KILX 011000
CF6BMI
PRELIMINARY LOCAL CLIMATOLOGICAL DATA (WS FORM: F-6)
STATION: BLOOMINGTON IL AIRPORT
MONTH: DECEMBER
YEAR: 2020
LATITUDE: 40 28 N
LONGITUDE: 88 56 W
TEMPERATURE IN F: :PCPN: SNOW: WIND :SUNSHINE: SKY :PK WND
================================================================================
1 2 3 4 5 6A 6B 7 8 9 10 11 12 13 14 15 16 17 18
12Z AVG MX 2MIN
DY MAX MIN AVG DEP HDD CDD WTR SNW DPTH SPD SPD DIR MIN PSBL S-S WX SPD DR
================================================================================
1 35 16 26 M 39 0 0.00 M M 8.6 14 330 M M 1 M M
2 46 20 33 M 32 0 0.00 M M 5.0 7 220 M M 0 M M
3 47 24 36 M 29 0 0.00 M M 8.8 14 210 M M 1 M M
4 47 28 38 M 27 0 0.00 M M 10.6 16 240 M M 0 1 20 270
5 43 24 34 M 31 0 0.00 M M 5.2 8 100 M M 1 12 M M
6 39 29 34 M 31 0 0.00 M M 5.0 12 40 M M 10 M M
7 41 31 36 M 29 0 T M M 7.0 12 330 M M 8 M M
8 35 30 33 M 32 0 0.00 M M 11.2 18 230 M M 8 1 M M
9 56 33 45 M 20 0 0.00 M M 7.5 14 220 M M 0 1 M M
10 60 31 46 M 19 0 0.00 M M 9.3 15 170 M M 0 M M
11 50 33 42 M 23 0 0.32 M M 10.0 20 80 M M 5 1 24 80
12 43 32 38 M 27 0 0.66 M M 11.5 21 240 M M 10 1 31 250
13 37 27 32 M 33 0 0.00 M M 7.1 17 300 M M 6 M M
14 33 23 28 M 37 0 T M M 12.1 17 300 M M 4 24 320
15 33 19 26 M 39 0 0.00 M M 12.0 17 80 M M 0 M M
16 29 23 26 M 39 0 M M M 9.1 14 340 M M 10 1 M M
17 35 22 29 M 36 0 0.00 M M 7.6 13 240 M M 5 M M
18 37 20 29 M 36 0 0.00 M M 14.1 22 160 M M 2 1 31 160
19 47 33 40 M 25 0 0.00 M M 13.3 21 200 M M 9 1 M M
20 42 25 34 M 31 0 0.00 M M 11.4 21 210 M M 3 25 210
21 50 33 42 M 23 0 0.00 M M 19.2 31 310 M M 5 47 310
22 46 23 35 M 30 0 0.00 M M 14.0 24 170 M M 1 31 160
23 58 23 41 M 24 0 0.01 M M 26.9 37 190 M M 6 50 190
24 23 9 16 M 49 0 T M M 18.0 26 260 M M 8 36 280
25 20 6 13 M 52 0 T M M 14.1 17 220 M M 2 1 23 320
26 39 17 28 M 37 0 0.00 M M 7.2 16 220 M M 0 M M
27 50 25 38 M 27 0 0.00 M M 16.7 27 290 M M 3 36 290
28 30 15 23 M 42 0 0.00 M M 12.6 20 300 M M 9 24 300
29 34 13 24 M 41 0 T M M 12.9 30 160 M M 6 39 150
30 39 24 32 M 33 0 0.22 M M 16.3 22 290 M M 10 1 26 280
31 29 20 25 M 40 0 0.00 M M 8.9 16 320 M M 8 M M
================================================================================
SM 1253 731 1013 0 1.21 M 353.1 M 141
================================================================================
AV 40.4 23.6 11.4 FASTST M M 5 MAX(MPH)
MISC ----> 37 190 50 190
================================================================================
NOTES:
# LAST OF SEVERAL OCCURRENCES
COLUMN 17 PEAK WIND IN M.P.H.
PRELIMINARY LOCAL CLIMATOLOGICAL DATA (WS FORM: F-6) , PAGE 2
STATION: BLOOMINGTON IL AIRPORT
MONTH: DECEMBER
YEAR: 2020
LATITUDE: 40 28 N
LONGITUDE: 88 56 W
[TEMPERATURE DATA] [PRECIPITATION DATA] SYMBOLS USED IN COLUMN 16
AVERAGE MONTHLY: 32.0 TOTAL FOR MONTH: 1.21 1 = FOG OR MIST
DPTR FM NORMAL: 0.0 DPTR FM NORMAL: M 2 = FOG REDUCING VISIBILITY
HIGHEST: 60 ON 10 GRTST 24HR 0.66 ON 12-12 TO 1/4 MILE OR LESS
LOWEST: 6 ON 25 3 = THUNDER
SNOW, ICE PELLETS, HAIL 4 = ICE PELLETS
TOTAL MONTH: M 5 = HAIL
GRTST 24HR M ON M 6 = FREEZING RAIN OR DRIZZLE
GRTST DEPTH: M ON M 7 = DUSTSTORM OR SANDSTORM:
VSBY 1/2 MILE OR LESS
8 = SMOKE OR HAZE
[NO. OF DAYS WITH] [WEATHER - DAYS WITH] 9 = BLOWING SNOW
X = TORNADO
MAX 32 OR BELOW: 5 0.01 INCH OR MORE: 4
MAX 90 OR ABOVE: 0 0.10 INCH OR MORE: 3
MIN 32 OR BELOW: 27 0.50 INCH OR MORE: 1
MIN 0 OR BELOW: 0 1.00 INCH OR MORE: 0
[HDD (BASE 65) ]
TOTAL THIS MO. 1013 CLEAR (SCALE 0-3) 14
DPTR FM NORMAL M PTCLDY (SCALE 4-7) 10
TOTAL FM JUL 1 2083 CLOUDY (SCALE 8-10) 7
DPTR FM NORMAL M
[CDD (BASE 65) ]
TOTAL THIS MO. 0
DPTR FM NORMAL M [PRESSURE DATA]
TOTAL FM JAN 1 1039 HIGHEST SLP M ON M
DPTR FM NORMAL M LOWEST SLP M ON M
[REMARKS]
#FINAL-12-20#