000
CXUS55 KBOI 050059
CF6BOI
PRELIMINARY LOCAL CLIMATOLOGICAL DATA (WS FORM: F-6)
STATION: BOISE ID
MONTH: OCTOBER
YEAR: 2021
LATITUDE: 43 34 N
LONGITUDE: 116 13 W
TEMPERATURE IN F: :PCPN: SNOW: WIND :SUNSHINE: SKY :PK WND
================================================================================
1 2 3 4 5 6A 6B 7 8 9 10 11 12 13 14 15 16 17 18
12Z AVG MX 2MIN
DY MAX MIN AVG DEP HDD CDD WTR SNW DPTH SPD SPD DIR MIN PSBL S-S WX SPD DR
================================================================================
1 72 44 58 -2 7 0 0.00 0.0 0 4.4 13 300 M M 0 15 290
2 78 48 63 3 2 0 0.00 0.0 0 6.0 13 150 M M 0 15 140
3 83 47 65 6 0 0 0.00 0.0 0 5.1 13 120 M M 0 16 120
4 87 49 68 9 0 3 0.00 0.0 0 8.1 17 140 M M 0 22 150
5 83 55 69 11 0 4 0.00 0.0 0 8.1 15 140 M M 0 8 19 140
6 71 51 61 3 4 0 T 0.0 0 9.1 21 320 M M 2 27 310
7 70 47 59 2 6 0 0.04 0.0 0 6.5 17 110 M M 4 21 220
8 61 50 56 -1 9 0 0.46 0.0 0 9.3 21 120 M M 8 1 27 120
9 62 44 53 -3 12 0 0.01 0.0 0 10.8 22 290 M M 3 29 290
10 64 43 54 -2 11 0 0.04 0.0 0 7.6 21 330 M M 6 26 330
11 56 39 48 -8 17 0 T 0.0 0 19.7 31 320 M M 5 41 310
12 55 35 45 -10 20 0 0.00 0.0 0 13.1 25 300 M M 0 34 300
13 47 34 41 -13 24 0 0.00 0.0 0 3.1 9 280 M M 6 12 220
14 55 32 44 -10 21 0 T T 0 5.4 17 300 M M 3 30 290
15 65 40 53 -1 12 0 0.00 0.0 0 10.3 17 120 M M 1 21 120
16 73 38 56 3 9 0 0.00 0.0 0 9.2 22 140 M M 0 29 140
17 75 42 59 6 6 0 0.00 0.0 0 8.6 24 150 M M 0 32 150
18 63 47 55 3 10 0 0.00 0.0 0 4.1 12 10 M M 2 16 30
19 66 39 53 1 12 0 0.00 0.0 0 4.7 15 120 M M 0 8 20 120
20 68 54 61 10 4 0 T 0.0 0 10.8 25 140 M M 6 32 160
21 76 52 64 13 1 0 0.00 0.0 0 10.7 20 160 M M 2 27 170
22 70 44 57 7 8 0 0.39 0.0 0 11.9 32 260 M M 7 138 44 280
23 54 42 48 -2 17 0 0.02 0.0 0 4.8 12 120 M M 9 15 240
24 55 47 51 2 14 0 0.50 0.0 0 16.9 28 110 M M 9 38 130
25 52 41 47 -2 18 0 0.43 0.0 0 6.2 15 130 M M 8 1 20 150
26 53 40 47 -1 18 0 0.06 0.0 0 6.0 13 110 M M 8 17 350
27 61 46 54 6 11 0 T 0.0 0 7.6 20 320 M M 9 25 320
28 69 50 60 12 5 0 0.00 0.0 0 9.8 17 120 M M 5 25 140
29 71 50 61 14 4 0 0.00 0.0 0 9.4 17 310 M M 1 25 310
30 59 41 50 3 15 0 0.00 0.0 0 3.5 13 300 M M 4 16 290
31 56 40 48 2 17 0 0.00 0.0 0 2.7 8 300 M M 3 12 260
================================================================================
SM 2030 1371 314 7 1.95 T 253.5 M 111
================================================================================
AV 65.5 44.2 8.2 FASTST M M 4 MAX(MPH)
MISC ----> 32 260 44 280
================================================================================
NOTES:
# LAST OF SEVERAL OCCURRENCES
COLUMN 17 PEAK WIND IN M.P.H.
PRELIMINARY LOCAL CLIMATOLOGICAL DATA (WS FORM: F-6) , PAGE 2
STATION: BOISE ID
MONTH: OCTOBER
YEAR: 2021
LATITUDE: 43 34 N
LONGITUDE: 116 13 W
[TEMPERATURE DATA] [PRECIPITATION DATA] SYMBOLS USED IN COLUMN 16
AVERAGE MONTHLY: 54.9 TOTAL FOR MONTH: 1.95 1 = FOG OR MIST
DPTR FM NORMAL: 1.7 DPTR FM NORMAL: 1.14 2 = FOG REDUCING VISIBILITY
HIGHEST: 87 ON 4 GRTST 24HR 0.74 ON 24-25 TO 1/4 MILE OR LESS
LOWEST: 32 ON 14 3 = THUNDER
SNOW, ICE PELLETS, HAIL 4 = ICE PELLETS
TOTAL MONTH: T 5 = HAIL
GRTST 24HR T ON 14-14 6 = FREEZING RAIN OR DRIZZLE
GRTST DEPTH: 0 7 = DUSTSTORM OR SANDSTORM:
VSBY 1/2 MILE OR LESS
8 = SMOKE OR HAZE
[NO. OF DAYS WITH] [WEATHER - DAYS WITH] 9 = BLOWING SNOW
X = TORNADO
MAX 32 OR BELOW: 0 0.01 INCH OR MORE: 9
MAX 90 OR ABOVE: 0 0.10 INCH OR MORE: 4
MIN 32 OR BELOW: 1 0.50 INCH OR MORE: 1
MIN 0 OR BELOW: 0 1.00 INCH OR MORE: 0
[HDD (BASE 65) ]
TOTAL THIS MO. 314 CLEAR (SCALE 0-3) 16
DPTR FM NORMAL -63 PTCLDY (SCALE 4-7) 10
TOTAL FM JUL 1 373 CLOUDY (SCALE 8-10) 5
DPTR FM NORMAL -99
[CDD (BASE 65) ]
TOTAL THIS MO. 7
DPTR FM NORMAL -3 [PRESSURE DATA]
TOTAL FM JAN 1 1393 HIGHEST SLP 30.35 ON 15
DPTR FM NORMAL 349 LOWEST SLP 29.46 ON 24
[REMARKS]
#FINAL-10-21#