000
CXUS55 KBOI 011002
CF6BOI
PRELIMINARY LOCAL CLIMATOLOGICAL DATA (WS FORM: F-6)
STATION: BOISE ID
MONTH: SEPTEMBER
YEAR: 2023
LATITUDE: 43 34 N
LONGITUDE: 116 13 W
TEMPERATURE IN F: :PCPN: SNOW: WIND :SUNSHINE: SKY :PK WND
================================================================================
1 2 3 4 5 6A 6B 7 8 9 10 11 12 13 14 15 16 17 18
12Z AVG MX 2MIN
DY MAX MIN AVG DEP HDD CDD WTR SNW DPTH SPD SPD DIR MIN PSBL S-S WX SPD DR
================================================================================
1 85 62 74 3 0 9 0.00 0.0 0 7.1 23 320 M M 0 31 320
2 82 65 74 3 0 9 0.01 0.0 0 5.9 20 150 M M 1 27 160
3 72 63 68 -3 0 3 0.15 0.0 0 5.7 14 120 M M 6 16 120
4 75 59 67 -3 0 2 0.02 0.0 0 9.6 18 330 M M 4 1 25 330
5 84 57 71 1 0 6 0.00 0.0 0 5.4 13 120 M M 1 18 140
6 90 61 76 6 0 11 0.03 0.0 0 10.6 28 240 M M 2 40 220
7 89 59 74 5 0 9 T 0.0 0 5.7 13 150 M M 1 3 17 140
8 85 59 72 3 0 7 0.00 0.0 0 4.9 13 140 M M 0 17 300
9 90 58 74 5 0 9 0.00 0.0 0 5.3 13 330 M M 0 16 340
10 91 62 77 9 0 12 0.00 0.0 0 5.5 13 140 M M 0 18 130
11 93 63 78 10 0 13 0.00 0.0 0 5.0 14 140 M M 0 18 140
12 87 62 75 7 0 10 0.00 0.0 0 4.6 14 160 M M 0 8 19 180
13 83 58 71 4 0 6 0.00 0.0 0 9.6 21 320 M M 0 29 320
14 83 52 68 1 0 3 0.00 0.0 0 4.1 12 290 M M 0 17 300
15 89 58 74 7 0 9 0.00 0.0 0 6.5 15 160 M M 0 22 200
16 93 58 76 10 0 11 0.00 0.0 0 5.4 14 130 M M 0 20 180
17 88 58 73 7 0 8 0.00 0.0 0 5.3 13 130 M M 0 16 140
18 86 60 73 7 0 8 0.00 0.0 0 6.1 17 310 M M 0 21 320
19 76 51 64 -1 1 0 0.00 0.0 0 5.2 15 350 M M 0 19 350
20 71 47 59 -6 6 0 0.00 0.0 0 11.2 25 320 M M 0 34 320
21 66 43 55 -9 10 0 0.00 0.0 0 5.3 14 310 M M 2 17 320
22 70 48 59 -5 6 0 0.01 0.0 0 7.2 20 310 M M 4 3 26 310
23 78 49 64 0 1 0 0.00 0.0 0 10.4 18 150 M M 0 24 130
24 80 55 68 5 0 3 0.00 0.0 0 7.8 18 90 M M 0 23 160
25 88 53 71 8 0 6 0.00 0.0 0 10.4 23 160 M M 0 33 150
26 80 53 67 5 0 2 0.00 0.0 0 7.5 21 340 M M 1 27 320
27 73 51 62 0 3 0 0.00 0.0 0 5.8 15 340 M M 2 20 360
28 69 42 56 -6 9 0 0.00 0.0 0 5.5 15 330 M M 0 20 310
29 78 49 64 3 1 0 0.00 0.0 0 6.8 13 330 M M 1 16 140
30 57 48 53 -8 12 0 0.23 0.0 0 7.8 20 310 M M 6 24 310
================================================================================
SM 2431 1663 49 156 0.45 0.0 203.2 M 31
================================================================================
AV 81.0 55.4 6.8 FASTST M M 1 MAX(MPH)
MISC ----> 28 240 40 220
================================================================================
NOTES:
# LAST OF SEVERAL OCCURRENCES
COLUMN 17 PEAK WIND IN M.P.H.
PRELIMINARY LOCAL CLIMATOLOGICAL DATA (WS FORM: F-6) , PAGE 2
STATION: BOISE ID
MONTH: SEPTEMBER
YEAR: 2023
LATITUDE: 43 34 N
LONGITUDE: 116 13 W
[TEMPERATURE DATA] [PRECIPITATION DATA] SYMBOLS USED IN COLUMN 16
AVERAGE MONTHLY: 68.2 TOTAL FOR MONTH: 0.45 1 = FOG OR MIST
DPTR FM NORMAL: 1.9 DPTR FM NORMAL: 0.02 2 = FOG REDUCING VISIBILITY
HIGHEST: 93 ON 16,11 GRTST 24HR 0.23 ON 30-30 TO 1/4 MILE OR LESS
LOWEST: 42 ON 28 3 = THUNDER
SNOW, ICE PELLETS, HAIL 4 = ICE PELLETS
TOTAL MONTH: 0.0 INCH 5 = HAIL
GRTST 24HR 0.0 6 = FREEZING RAIN OR DRIZZLE
GRTST DEPTH: 0 7 = DUSTSTORM OR SANDSTORM:
VSBY 1/2 MILE OR LESS
8 = SMOKE OR HAZE
[NO. OF DAYS WITH] [WEATHER - DAYS WITH] 9 = BLOWING SNOW
X = TORNADO
MAX 32 OR BELOW: 0 0.01 INCH OR MORE: 6
MAX 90 OR ABOVE: 5 0.10 INCH OR MORE: 2
MIN 32 OR BELOW: 0 0.50 INCH OR MORE: 0
MIN 0 OR BELOW: 0 1.00 INCH OR MORE: 0
[HDD (BASE 65) ]
TOTAL THIS MO. 49 CLEAR (SCALE 0-3) 26
DPTR FM NORMAL -31 PTCLDY (SCALE 4-7) 4
TOTAL FM JUL 1 49 CLOUDY (SCALE 8-10) 0
DPTR FM NORMAL -45
[CDD (BASE 65) ]
TOTAL THIS MO. 156
DPTR FM NORMAL 37 [PRESSURE DATA]
TOTAL FM JAN 1 1322 HIGHEST SLP 30.12 ON 9
DPTR FM NORMAL 288 LOWEST SLP 29.55 ON 1
[REMARKS]
#FINAL-09-23#