000
CXUS55 KDVN 011000
CF6BRL
PRELIMINARY LOCAL CLIMATOLOGICAL DATA (WS FORM: F-6)
STATION: BURLINGTON IA
MONTH: SEPTEMBER
YEAR: 2023
LATITUDE: 40 46 N
LONGITUDE: 91 7 W
TEMPERATURE IN F: :PCPN: SNOW: WIND :SUNSHINE: SKY :PK WND
================================================================================
1 2 3 4 5 6A 6B 7 8 9 10 11 12 13 14 15 16 17 18
12Z AVG MX 2MIN
DY MAX MIN AVG DEP HDD CDD WTR SNW DPTH SPD SPD DIR MIN PSBL S-S WX SPD DR
================================================================================
1 81 54 68 -3 0 3 0.00 M M 6.0 9 140 M M 0 15 170
2 86 56 71 0 0 6 0.00 M M 6.2 16 180 M M 0 8 20 200
3 90 62 76 5 0 11 0.00 M M 7.6 15 230 M M 0 8 21 190
4 92 69 81 10 0 16 0.00 M M 8.5 16 180 M M 0 24 210
5 84 70 77 7 0 12 0.12 M M 11.4 20 170 M M 1 13 30 180
6 75 62 69 -1 0 4 0.00 M M 8.4 16 310 M M 7 8 28 290
7 71 56 64 -6 1 0 0.00 M M 5.7 12 10 M M 8 17 320
8 75 53 64 -5 1 0 0.00 M M 5.4 13 20 M M 1 23 20
9 77 51 64 -5 1 0 0.00 M M 1.9 9 50 M M 1 14 40
10 83 55 69 0 0 4 0.26 M M 4.3 15 280 M M 2 138 27 320
11 66 58 62 -6 3 0 0.54 M M 4.6 12 310 M M 8 1 20 310
12 74 54 64 -4 1 0 0.03 M M 4.8 17 350 M M 3 12 23 360
13 74 53 64 -4 1 0 0.00 M M 5.5 12 60 M M 2 1 15 20
14 78 51 65 -2 0 0 0.00 M M 4.6 8 100 M M 0 12 120
15 80 50 65 -2 0 0 0.00 M M 4.6 10 190 M M 2 15 180
16 79 55 67 0 0 2 0.72 M M 3.6 12 10 M M 7 1238 39 280
17 74 52 63 -3 2 0 0.00 M M 4.7 15 10 M M 1 12 22 10
18 77 54 66 0 0 1 0.00 M M 6.3 15 170 M M 3 23 170
19 84 59 72 6 0 7 0.00 M M 7.9 15 200 M M 2 23 210
20 76 60 68 3 0 3 T M M 5.7 20 140 M M 1 8 26 140
21 75 60 68 3 0 3 T M M 4.9 10 60 M M 8 1 16 70
22 81 64 73 9 0 8 0.00 M M 8.1 15 140 M M 3 1 21 130
23 83 63 73 9 0 8 T M M 7.4 18 150 M M 1 30 150
24 80 62 71 7 0 6 0.00 M M 5.9 14 180 M M 4 8 20 180
25 83 55 69 6 0 4 0.00 M M 3.0 12 230 M M 2 18 17 240
26 79 58 69 6 0 4 0.00 M M 4.2 12 10 M M 6 138 16 290
27 77 54 66 4 0 1 0.00 M M 3.5 10 10 M M 3 18 15 330
28 73 59 66 4 0 1 0.00 M M 5.3 12 100 M M 5 12 17 80
29 86 60 73 11 0 8 0.00 M M 7.7 13 140 M M 2 19 130
30 91 63 77 16 0 12 0.00 M M 6.8 14 140 M M 0 20 140
================================================================================
SM 2384 1732 10 124 1.67 M 174.5 M 83
================================================================================
AV 79.5 57.7 5.8 FASTST M M 3 MAX(MPH)
MISC ----> # 20 170 39 280
================================================================================
NOTES:
# LAST OF SEVERAL OCCURRENCES
COLUMN 17 PEAK WIND IN M.P.H.
PRELIMINARY LOCAL CLIMATOLOGICAL DATA (WS FORM: F-6) , PAGE 2
STATION: BURLINGTON IA
MONTH: SEPTEMBER
YEAR: 2023
LATITUDE: 40 46 N
LONGITUDE: 91 7 W
[TEMPERATURE DATA] [PRECIPITATION DATA] SYMBOLS USED IN COLUMN 16
AVERAGE MONTHLY: 68.6 TOTAL FOR MONTH: 1.67 1 = FOG OR MIST
DPTR FM NORMAL: 1.9 DPTR FM NORMAL: -1.86 2 = FOG REDUCING VISIBILITY
HIGHEST: 92 ON 4 GRTST 24HR 0.72 ON 16-16 TO 1/4 MILE OR LESS
LOWEST: 50 ON 15 3 = THUNDER
SNOW, ICE PELLETS, HAIL 4 = ICE PELLETS
TOTAL MONTH: M 5 = HAIL
GRTST 24HR M ON M 6 = FREEZING RAIN OR DRIZZLE
GRTST DEPTH: M ON M 7 = DUSTSTORM OR SANDSTORM:
VSBY 1/2 MILE OR LESS
8 = SMOKE OR HAZE
[NO. OF DAYS WITH] [WEATHER - DAYS WITH] 9 = BLOWING SNOW
X = TORNADO
MAX 32 OR BELOW: 0 0.01 INCH OR MORE: 5
MAX 90 OR ABOVE: 3 0.10 INCH OR MORE: 4
MIN 32 OR BELOW: 0 0.50 INCH OR MORE: 2
MIN 0 OR BELOW: 0 1.00 INCH OR MORE: 0
[HDD (BASE 65) ]
TOTAL THIS MO. 10 CLEAR (SCALE 0-3) 21
DPTR FM NORMAL -67 PTCLDY (SCALE 4-7) 7
TOTAL FM JUL 1 11 CLOUDY (SCALE 8-10) 2
DPTR FM NORMAL -74
[CDD (BASE 65) ]
TOTAL THIS MO. 124
DPTR FM NORMAL -3 [PRESSURE DATA]
TOTAL FM JAN 1 995 HIGHEST SLP 30.23 ON 9
DPTR FM NORMAL -68 LOWEST SLP 29.74 ON 5
[REMARKS]
#FINAL-09-23#