000
CXUS54 KBRO 010900
CF6BRO
PRELIMINARY LOCAL CLIMATOLOGICAL DATA (WS FORM: F-6)
STATION: BROWNSVILLE
MONTH: DECEMBER
YEAR: 2022
LATITUDE: 25 53 N
LONGITUDE: 97 26 W
TEMPERATURE IN F: :PCPN: SNOW: WIND :SUNSHINE: SKY :PK WND
================================================================================
1 2 3 4 5 6A 6B 7 8 9 10 11 12 13 14 15 16 17 18
12Z AVG MX 2MIN
DY MAX MIN AVG DEP HDD CDD WTR SNW DPTH SPD SPD DIR MIN PSBL S-S WX SPD DR
================================================================================
1 68 54 61 -6 4 0 0.03 0.0 0 8.1 14 330 M M 10 1 20 330
2 76 58 67 0 0 2 0.00 0.0 0 3.7 9 110 M M 9 12 12 150
3 84 68 76 9 0 11 0.00 0.0 0 5.3 14 100 M M 8 12 18 80
4 82 67 75 9 0 10 0.00 0.0 0 5.1 15 150 M M 7 12 20 140
5 83 64 74 8 0 9 0.00 0.0 0 11.3 25 170 M M 5 1 32 160
6 83 70 77 11 0 12 0.00 0.0 0 14.1 26 160 M M 3 33 150
7 82 70 76 10 0 11 T 0.0 0 12.0 23 150 M M 6 30 160
8 83 70 77 11 0 12 0.00 0.0 0 11.1 22 170 M M 3 29 170
9 83 68 76 10 0 11 0.00 0.0 0 8.8 18 140 M M 4 12 24 150
10 84 67 76 11 0 11 0.00 0.0 0 10.6 23 150 M M 1 30 140
11 83 65 74 9 0 9 0.00 0.0 0 5.3 15 130 M M 6 12 19 130
12 82 68 75 10 0 10 0.00 0.0 0 12.1 21 150 M M 4 1 31 150
13 84 72 78 13 0 13 0.00 0.0 0 17.3 35 180 M M 5 46 200
14 76 51 64 -1 1 0 0.00 0.0 0 9.0 21 330 M M 6 1 31 360
15 77 48 63 -1 2 0 0.00 0.0 0 5.7 15 100 M M 0 20 80
16 76 56 66 2 0 1 0.00 0.0 0 7.2 16 130 M M 5 22 130
17 67 47 57 -7 8 0 0.03 0.0 0 12.4 20 330 M M 10 1 30 10
18 66 51 59 -5 6 0 0.14 0.0 0 7.4 14 320 M M 10 1 19 50
19 67 54 61 -3 4 0 0.05 0.0 0 8.9 14 290 M M 10 1 20 340
20 58 51 55 -9 10 0 0.00 0.0 0 9.2 16 320 M M 9 24 10
21 66 49 58 -6 7 0 0.00 0.0 0 8.1 15 40 M M 5 1 20 40
22 74 40 57 -6 8 0 T 0.0 0 7.8 28 360 M M 5 1 50 360
23 40 27 34 -29 31 0 0.00 0.0 0 17.4 28 330 M M 10 42 340
24 38 31 35 -28 30 0 0.00 0.0 0 12.9 21 340 M M 10 32 330
25 54 38 46 -17 19 0 0.00 0.0 0 9.0 18 350 M M 9 24 340
26 67 41 54 -9 11 0 0.00 0.0 0 5.4 14 30 M M 8 19 30
27 69 45 57 -6 8 0 0.00 0.0 0 5.8 15 30 M M 0 20 70
28 79 45 62 -1 3 0 0.00 0.0 0 14.0 30 160 M M 0 39 160
29 81 63 72 9 0 7 0.00 0.0 0 14.6 33 180 M M 2 1 45 180
30 81 61 71 8 0 6 0.00 0.0 0 5.2 12 10 M M 3 12 18 360
31 83 58 71 9 0 6 0.00 0.0 0 3.6 14 120 M M 6 12 17 120
================================================================================
SM 2276 1717 152 141 0.25 0.0 288.4 M 179
================================================================================
AV 73.4 55.4 9.3 FASTST M M 6 MAX(MPH)
MISC ----> 35 180 50 360
================================================================================
NOTES:
# LAST OF SEVERAL OCCURRENCES
COLUMN 17 PEAK WIND IN M.P.H.
PRELIMINARY LOCAL CLIMATOLOGICAL DATA (WS FORM: F-6) , PAGE 2
STATION: BROWNSVILLE
MONTH: DECEMBER
YEAR: 2022
LATITUDE: 25 53 N
LONGITUDE: 97 26 W
[TEMPERATURE DATA] [PRECIPITATION DATA] SYMBOLS USED IN COLUMN 16
AVERAGE MONTHLY: 64.4 TOTAL FOR MONTH: 0.25 1 = FOG OR MIST
DPTR FM NORMAL: 0.0 DPTR FM NORMAL: -0.96 2 = FOG REDUCING VISIBILITY
HIGHEST: 84 ON 13,10 GRTST 24HR 0.19 ON 18-19 TO 1/4 MILE OR LESS
LOWEST: 27 ON 23 3 = THUNDER
SNOW, ICE PELLETS, HAIL 4 = ICE PELLETS
TOTAL MONTH: 0.0 INCH 5 = HAIL
GRTST 24HR 0.0 6 = FREEZING RAIN OR DRIZZLE
GRTST DEPTH: 0 7 = DUSTSTORM OR SANDSTORM:
VSBY 1/2 MILE OR LESS
8 = SMOKE OR HAZE
[NO. OF DAYS WITH] [WEATHER - DAYS WITH] 9 = BLOWING SNOW
X = TORNADO
MAX 32 OR BELOW: 0 0.01 INCH OR MORE: 4
MAX 90 OR ABOVE: 0 0.10 INCH OR MORE: 1
MIN 32 OR BELOW: 2 0.50 INCH OR MORE: 0
MIN 0 OR BELOW: 0 1.00 INCH OR MORE: 0
[HDD (BASE 65) ]
TOTAL THIS MO. 152 CLEAR (SCALE 0-3) 7
DPTR FM NORMAL 29 PTCLDY (SCALE 4-7) 15
TOTAL FM JUL 1 264 CLOUDY (SCALE 8-10) 9
DPTR FM NORMAL 93
[CDD (BASE 65) ]
TOTAL THIS MO. 141
DPTR FM NORMAL 35 [PRESSURE DATA]
TOTAL FM JAN 1 4671 HIGHEST SLP 30.67 ON 23
DPTR FM NORMAL 127 LOWEST SLP 29.63 ON 14
[REMARKS]
#FINAL-12-22#