000
CXUS54 KLIX 010910
CF6BTR
PRELIMINARY LOCAL CLIMATOLOGICAL DATA (WS FORM: F-6)
STATION: BATON ROUGE
MONTH: NOVEMBER
YEAR: 2020
LATITUDE: 30 31 N
LONGITUDE: 91 9 W
TEMPERATURE IN F: :PCPN: SNOW: WIND :SUNSHINE: SKY :PK WND
================================================================================
1 2 3 4 5 6A 6B 7 8 9 10 11 12 13 14 15 16 17 18
12Z AVG MX 2MIN
DY MAX MIN AVG DEP HDD CDD WTR SNW DPTH SPD SPD DIR MIN PSBL S-S WX SPD DR
================================================================================
1 75 49 62 -3 3 0 0.00 0.0 M 6.7 20 350 M M 0 1 25 360
2 68 44 56 -8 9 0 0.00 0.0 M 6.1 18 50 M M 0 22 40
3 74 38 56 -8 9 0 0.00 0.0 M 2.8 9 80 M M 0 13 70
4 76 42 59 -5 6 0 0.00 0.0 M 4.0 12 100 M M 0 17 90
5 77 47 62 -2 3 0 0.00 0.0 M 4.0 10 70 M M 0 17 30
6 81 54 68 5 0 3 0.00 0.0 M 5.8 15 60 M M 2 21 70
7 79 63 71 8 0 6 T 0.0 M 6.8 14 60 M M 7 1 25 350
8 77 67 72 9 0 7 T 0.0 M 9.0 16 80 M M 8 20 80
9 82 65 74 12 0 9 0.00 0.0 M 6.3 15 80 M M 4 19 80
10 81 66 74 12 0 9 0.07 0.0 M 3.9 10 90 M M 9 12 12 80
11 83 66 75 13 0 10 0.06 0.0 M 4.3 12 350 M M 7 128 18 360
12 82 55 69 8 0 4 0.00 0.0 M 3.4 10 10 M M 0 18 13 10
13 83 51 67 6 0 2 0.00 0.0 M 3.5 10 90 M M 0 13 100
14 83 54 69 8 0 4 0.00 0.0 M 7.9 17 180 M M 0 24 160
15 76 49 63 3 2 0 T M M 6.8 23 20 M M 3 1 30 360
16 70 42 56 -4 9 0 0.00 0.0 M 5.9 17 60 M M 0 20 50
17 76 40 58 -2 7 0 0.00 0.0 M 6.0 15 20 M M 0 20 40
18 73 41 57 -3 8 0 0.00 0.0 M 6.1 14 80 M M 0 19 80
19 76 45 61 2 4 0 0.00 0.0 M 7.5 15 100 M M 2 19 130
20 79 54 67 8 0 2 0.00 0.0 M 7.0 15 120 M M 1 18 110
21 78 55 67 8 0 2 0.00 0.0 M 4.2 12 40 M M 2 12 14 40
22 79 52 66 8 0 1 0.00 0.0 M 4.1 14 20 M M 1 1 22 20
23 70 48 59 1 6 0 0.00 0.0 M 6.4 15 20 M M 4 20 20
24 79 45 62 4 3 0 T M M 8.4 16 140 M M 4 20 120
25 76 62 69 11 0 4 1.23 0.0 M 6.5 22 300 M M 9 123 27 300
26 69 57 63 6 2 0 0.43 0.0 M 5.3 12 50 M M 8 13 16 50
27 75 65 70 13 0 5 1.01 0.0 M 4.7 18 10 M M 9 123 27 10
28 67 60 64 7 1 0 0.17 0.0 M 5.8 12 60 M M 10 1 14 50
29 63 49 56 -1 9 0 1.02 M M 10.7 23 310 M M 10 1 32 310
30 53 34 44 -12 21 0 0.00 0.0 M 8.0 18 310 M M 3 27 300
================================================================================
SM 2260 1559 102 68 3.99 0.0 177.9 M 103
================================================================================
AV 75.3 52.0 5.9 FASTST M M 3 MAX(MPH)
MISC ----> # 23 20 32 310
================================================================================
NOTES:
# LAST OF SEVERAL OCCURRENCES
COLUMN 17 PEAK WIND IN M.P.H.
PRELIMINARY LOCAL CLIMATOLOGICAL DATA (WS FORM: F-6) , PAGE 2
STATION: BATON ROUGE
MONTH: NOVEMBER
YEAR: 2020
LATITUDE: 30 31 N
LONGITUDE: 91 9 W
[TEMPERATURE DATA] [PRECIPITATION DATA] SYMBOLS USED IN COLUMN 16
AVERAGE MONTHLY: 63.7 TOTAL FOR MONTH: 3.99 1 = FOG OR MIST
DPTR FM NORMAL: 3.3 DPTR FM NORMAL: -0.11 2 = FOG REDUCING VISIBILITY
HIGHEST: 83 ON 14,13 GRTST 24HR 1.23 ON 24-25 TO 1/4 MILE OR LESS
LOWEST: 34 ON 30 3 = THUNDER
SNOW, ICE PELLETS, HAIL 4 = ICE PELLETS
TOTAL MONTH: 0.0 INCH 5 = HAIL
GRTST 24HR 0.0 6 = FREEZING RAIN OR DRIZZLE
GRTST DEPTH: M ON M 7 = DUSTSTORM OR SANDSTORM:
VSBY 1/2 MILE OR LESS
8 = SMOKE OR HAZE
[NO. OF DAYS WITH] [WEATHER - DAYS WITH] 9 = BLOWING SNOW
X = TORNADO
MAX 32 OR BELOW: 0 0.01 INCH OR MORE: 7
MAX 90 OR ABOVE: 0 0.10 INCH OR MORE: 5
MIN 32 OR BELOW: 0 0.50 INCH OR MORE: 3
MIN 0 OR BELOW: 0 1.00 INCH OR MORE: 3
[HDD (BASE 65) ]
TOTAL THIS MO. 102 CLEAR (SCALE 0-3) 18
DPTR FM NORMAL -87 PTCLDY (SCALE 4-7) 5
TOTAL FM JUL 1 125 CLOUDY (SCALE 8-10) 7
DPTR FM NORMAL -111
[CDD (BASE 65) ]
TOTAL THIS MO. 68
DPTR FM NORMAL 17 [PRESSURE DATA]
TOTAL FM JAN 1 3083 HIGHEST SLP 30.48 ON 18
DPTR FM NORMAL 282 LOWEST SLP 29.81 ON 29
[REMARKS]
#FINAL-11-20#