000
CXAK56 PAFG 011006
CF6BTT
PRELIMINARY LOCAL CLIMATOLOGICAL DATA (WS FORM: F-6)
STATION: BETTLES AK
MONTH: MAY
YEAR: 2022
LATITUDE: 66 55 N
LONGITUDE: 151 31 W
TEMPERATURE IN F: :PCPN: SNOW: WIND :SUNSHINE: SKY :PK WND
================================================================================
1 2 3 4 5 6A 6B 7 8 9 10 11 12 13 14 15 16 17 18
12Z AVG MX 2MIN
DY MAX MIN AVG DEP HDD CDD WTR SNW DPTH SPD SPD DIR MIN PSBL S-S WX SPD DR
================================================================================
1 54 39 47 10 18 0 0.00 M 15 8.8 17 40 M M 5 25 40
2 52 37 45 8 20 0 0.01 0.0 14 5.6 12 30 M M 7 18 30
3 52 33 43 5 22 0 T 0.0 12 6.8 13 30 M M 6 16 30
4 52 34 43 4 22 0 T 0.0 10 5.7 9 310 M M 6 M M
5 51 34 43 4 22 0 0.02 M 9 4.2 9 230 M M 8 M M
6 50 34 42 2 23 0 0.06 M 7 2.3 7 270 M M 8 M M
7 50 35 43 3 22 0 T M 7 8.3 14 220 M M 5 24 220
8 38 31 35 -6 30 0 0.21 M 5 7.1 10 160 M M 9 1 21 150
9 42 33 38 -4 27 0 0.17 M 6 5.1 9 250 M M 9 1 M M
10 43 28 36 -6 29 0 0.00 M 5 6.0 15 220 M M 3 21 220
11 43 26 35 -7 30 0 0.03 M 3 3.7 6 220 M M 8 1 M M
12 40 33 37 -6 28 0 0.20 M 2 4.6 9 200 M M 10 1 M M
13 45 29 37 -7 28 0 T M 1 7.4 14 320 M M 5 22 10
14 46 25 36 -8 29 0 0.00 M M 4.3 9 40 M M 7 M M
15 55 34 45 0 20 0 0.00 M M 4.5 10 330 M M 3 17 360
16 54 30 42 -3 23 0 0.00 M M 6.3 9 350 M M 5 M M
17 54 33 44 -2 21 0 T 0.0 0 6.1 8 270 M M 8 M M
18 57 37 47 1 18 0 0.00 0.0 0 3.8 10 260 M M 6 M M
19 62 29 46 -1 19 0 0.00 0.0 0 3.5 10 230 M M 3 M M
20 70 30 50 3 15 0 0.00 M M 3.3 9 10 M M 2 M M
21 68 42 55 7 10 0 0.00 M M 5.7 10 330 M M 2 M M
22 64 35 50 2 15 0 0.00 M M 6.3 13 300 M M 2 22 300
23 60 39 50 1 15 0 0.00 M M 5.3 9 170 M M 4 22 120
24 65 30 48 -1 17 0 0.00 M M 4.9 12 270 M M 5 17 250
25 70 36 53 3 12 0 0.00 M M 4.8 13 250 M M 6 22 250
26 68 39 54 4 11 0 0.00 M M 7.4 15 300 M M 6 23 300
27 69 36 53 2 12 0 0.00 M M 3.2 9 320 M M 4 M M
28 68 37 53 2 12 0 0.00 M M 7.8 16 220 M M 4 23 250
29 66 39 53 1 12 0 0.00 M M 7.8 17 240 M M 2 22 240
30 70 40 55 3 10 0 0.00 M M 7.4 15 230 M M 2 23 240
31 74 36 55 2 10 0 0.00 M M 2.9 7 240 M M 6 M M
================================================================================
SM 1752 1053 602 0 0.70 0.0 170.9 M 166
================================================================================
AV 56.5 34.0 5.5 FASTST M M 5 MAX(MPH)
MISC ----> # 17 40 25 40
================================================================================
NOTES:
# LAST OF SEVERAL OCCURRENCES
COLUMN 17 PEAK WIND IN M.P.H.
PRELIMINARY LOCAL CLIMATOLOGICAL DATA (WS FORM: F-6) , PAGE 2
STATION: BETTLES AK
MONTH: MAY
YEAR: 2022
LATITUDE: 66 55 N
LONGITUDE: 151 31 W
[TEMPERATURE DATA] [PRECIPITATION DATA] SYMBOLS USED IN COLUMN 16
AVERAGE MONTHLY: 45.2 TOTAL FOR MONTH: 0.70 1 = FOG OR MIST
DPTR FM NORMAL: 0.2 DPTR FM NORMAL: -0.19 2 = FOG REDUCING VISIBILITY
HIGHEST: 74 ON 31 GRTST 24HR 0.21 ON 8- 8 TO 1/4 MILE OR LESS
LOWEST: 25 ON 14 3 = THUNDER
SNOW, ICE PELLETS, HAIL 4 = ICE PELLETS
TOTAL MONTH: 0.0 INCH 5 = HAIL
GRTST 24HR 0.0 6 = FREEZING RAIN OR DRIZZLE
GRTST DEPTH: 15 ON 1 7 = DUSTSTORM OR SANDSTORM:
VSBY 1/2 MILE OR LESS
8 = SMOKE OR HAZE
[NO. OF DAYS WITH] [WEATHER - DAYS WITH] 9 = BLOWING SNOW
X = TORNADO
MAX 32 OR BELOW: 0 0.01 INCH OR MORE: 7
MAX 90 OR ABOVE: 0 0.10 INCH OR MORE: 3
MIN 32 OR BELOW: 9 0.50 INCH OR MORE: 0
MIN 0 OR BELOW: 0 1.00 INCH OR MORE: 0
[HDD (BASE 65) ]
TOTAL THIS MO. 602 CLEAR (SCALE 0-3) 6
DPTR FM NORMAL -20 PTCLDY (SCALE 4-7) 21
TOTAL FM JUL 1 14770 CLOUDY (SCALE 8-10) 4
DPTR FM NORMAL 4
[CDD (BASE 65) ]
TOTAL THIS MO. 0
DPTR FM NORMAL 0 [PRESSURE DATA]
TOTAL FM JAN 1 0 HIGHEST SLP M ON M
DPTR FM NORMAL 0 LOWEST SLP M ON M
[REMARKS]
#FINAL-05-22#