000
CXAK56 PAFG 011721
CF6BTT
PRELIMINARY LOCAL CLIMATOLOGICAL DATA (WS FORM: F-6)
STATION: BETTLES AK
MONTH: NOVEMBER
YEAR: 2023
LATITUDE: 66 55 N
LONGITUDE: 151 31 W
TEMPERATURE IN F: :PCPN: SNOW: WIND :SUNSHINE: SKY :PK WND
================================================================================
1 2 3 4 5 6A 6B 7 8 9 10 11 12 13 14 15 16 17 18
12Z AVG MX 2MIN
DY MAX MIN AVG DEP HDD CDD WTR SNW DPTH SPD SPD DIR MIN PSBL S-S WX SPD DR
================================================================================
1 31 7 19 11 46 0 T M 6 0.3 4 330 M M 7 12 M M
2 20 6 13 6 52 0 0.00 M 6 4.8 8 10 M M 4 M M
3 19 6 13 7 52 0 0.00 M 6 10.1 15 50 M M 4 30 60
4 18 5 12 6 53 0 0.00 M 6 7.4 14 50 M M 4 24 40
5 23 8 16 11 49 0 0.01 M 6 4.7 14 50 M M 9 20 50
6 19 14 17 13 48 0 T M 6 0.3 4 190 M M 10 1 M M
7 24 3 14 10 51 0 T M 6 2.5 7 350 M M 6 1 M M
8 31 10 21 18 44 0 0.02 M 6 6.8 15 30 M M 5 1 25 50
9 33 27 30 28 35 0 0.01 M 7 7.7 14 70 M M 9 1 32 50
10 27 7 17 15 48 0 T M 7 0.5 5 350 M M 8 1 M M
11 17 13 15 14 50 0 0.02 M 7 0.1 4 320 M M 10 1 M M
12 17 4 11 10 54 0 0.05 M 7 0.1 4 320 M M 9 1 M M
13 20 15 18 18 47 0 0.19 M 9 1.4 6 20 M M 10 1 M M
14 25 19 22 22 43 0 0.01 M 12 3.2 6 130 M M 10 1 M M
15 23 19 21 21 44 0 0.41 M 12 3.1 7 30 M M 10 12 M M
16 23 19 21 22 44 0 0.37 5.3 17 7.4 9 30 M M 10 1 M M
17 19 -1 9 10 56 0 0.04 1.7 20 5.8 8 300 M M 9 1 M M
18 -1 -26 -13 -11 78 0 T M 21 3.5 8 140 M M 5 1 M M
19 1 -10 -4 -2 69 0 T M 19 6.0 8 350 M M 10 1 M M
20 -2 -11 -6 -4 71 0 T M 18 5.7 8 340 M M 3 1 M M
21 12 -12 0 2 65 0 0.00 M 17 3.9 9 260 M M 1 M M
22 15 -12 2 5 63 0 0.00 M 17 4.7 9 320 M M 5 M M
23 20 13 17 20 48 0 0.02 M 17 3.8 8 320 M M 10 1 M M
24 26 6 16 19 49 0 0.00 M 17 5.0 10 360 M M 6 M M
25 19 -2 9 12 56 0 T M 16 4.2 8 360 M M 6 M M
26 23 11 17 20 48 0 0.02 M 16 4.9 10 360 M M 7 1 M M
27 24 19 22 25 43 0 0.02 M 17 1.2 7 160 M M 10 1 M M
28 25 20 23 27 42 0 0.01 M 16 4.2 12 30 M M 9 1 16 20
29 28 17 23 27 42 0 T T 16 4.0 9 40 M M 10 1 M M
30 25 15 20 24 45 0 0.01 0.2 15 4.1 8 350 M M 9 1 M M
================================================================================
SM 604 209 1535 0 1.21 7.2 121.4 M 225
================================================================================
AV 20.1 7.0 4.0 FASTST M M 8 MAX(MPH)
MISC ----> # 15 50 32 50
================================================================================
NOTES:
# LAST OF SEVERAL OCCURRENCES
COLUMN 17 PEAK WIND IN M.P.H.
PRELIMINARY LOCAL CLIMATOLOGICAL DATA (WS FORM: F-6) , PAGE 2
STATION: BETTLES AK
MONTH: NOVEMBER
YEAR: 2023
LATITUDE: 66 55 N
LONGITUDE: 151 31 W
[TEMPERATURE DATA] [PRECIPITATION DATA] SYMBOLS USED IN COLUMN 16
AVERAGE MONTHLY: 13.6 TOTAL FOR MONTH: 1.21 1 = FOG OR MIST
DPTR FM NORMAL: 13.3 DPTR FM NORMAL: 0.06 2 = FOG REDUCING VISIBILITY
HIGHEST: 33 ON 9 GRTST 24HR 0.41 ON 15-15 TO 1/4 MILE OR LESS
LOWEST: -26 ON 18 3 = THUNDER
SNOW, ICE PELLETS, HAIL 4 = ICE PELLETS
TOTAL MONTH: 7.2 INCHES 5 = HAIL
GRTST 24HR 5.3 ON 16-16 6 = FREEZING RAIN OR DRIZZLE
GRTST DEPTH: 21 ON 18 7 = DUSTSTORM OR SANDSTORM:
VSBY 1/2 MILE OR LESS
8 = SMOKE OR HAZE
[NO. OF DAYS WITH] [WEATHER - DAYS WITH] 9 = BLOWING SNOW
X = TORNADO
MAX 32 OR BELOW: 29 0.01 INCH OR MORE: 15
MAX 90 OR ABOVE: 0 0.10 INCH OR MORE: 3
MIN 32 OR BELOW: 30 0.50 INCH OR MORE: 0
MIN 0 OR BELOW: 7 1.00 INCH OR MORE: 0
[HDD (BASE 65) ]
TOTAL THIS MO. 1535 CLEAR (SCALE 0-3) 1
DPTR FM NORMAL -406 PTCLDY (SCALE 4-7) 12
TOTAL FM JUL 1 3882 CLOUDY (SCALE 8-10) 17
DPTR FM NORMAL -692
[CDD (BASE 65) ]
TOTAL THIS MO. 0
DPTR FM NORMAL 0 [PRESSURE DATA]
TOTAL FM JAN 1 62 HIGHEST SLP M ON M
DPTR FM NORMAL 27 LOWEST SLP M ON M
[REMARKS]
#FINAL-11-23#