000
CXUS51 KBTV 011247
CLMBTV
CLIMATE REPORT
NATIONAL WEATHER SERVICE BURLINGTON VT
847 AM EDT SAT JUL 01 2023
...................................
...THE BURLINGTON VT CLIMATE SUMMARY FOR THE MONTH OF JUNE 2023...
CLIMATE NORMAL PERIOD: 1991 TO 2020
CLIMATE RECORD PERIOD: 1884 TO 2023
WEATHER OBSERVED NORMAL DEPART LAST YEAR`S
VALUE DATE(S) VALUE FROM VALUE DATE(S)
NORMAL
................................................................
TEMPERATURE (F)
RECORD
HIGH 100 06/19/1995
LOW 33 06/03/1986
06/01/1924
HIGHEST 96 06/01 76 20 92 06/26
LOWEST 47 06/04 55 -8 47 06/20
AVG. MAXIMUM 76.7 77.6 -0.9 76.6
AVG. MINIMUM 57.7 57.3 0.4 56.7
MEAN 67.2 67.5 -0.3 66.6
DAYS MAX >= 90 2 1.8 0.2 2
DAYS MAX <= 32 0 0.0 0.0 0
DAYS MIN <= 32 0 0.0 0.0 0
DAYS MIN <= 0 0 0.0 0.0 0
PRECIPITATION (INCHES)
RECORD
MAXIMUM 9.92 1922
MINIMUM 0.82 1995
TOTALS 3.93 4.26 -0.33 4.15
DAILY AVG. 0.13 0.14 -0.01 0.14
DAYS >= .01 12 13.6 -1.6 13
DAYS >= .10 9 8.0 1.0 8
DAYS >= .50 3 3.0 0.0 3
DAYS >= 1.00 0 0.9 -0.9 1
GREATEST
24 HR. TOTAL 0.85 06/13 TO 06/13 1.20 06/27 TO 06/27
STORM TOTAL 0.85 1.20
(MM/DD(HH)) MM
SNOWFALL (INCHES)
RECORDS
TOTAL 0.0 MM
TOTALS 0.0 0.0 0.0 0.0
SINCE 7/1 72.8 87.5 -14.7 MM
SNOWDEPTH AVG. 0 0
DAYS >= 1.0 0 0.0 0.0 0
GREATEST
SNOW DEPTH 0 0 MM
24 HR TOTAL MM MM
DEGREE DAYS
HEATING TOTAL 57 50 7 35
SINCE 7/1 6104 6963 -859 MM
COOLING TOTAL 131 123 8 94
SINCE 1/1 170 159 11 MM
................................................................
WIND (MPH)
AVERAGE WIND SPEED 6.0
HIGHEST WIND SPEED/DIRECTION 25/330 DATE 06/05
25/330 06/15
HIGHEST GUST SPEED/DIRECTION 31/040 DATE 06/06
31/190 06/26
SKY COVER
POSSIBLE SUNSHINE (PERCENT) MM
AVERAGE SKY COVER 0.67
NUMBER OF DAYS FAIR 4
NUMBER OF DAYS PC 16
NUMBER OF DAYS CLOUDY 10
AVERAGE RH (PERCENT) 69
WEATHER CONDITIONS. NUMBER OF DAYS WITH
THUNDERSTORM 9 MIXED PRECIP 0
HEAVY RAIN 6 RAIN 11
LIGHT RAIN 17 FREEZING RAIN 0
LT FREEZING RAIN 0 HAIL 0
HEAVY SNOW 0 SNOW 0
LIGHT SNOW 0 SLEET 0
FOG 17 FOG W/VIS <= 1/4 MILE 4
HAZE 6
- INDICATES NEGATIVE NUMBERS.
R INDICATES RECORD WAS SET OR TIED.
MM INDICATES DATA IS MISSING.
T INDICATES TRACE AMOUNT.
$$