000
CDUS41 KBUF 010705
CLIBUF


CLIMATE REPORT
NATIONAL WEATHER SERVICE BUFFALO NY
305 AM EDT SAT OCT 1 2016


...................................

...THE BUFFALO NY CLIMATE SUMMARY FOR SEPTEMBER 30 2016...

CLIMATE NORMAL PERIOD 1981 TO 2010
CLIMATE RECORD PERIOD 1871 TO 2016


WEATHER ITEM   OBSERVED TIME   RECORD YEAR NORMAL DEPARTURE LAST
                VALUE   (LST)  VALUE       VALUE  FROM      YEAR
                                                  NORMAL
..................................................................
TEMPERATURE (F)
 YESTERDAY
  MAXIMUM         67    203 PM  85    1905  65      2       57
  MINIMUM         55   1159 PM  32    1991  48      7       47
  AVERAGE         61                        57      4       52

PRECIPITATION (IN)
  YESTERDAY        T             2.25 1959   0.14  -0.14     0.36
  MONTH TO DATE    3.53                      3.90  -0.37     4.29
  SINCE SEP 1      3.53                      3.90  -0.37     4.29
  SINCE JAN 1     22.05                     29.06  -7.01    28.76

SNOWFALL (IN)
  YESTERDAY        0.0           0.0    MM   0.1   -0.1     MM
  MONTH TO DATE    0.0                       0.0    0.0      0.0
  SINCE SEP 1      0.0                       0.0    0.0      0.0
  SINCE JUL 1      0.0                       0.0    0.0      0.0
  SNOW DEPTH       0

DEGREE DAYS
 HEATING
  YESTERDAY        4                         9     -5       13
  MONTH TO DATE   44                       136    -92       55
  SINCE SEP 1     44                       135    -91       55
  SINCE JUL 1     44                       162   -118       70

 COOLING
  YESTERDAY        0                         1     -1        0
  MONTH TO DATE  109                        53     56      131
  SINCE SEP 1    109                        53     56      131
  SINCE JAN 1    927                       540    387      656
..................................................................


WIND (MPH)
  HIGHEST WIND SPEED    22   HIGHEST WIND DIRECTION     E (80)
  HIGHEST GUST SPEED    28   HIGHEST GUST DIRECTION     E (70)
  AVERAGE WIND SPEED    13.1


SKY COVER
  AVERAGE SKY COVER 0.9


WEATHER CONDITIONS
 THE FOLLOWING WEATHER WAS RECORDED YESTERDAY.
  NO SIGNIFICANT WEATHER WAS OBSERVED.


RELATIVE HUMIDITY (PERCENT)
 HIGHEST    83           800 PM
 LOWEST     56           200 PM
 AVERAGE    70

..........................................................


THE BUFFALO NY CLIMATE NORMALS FOR TODAY
                         NORMAL    RECORD    YEAR
 MAXIMUM TEMPERATURE (F)   65        83      1898
 MINIMUM TEMPERATURE (F)   48        34      1993
                                             1947


SUNRISE AND SUNSET
OCTOBER  1 2016.......SUNRISE   713 AM EDT   SUNSET   655 PM EDT
OCTOBER  2 2016.......SUNRISE   714 AM EDT   SUNSET   654 PM EDT


-  INDICATES NEGATIVE NUMBERS.
R  INDICATES RECORD WAS SET OR TIED.
MM INDICATES DATA IS MISSING.
T  INDICATES TRACE AMOUNT.




$$
