000
CDUS41 KBUF 260706
CLIBUF


CLIMATE REPORT
NATIONAL WEATHER SERVICE BUFFALO NY
305 AM EDT THU MAR 26 2015


...................................

...THE BUFFALO NY CLIMATE SUMMARY FOR MARCH 25 2015...

CLIMATE NORMAL PERIOD 1981 TO 2010
CLIMATE RECORD PERIOD 1871 TO 2015


WEATHER ITEM   OBSERVED TIME   RECORD YEAR NORMAL DEPARTURE LAST
                VALUE   (LST)  VALUE       VALUE  FROM      YEAR
                                                  NORMAL
..................................................................
TEMPERATURE (F)
 YESTERDAY
  MAXIMUM         46    504 PM  76    1945  45      1       37
                                      1920
  MINIMUM         26   1259 AM   5    1983  29     -3       18
                                      1974
  AVERAGE         36                        37     -1       28

PRECIPITATION (IN)
  YESTERDAY        0.15          1.07 1913   0.09   0.06      T
  MONTH TO DATE    0.82                      2.29  -1.47     1.53
  SINCE MAR 1      0.82                      2.29  -1.47     1.53
  SINCE JAN 1      5.81                      7.96  -2.15     8.31

SNOWFALL (IN)
  YESTERDAY       MM             3.8  1933   0.3   MM        0.1
  MONTH TO DATE    6.6                      11.3   -4.7     17.6
  SINCE MAR 1      6.6                      11.3   -4.7     17.6
  SINCE JUL 1    109.6                      90.1   19.5    121.8
  SNOW DEPTH       0

DEGREE DAYS
 HEATING
  YESTERDAY       29                        28      1       37
  MONTH TO DATE  898                       803     95      991
  SINCE MAR 1    898                       803     95      991
  SINCE JUL 1   6046                      5547    499     6097

 COOLING
  YESTERDAY        0                         0      0        0
  MONTH TO DATE    0                         0      0        0
  SINCE MAR 1      0                         0      0        0
  SINCE JAN 1      0                         0      0        0
..................................................................


WIND (MPH)
  HIGHEST WIND SPEED    26   HIGHEST WIND DIRECTION    SW (230)
  HIGHEST GUST SPEED    36   HIGHEST GUST DIRECTION     W (250)
  AVERAGE WIND SPEED    13.5


SKY COVER
  AVERAGE SKY COVER 0.8


WEATHER CONDITIONS
 THE FOLLOWING WEATHER WAS RECORDED YESTERDAY.
  LIGHT RAIN
  FOG


RELATIVE HUMIDITY (PERCENT)
 HIGHEST    92           700 PM
 LOWEST     45          1000 AM
 AVERAGE    69

..........................................................


THE BUFFALO NY CLIMATE NORMALS FOR TODAY
                         NORMAL    RECORD    YEAR
 MAXIMUM TEMPERATURE (F)   46        81      1945
 MINIMUM TEMPERATURE (F)   29         7      1960


SUNRISE AND SUNSET
MARCH 26 2015.........SUNRISE   708 AM EDT   SUNSET   734 PM EDT
MARCH 27 2015.........SUNRISE   706 AM EDT   SUNSET   735 PM EDT


-  INDICATES NEGATIVE NUMBERS.
R  INDICATES RECORD WAS SET OR TIED.
MM INDICATES DATA IS MISSING.
T  INDICATES TRACE AMOUNT.




$$
