918
CDUS41 KBUF 300706
CLIBUF


CLIMATE REPORT
NATIONAL WEATHER SERVICE BUFFALO NY
305 AM EDT FRI SEP 30 2016


...................................

...THE BUFFALO NY CLIMATE SUMMARY FOR SEPTEMBER 29 2016...

CLIMATE NORMAL PERIOD 1981 TO 2010
CLIMATE RECORD PERIOD 1871 TO 2016


WEATHER ITEM   OBSERVED TIME   RECORD YEAR NORMAL DEPARTURE LAST
                VALUE   (LST)  VALUE       VALUE  FROM      YEAR
                                                  NORMAL
..................................................................
TEMPERATURE (F)
 YESTERDAY
  MAXIMUM         62   1205 AM  88    1954  66     -4       71
  MINIMUM         57   1159 PM  33    2000  48      9       55
  AVERAGE         60                        57      3       63

PRECIPITATION (IN)
  YESTERDAY        0.04          1.37 1997   0.14  -0.10     1.00
  MONTH TO DATE    3.53                      3.76  -0.23     3.93
  SINCE SEP 1      3.53                      3.76  -0.23     3.93
  SINCE JAN 1     22.05                     28.92  -6.87    28.40

SNOWFALL (IN)
  YESTERDAY        0.0           0.0    MM   0.0    0.0      0.0
  MONTH TO DATE    0.0                       0.0    0.0      0.0
  SINCE SEP 1      0.0                       0.0    0.0      0.0
  SINCE JUL 1      0.0                       0.0    0.0      0.0
  SNOW DEPTH       0

DEGREE DAYS
 HEATING
  YESTERDAY        5                         9     -4        2
  MONTH TO DATE   40                       127    -87       42
  SINCE SEP 1     40                       127    -87       42
  SINCE JUL 1     40                       154   -114       57

 COOLING
  YESTERDAY        0                         1     -1        0
  MONTH TO DATE  109                        54     55      131
  SINCE SEP 1    109                        54     55      131
  SINCE JAN 1    927                       541    386      656
..................................................................


WIND (MPH)
  HIGHEST WIND SPEED    22   HIGHEST WIND DIRECTION    NE (60)
  HIGHEST GUST SPEED    26   HIGHEST GUST DIRECTION    NE (60)
  AVERAGE WIND SPEED    13.4


SKY COVER
  AVERAGE SKY COVER 1.0


WEATHER CONDITIONS
 THE FOLLOWING WEATHER WAS RECORDED YESTERDAY.
  LIGHT RAIN
  FOG


RELATIVE HUMIDITY (PERCENT)
 HIGHEST    87           600 PM
 LOWEST     72          1200 AM
 AVERAGE    80

..........................................................


THE BUFFALO NY CLIMATE NORMALS FOR TODAY
                         NORMAL    RECORD    YEAR
 MAXIMUM TEMPERATURE (F)   65        85      1905
 MINIMUM TEMPERATURE (F)   48        32      1991


SUNRISE AND SUNSET
SEPTEMBER 30 2016.....SUNRISE   712 AM EDT   SUNSET   657 PM EDT
OCTOBER  1 2016.......SUNRISE   713 AM EDT   SUNSET   655 PM EDT


-  INDICATES NEGATIVE NUMBERS.
R  INDICATES RECORD WAS SET OR TIED.
MM INDICATES DATA IS MISSING.
T  INDICATES TRACE AMOUNT.




$$
