000
CDUS41 KBUF 271005
CLIBUF


CLIMATE REPORT
NATIONAL WEATHER SERVICE BUFFALO NY
605 AM EDT WED APR 27 2016


...................................

...THE BUFFALO NY CLIMATE SUMMARY FOR APRIL 26 2016...

CLIMATE NORMAL PERIOD 1981 TO 2010
CLIMATE RECORD PERIOD 1871 TO 2016


WEATHER ITEM   OBSERVED TIME   RECORD YEAR NORMAL DEPARTURE LAST
                VALUE   (LST)  VALUE       VALUE  FROM      YEAR
                                                  NORMAL
..................................................................
TEMPERATURE (F)
 YESTERDAY
  MAXIMUM         42    302 AM  84    1921  60    -18       52
  MINIMUM         33   1149 PM  23    1919  41     -8       33
  AVERAGE         38                        50    -12       43

PRECIPITATION (IN)
  YESTERDAY        0.39          1.71 1885   0.10   0.29     0.00
  MONTH TO DATE    1.90                      2.62  -0.72     2.67
  SINCE MAR 1      4.75                      5.49  -0.74     4.11
  SINCE JAN 1     10.03                     11.16  -1.13     9.10

SNOWFALL (IN)
  YESTERDAY        0.0           2.4  1919   0.0    0.0      0.0
  MONTH TO DATE    7.1                       2.6    4.5      0.3
  SINCE MAR 1      8.0                      15.5   -7.5      9.9
  SINCE JUL 1     55.1                      94.3  -39.2    112.9
  SNOW DEPTH       0

DEGREE DAYS
 HEATING
  YESTERDAY       27                        15     12       22
  MONTH TO DATE  571                       518     53      503
  SINCE MAR 1   1343                      1479   -136     1605
  SINCE JUL 1   5281                      6223   -942     6753

 COOLING
  YESTERDAY        0                         0      0        0
  MONTH TO DATE    0                         0      0        0
  SINCE MAR 1      0                         0      0        0
  SINCE JAN 1      0                         0      0        0
..................................................................


WIND (MPH)
  HIGHEST WIND SPEED    21   HIGHEST WIND DIRECTION    NE (60)
  HIGHEST GUST SPEED    26   HIGHEST GUST DIRECTION    NE (40)
  AVERAGE WIND SPEED     9.2


SKY COVER
  AVERAGE SKY COVER 0.9


WEATHER CONDITIONS
 THE FOLLOWING WEATHER WAS RECORDED YESTERDAY.
  RAIN
  LIGHT RAIN
  FOG


RELATIVE HUMIDITY (PERCENT)
 HIGHEST    92           400 AM
 LOWEST     76           500 PM
 AVERAGE    84

..........................................................


THE BUFFALO NY CLIMATE NORMALS FOR TODAY
                         NORMAL    RECORD    YEAR
 MAXIMUM TEMPERATURE (F)   60        84      1984
 MINIMUM TEMPERATURE (F)   41        25      1993


SUNRISE AND SUNSET
APRIL 27 2016.........SUNRISE   614 AM EDT   SUNSET   812 PM EDT
APRIL 28 2016.........SUNRISE   612 AM EDT   SUNSET   813 PM EDT


-  INDICATES NEGATIVE NUMBERS.
R  INDICATES RECORD WAS SET OR TIED.
MM INDICATES DATA IS MISSING.
T  INDICATES TRACE AMOUNT.




$$
