836
CDUS41 KBUF 190706
CLIBUF


CLIMATE REPORT
NATIONAL WEATHER SERVICE BUFFALO NY
305 AM EDT TUE MAY 19 2015


...................................

...THE BUFFALO NY CLIMATE SUMMARY FOR MAY 18 2015...

CLIMATE NORMAL PERIOD 1981 TO 2010
CLIMATE RECORD PERIOD 1871 TO 2015


WEATHER ITEM   OBSERVED TIME   RECORD YEAR NORMAL DEPARTURE LAST
                VALUE   (LST)  VALUE       VALUE  FROM      YEAR
                                                  NORMAL
..................................................................
TEMPERATURE (F)
 YESTERDAY
  MAXIMUM         78    322 PM  89    1889  67     11       59
  MINIMUM         65    717 PM  33    1981  48     17       42
  AVERAGE         72                        58     14       51

PRECIPITATION (IN)
  YESTERDAY        0.03          1.14 2011   0.12  -0.09     0.01
  MONTH TO DATE    0.71                      1.90  -1.19     2.70
  SINCE MAR 1      4.85                      7.78  -2.93    10.33
  SINCE JAN 1      9.84                     13.45  -3.61    17.11

SNOWFALL (IN)
  YESTERDAY        0.0           T    1950   0.0    0.0      0.0
  MONTH TO DATE    0.0                       0.3   -0.3      0.0
  SINCE MAR 1      9.9                      15.9   -6.0     25.7
  SINCE JUL 1    112.9                      94.7   18.2    129.9
  SNOW DEPTH       0

DEGREE DAYS
 HEATING
  YESTERDAY        0                         8     -8       14
  MONTH TO DATE   75                       190   -115      177
  SINCE MAR 1   1747                      1727     20     1926
  SINCE JUL 1   6895                      6471    424     7032

 COOLING
  YESTERDAY        7                         1      6        0
  MONTH TO DATE   54                         6     48       21
  SINCE MAR 1     54                         9     45       21
  SINCE JAN 1     54                         9     45       21
..................................................................


WIND (MPH)
  HIGHEST WIND SPEED    21   HIGHEST WIND DIRECTION    SW (230)
  HIGHEST GUST SPEED    28   HIGHEST GUST DIRECTION     W (250)
  AVERAGE WIND SPEED    10.2


SKY COVER
  AVERAGE SKY COVER 0.7


WEATHER CONDITIONS
 THE FOLLOWING WEATHER WAS RECORDED YESTERDAY.
  LIGHT RAIN
  FOG


RELATIVE HUMIDITY (PERCENT)
 HIGHEST    87           200 AM
 LOWEST     64           300 PM
 AVERAGE    76

..........................................................


THE BUFFALO NY CLIMATE NORMALS FOR TODAY
                         NORMAL    RECORD    YEAR
 MAXIMUM TEMPERATURE (F)   68        86      1962
 MINIMUM TEMPERATURE (F)   48        34      2002


SUNRISE AND SUNSET
MAY 19 2015...........SUNRISE   548 AM EDT   SUNSET   835 PM EDT
MAY 20 2015...........SUNRISE   547 AM EDT   SUNSET   836 PM EDT


-  INDICATES NEGATIVE NUMBERS.
R  INDICATES RECORD WAS SET OR TIED.
MM INDICATES DATA IS MISSING.
T  INDICATES TRACE AMOUNT.




$$
