000
CDUS41 KBUF 252030
CLIBUF


CLIMATE REPORT
NATIONAL WEATHER SERVICE BUFFALO NY
430 PM EDT SUN JUN 25 2017


...................................

...THE BUFFALO NY CLIMATE SUMMARY FOR JUNE 25 2017...
VALID TODAY AS OF 0400 PM LOCAL TIME.

CLIMATE NORMAL PERIOD 1981 TO 2010
CLIMATE RECORD PERIOD 1871 TO 2017


WEATHER ITEM   OBSERVED TIME   RECORD YEAR NORMAL DEPARTURE LAST
                VALUE   (LST)  VALUE       VALUE  FROM      YEAR
                                                  NORMAL
..................................................................
TEMPERATURE (F)
 TODAY
  MAXIMUM         73    207 PM  96    1988  78     -5       88
  MINIMUM         59    319 AM  43    1979  60     -1       58
  AVERAGE         66                        69     -3       73

PRECIPITATION (IN)
  TODAY            T             1.82 1968   0.12  -0.12     0.00
  MONTH TO DATE    1.46                      3.12  -1.66     1.03
  SINCE JUN 1      1.46                      3.12  -1.66     1.03
  SINCE JAN 1     23.73                     18.13   5.60    12.27

SNOWFALL (IN)
  TODAY            0.0           0.0    MM   0.0    0.0      0.0
  MONTH TO DATE    0.0                       0.0    0.0      0.0
  SINCE JUN 1      0.0                       0.0    0.0      0.0
  SINCE JUL 1     76.1                      94.7  -18.6     55.1
  SNOW DEPTH       0

DEGREE DAYS
 HEATING
  TODAY            0                         1     -1        0
  MONTH TO DATE   41                        60    -19       42
  SINCE JUN 1     41                        60    -19       42
  SINCE JUL 1   5635                      6613   -978     5637

 COOLING
  TODAY            1                         5     -4        8
  MONTH TO DATE  110                        77     33       93
  SINCE JUN 1    110                        77     33       93
  SINCE JAN 1    137                       103     34      152
..................................................................


WIND (MPH)
  HIGHEST WIND SPEED    31   HIGHEST WIND DIRECTION     W (250)
  HIGHEST GUST SPEED    41   HIGHEST GUST DIRECTION     W (260)
  AVERAGE WIND SPEED    14.0


SKY COVER
  AVERAGE SKY COVER 0.3


WEATHER CONDITIONS
 THE FOLLOWING WEATHER WAS RECORDED TODAY.
  NO SIGNIFICANT WEATHER WAS OBSERVED.


RELATIVE HUMIDITY (PERCENT)
 HIGHEST    84           200 AM
 LOWEST     35           300 PM
 AVERAGE    60

..........................................................


THE BUFFALO NY CLIMATE NORMALS FOR TOMORROW
                         NORMAL    RECORD    YEAR
 MAXIMUM TEMPERATURE (F)   78        93      2005
 MINIMUM TEMPERATURE (F)   60        45      1979


SUNRISE AND SUNSET
JUNE 25 2017..........SUNRISE   537 AM EDT   SUNSET   858 PM EDT
JUNE 26 2017..........SUNRISE   538 AM EDT   SUNSET   858 PM EDT


-  INDICATES NEGATIVE NUMBERS.
R  INDICATES RECORD WAS SET OR TIED.
MM INDICATES DATA IS MISSING.
T  INDICATES TRACE AMOUNT.

$$
