000
CDUS41 KBUF 231023
CLIBUF


CLIMATE REPORT
NATIONAL WEATHER SERVICE BUFFALO NY
620 AM EDT SAT MAY 23 2015


...................................

...THE BUFFALO NY CLIMATE SUMMARY FOR MAY 22 2015...

CLIMATE NORMAL PERIOD 1981 TO 2010
CLIMATE RECORD PERIOD 1871 TO 2015


WEATHER ITEM   OBSERVED TIME   RECORD YEAR NORMAL DEPARTURE LAST
                VALUE   (LST)  VALUE       VALUE  FROM      YEAR
                                                  NORMAL
..................................................................
TEMPERATURE (F)
 YESTERDAY
  MAXIMUM         60    425 PM  94    1911  68     -8       67
  MINIMUM         40   1159 PM  36    2002  49     -9       51
                                      1990
                                      1963
  AVERAGE         50                        59     -9       59

PRECIPITATION (IN)
  YESTERDAY        0.00          1.76 1982   0.12  -0.12     0.02
  MONTH TO DATE    0.71                      2.37  -1.66     2.90
  SINCE MAR 1      4.85                      8.25  -3.40    10.53
  SINCE JAN 1      9.84                     13.92  -4.08    17.31

SNOWFALL (IN)
  YESTERDAY        0.0           0.0    MM   0.0    0.0      0.0
  MONTH TO DATE    0.0                       0.3   -0.3      0.0
  SINCE MAR 1      9.9                      15.9   -6.0     25.7
  SINCE JUL 1    112.9                      94.7   18.2    129.9
  SNOW DEPTH       0

DEGREE DAYS
 HEATING
  YESTERDAY       15                         7      8        6
  MONTH TO DATE  127                       220    -93      202
  SINCE MAR 1   1799                      1757     42     1951
  SINCE JUL 1   6947                      6501    446     7057

 COOLING
  YESTERDAY        0                         1     -1        0
  MONTH TO DATE   54                        10     44       21
  SINCE MAR 1     54                        13     41       21
  SINCE JAN 1     54                        13     41       21
..................................................................


WIND (MPH)
  HIGHEST WIND SPEED    23   HIGHEST WIND DIRECTION    SW (230)
  HIGHEST GUST SPEED    32   HIGHEST GUST DIRECTION    SW (220)
  AVERAGE WIND SPEED    11.0


SKY COVER
  AVERAGE SKY COVER 0.4


WEATHER CONDITIONS
 THE FOLLOWING WEATHER WAS RECORDED YESTERDAY.
  NO SIGNIFICANT WEATHER WAS OBSERVED.


RELATIVE HUMIDITY (PERCENT)
 HIGHEST    74           400 AM
 LOWEST     27           600 PM
 AVERAGE    51

..........................................................


THE BUFFALO NY CLIMATE NORMALS FOR TODAY
                         NORMAL    RECORD    YEAR
 MAXIMUM TEMPERATURE (F)   69        90      1991
 MINIMUM TEMPERATURE (F)   50        33      1967


SUNRISE AND SUNSET
MAY 23 2015...........SUNRISE   545 AM EDT   SUNSET   839 PM EDT
MAY 24 2015...........SUNRISE   544 AM EDT   SUNSET   840 PM EDT


-  INDICATES NEGATIVE NUMBERS.
R  INDICATES RECORD WAS SET OR TIED.
MM INDICATES DATA IS MISSING.
T  INDICATES TRACE AMOUNT.




$$
