000
CDUS41 KBUF 210705
CLIBUF


CLIMATE REPORT
NATIONAL WEATHER SERVICE BUFFALO NY
305 AM EDT THU SEP 21 2017


...................................

...THE BUFFALO NY CLIMATE SUMMARY FOR SEPTEMBER 20 2017...

CLIMATE NORMAL PERIOD 1981 TO 2010
CLIMATE RECORD PERIOD 1871 TO 2017


WEATHER ITEM   OBSERVED TIME   RECORD YEAR NORMAL DEPARTURE LAST
                VALUE   (LST)  VALUE       VALUE  FROM      YEAR
                                                  NORMAL
..................................................................
TEMPERATURE (F)
 YESTERDAY
  MAXIMUM         82    245 PM  88    1946  70     12       79
  MINIMUM         59    615 AM  36    1993  52      7       58
  AVERAGE         71                        61     10       69

PRECIPITATION (IN)
  YESTERDAY        0.00          2.36 1875   0.14  -0.14     0.00
  MONTH TO DATE    2.43                      2.47  -0.04     2.81
  SINCE SEP 1      2.43                      2.47  -0.04     2.81
  SINCE JAN 1     34.71                     27.63   7.08    21.33

SNOWFALL (IN)
  YESTERDAY        0.0           T    1956   0.0    0.0      0.0
  MONTH TO DATE    0.0                       0.0    0.0      0.0
  SINCE SEP 1      0.0                       0.0    0.0      0.0
  SINCE JUL 1      0.0                       0.0    0.0      0.0
  SNOW DEPTH       0

DEGREE DAYS
 HEATING
  YESTERDAY        0                         5     -5        0
  MONTH TO DATE   62                        63     -1        9
  SINCE SEP 1     62                        63     -1        9
  SINCE JUL 1     78                        90    -12        9

 COOLING
  YESTERDAY        6                         1      5        4
  MONTH TO DATE   52                        45      7       99
  SINCE SEP 1     52                        45      7       99
  SINCE JAN 1    522                       532    -10      917
..................................................................


WIND (MPH)
  HIGHEST WIND SPEED    13   HIGHEST WIND DIRECTION    NE (60)
  HIGHEST GUST SPEED    16   HIGHEST GUST DIRECTION    NE (60)
  AVERAGE WIND SPEED     4.5


SKY COVER
  AVERAGE SKY COVER 0.3


WEATHER CONDITIONS
 THE FOLLOWING WEATHER WAS RECORDED YESTERDAY.
  NO SIGNIFICANT WEATHER WAS OBSERVED.


RELATIVE HUMIDITY (PERCENT)
 HIGHEST   100           100 AM
 LOWEST     51           100 PM
 AVERAGE    76

..........................................................


THE BUFFALO NY CLIMATE NORMALS FOR TODAY
                         NORMAL    RECORD    YEAR
 MAXIMUM TEMPERATURE (F)   69        86      1934
 MINIMUM TEMPERATURE (F)   52        33      1973


SUNRISE AND SUNSET
SEPTEMBER 21 2017.....SUNRISE   701 AM EDT   SUNSET   714 PM EDT
SEPTEMBER 22 2017.....SUNRISE   702 AM EDT   SUNSET   712 PM EDT


-  INDICATES NEGATIVE NUMBERS.
R  INDICATES RECORD WAS SET OR TIED.
MM INDICATES DATA IS MISSING.
T  INDICATES TRACE AMOUNT.




$$
