000
CDUS41 KBUF 171026
CLIBUF


CLIMATE REPORT
NATIONAL WEATHER SERVICE BUFFALO NY
524 AM EST WED DEC 17 2014


...................................

...THE BUFFALO NY CLIMATE SUMMARY FOR DECEMBER 16 2014...

CLIMATE NORMAL PERIOD 1981 TO 2010
CLIMATE RECORD PERIOD 1871 TO 2014


WEATHER ITEM   OBSERVED TIME   RECORD YEAR NORMAL DEPARTURE LAST
                VALUE   (LST)  VALUE       VALUE  FROM      YEAR
                                                  NORMAL
..................................................................
TEMPERATURE (F)
 YESTERDAY
  MAXIMUM         46    619 PM  64    1984  36     10       20
  MINIMUM         30    239 AM   0    1876  24      6        6
  AVERAGE         38                        30      8       13

PRECIPITATION (IN)
  YESTERDAY        0.29          1.50 1926   0.13   0.16      T
  MONTH TO DATE    1.19                      2.03  -0.84     1.08
  SINCE DEC 1      1.19                      2.03  -0.84     1.08
  SINCE JAN 1     41.44                     38.62   2.82    42.17

SNOWFALL (IN)
  YESTERDAY        0.0          15.0  1926   0.9   -0.9       T
  MONTH TO DATE    9.4                      12.3   -2.9     16.6
  SINCE DEC 1      9.4                      12.3   -2.9     16.6
  SINCE JUL 1     29.9                      21.1    8.8     26.6
  SNOW DEPTH       0

DEGREE DAYS
 HEATING
  YESTERDAY       27                        35     -8       52
  MONTH TO DATE  507                       524    -17      595
  SINCE DEC 1    507                       524    -17      595
  SINCE JUL 1   1805                      1857    -52     1913

 COOLING
  YESTERDAY        0                         0      0        0
  MONTH TO DATE    0                         0      0        0
  SINCE DEC 1      0                         0      0        0
  SINCE JAN 1    516                       544    -28      611
..................................................................


WIND (MPH)
  HIGHEST WIND SPEED    23   HIGHEST WIND DIRECTION    SW (220)
  HIGHEST GUST SPEED    29   HIGHEST GUST DIRECTION     W (250)
  AVERAGE WIND SPEED     9.1


SKY COVER
  AVERAGE SKY COVER 0.9


WEATHER CONDITIONS
 THE FOLLOWING WEATHER WAS RECORDED YESTERDAY.
  RAIN
  LIGHT RAIN
  FOG


RELATIVE HUMIDITY (PERCENT)
 HIGHEST   100          1200 AM
 LOWEST     82           100 PM
 AVERAGE    91

..........................................................


THE BUFFALO NY CLIMATE NORMALS FOR TODAY
                         NORMAL    RECORD    YEAR
 MAXIMUM TEMPERATURE (F)   35        61      1984
 MINIMUM TEMPERATURE (F)   24        -3      1919


SUNRISE AND SUNSET
DECEMBER 17 2014......SUNRISE   740 AM EST   SUNSET   442 PM EST
DECEMBER 18 2014......SUNRISE   741 AM EST   SUNSET   442 PM EST


-  INDICATES NEGATIVE NUMBERS.
R  INDICATES RECORD WAS SET OR TIED.
MM INDICATES DATA IS MISSING.
T  INDICATES TRACE AMOUNT.




$$
