454
CDUS41 KBUF 241016
CLIBUF


CLIMATE REPORT
NATIONAL WEATHER SERVICE BUFFALO NY
616 AM EDT FRI MAR 24 2017


...................................

...THE BUFFALO NY CLIMATE SUMMARY FOR MARCH 23 2017...

CLIMATE NORMAL PERIOD 1981 TO 2010
CLIMATE RECORD PERIOD 1871 TO 2017


WEATHER ITEM   OBSERVED TIME   RECORD YEAR NORMAL DEPARTURE LAST
                VALUE   (LST)  VALUE       VALUE  FROM      YEAR
                                                  NORMAL
..................................................................
TEMPERATURE (F)
 YESTERDAY
  MAXIMUM         40    548 PM  78    1966  45     -5       53
  MINIMUM         16    630 AM   2    1885  28    -12       33
  AVERAGE         28                        36     -8       43

PRECIPITATION (IN)
  YESTERDAY        0.00          0.74 1991   0.10  -0.10     0.16
  MONTH TO DATE    2.23                      2.10   0.13     1.73
  SINCE MAR 1      2.23                      2.10   0.13     1.73
  SINCE JAN 1      7.41                      7.77  -0.36     7.01

SNOWFALL (IN)
  YESTERDAY        0.0           6.8  2011   0.4   -0.4      0.0
  MONTH TO DATE   26.8                      10.7   16.1      0.9
  SINCE MAR 1     26.8                      10.7   16.1      0.9
  SINCE JUL 1     73.8                      89.5  -15.7     48.0
  SNOW DEPTH       0

DEGREE DAYS
 HEATING
  YESTERDAY       37                        29      8       22
  MONTH TO DATE  819                       747     72      614
  SINCE MAR 1    819                       747     72      614
  SINCE JUL 1   4711                      5491   -780     4552

 COOLING
  YESTERDAY        0                         0      0        0
  MONTH TO DATE    0                         0      0        0
  SINCE MAR 1      0                         0      0        0
  SINCE JAN 1      0                         0      0        0
..................................................................


WIND (MPH)
  HIGHEST WIND SPEED    13   HIGHEST WIND DIRECTION    SE (120)
  HIGHEST GUST SPEED    16   HIGHEST GUST DIRECTION    SE (120)
  AVERAGE WIND SPEED     4.6


SKY COVER
  AVERAGE SKY COVER 0.3


WEATHER CONDITIONS
 THE FOLLOWING WEATHER WAS RECORDED YESTERDAY.
  NO SIGNIFICANT WEATHER WAS OBSERVED.


RELATIVE HUMIDITY (PERCENT)
 HIGHEST    80           700 AM
 LOWEST     23           500 PM
 AVERAGE    52

..........................................................


THE BUFFALO NY CLIMATE NORMALS FOR TODAY
                         NORMAL    RECORD    YEAR
 MAXIMUM TEMPERATURE (F)   45        72      1920
 MINIMUM TEMPERATURE (F)   29         6      1940
                                             1888


SUNRISE AND SUNSET
MARCH 24 2017.........SUNRISE   711 AM EDT   SUNSET   732 PM EDT
MARCH 25 2017.........SUNRISE   709 AM EDT   SUNSET   733 PM EDT


-  INDICATES NEGATIVE NUMBERS.
R  INDICATES RECORD WAS SET OR TIED.
MM INDICATES DATA IS MISSING.
T  INDICATES TRACE AMOUNT.




$$
