000
CDUS41 KBUF 212124
CLIBUF


CLIMATE REPORT
NATIONAL WEATHER SERVICE BUFFALO NY
424 PM EST SAT JAN 21 2017


...................................

...THE BUFFALO NY CLIMATE SUMMARY FOR JANUARY 21 2017...
VALID TODAY AS OF 0400 PM LOCAL TIME.

CLIMATE NORMAL PERIOD 1981 TO 2010
CLIMATE RECORD PERIOD 1871 TO 2017


WEATHER ITEM   OBSERVED TIME   RECORD YEAR NORMAL DEPARTURE LAST
                VALUE   (LST)  VALUE       VALUE  FROM      YEAR
                                                  NORMAL
..................................................................
TEMPERATURE (F)
 TODAY
  MAXIMUM         60    259 PM  69    1906  31     29       26
  MINIMUM         40    307 AM -10    1985  18     22       16
  AVERAGE         50                        24     26       21

PRECIPITATION (IN)
  TODAY            T             1.69 1959   0.10  -0.10     0.02
  MONTH TO DATE    2.21                      2.26  -0.05     1.57
  SINCE DEC 1      6.27                      6.15   0.12     4.47
  SINCE JAN 1      2.21                      2.26  -0.05     1.57

SNOWFALL (IN)
  TODAY            0.0          14.9  1985   0.8   -0.8      0.8
  MONTH TO DATE    2.9                      17.9  -15.0     24.6
  SINCE DEC 1     33.0                      45.3  -12.3     25.6
  SINCE JUL 1     33.9                      54.1  -20.2     25.6
  SNOW DEPTH       0

DEGREE DAYS
 HEATING
  TODAY           15                        41    -26       44
  MONTH TO DATE  723                       839   -116      828
  SINCE DEC 1   1763                      1921   -158     1531
  SINCE JUL 1   2733                      3254   -521     2575

 COOLING
  TODAY            0                         0      0        0
  MONTH TO DATE    0                         0      0        0
  SINCE DEC 1      0                         0      0        0
  SINCE JAN 1      0                         0      0        0
..................................................................


WIND (MPH)
  HIGHEST WIND SPEED    16   HIGHEST WIND DIRECTION    SW (240)
  HIGHEST GUST SPEED    20   HIGHEST GUST DIRECTION    SW (230)
  AVERAGE WIND SPEED     3.5


SKY COVER
  AVERAGE SKY COVER 0.8


WEATHER CONDITIONS
 THE FOLLOWING WEATHER WAS RECORDED TODAY.
  LIGHT RAIN
  FOG
  FOG W/VISIBILITY <= 1/4 MILE


RELATIVE HUMIDITY (PERCENT)
 HIGHEST   100           200 AM
 LOWEST     72           200 PM
 AVERAGE    86

..........................................................


THE BUFFALO NY CLIMATE NORMALS FOR TOMORROW
                         NORMAL    RECORD    YEAR
 MAXIMUM TEMPERATURE (F)   31        70      1906
 MINIMUM TEMPERATURE (F)   18        -7      1976


SUNRISE AND SUNSET
JANUARY 21 2017.......SUNRISE   739 AM EST   SUNSET   514 PM EST
JANUARY 22 2017.......SUNRISE   739 AM EST   SUNSET   515 PM EST


-  INDICATES NEGATIVE NUMBERS.
R  INDICATES RECORD WAS SET OR TIED.
MM INDICATES DATA IS MISSING.
T  INDICATES TRACE AMOUNT.

$$
