259
CDUS41 KBUF 230705
CLIBUF


CLIMATE REPORT
NATIONAL WEATHER SERVICE BUFFALO NY
305 AM EDT TUE MAY 23 2017


...................................

...THE BUFFALO NY CLIMATE SUMMARY FOR MAY 22 2017...

CLIMATE NORMAL PERIOD 1981 TO 2010
CLIMATE RECORD PERIOD 1871 TO 2017


WEATHER ITEM   OBSERVED TIME   RECORD YEAR NORMAL DEPARTURE LAST
                VALUE   (LST)  VALUE       VALUE  FROM      YEAR
                                                  NORMAL
..................................................................
TEMPERATURE (F)
 YESTERDAY
  MAXIMUM         62    650 AM  94    1911  68     -6       72
  MINIMUM         49   1159 PM  36    2002  49      0       53
                                      1990
                                      1963
  AVERAGE         56                        59     -3       63

PRECIPITATION (IN)
  YESTERDAY        T             1.76 1982   0.12  -0.12     0.00
  MONTH TO DATE    4.00                      2.37   1.63     1.15
  SINCE MAR 1     14.74                      8.25   6.49     5.90
  SINCE JAN 1     19.92                     13.92   6.00    11.18

SNOWFALL (IN)
  YESTERDAY       MM             0.0    MM   0.0   MM        0.0
  MONTH TO DATE    0.0                       0.3   -0.3       T
  SINCE MAR 1     29.1                      15.9   13.2      8.0
  SINCE JUL 1     76.1                      94.7  -18.6     55.1
  SNOW DEPTH       0

DEGREE DAYS
 HEATING
  YESTERDAY        9                         7      2        2
  MONTH TO DATE  261                       220     41      235
  SINCE MAR 1   1677                      1757    -80     1655
  SINCE JUL 1   5569                      6501   -932     5593

 COOLING
  YESTERDAY        0                         1     -1        0
  MONTH TO DATE   16                        10      6        2
  SINCE MAR 1     22                        13      9        2
  SINCE JAN 1     22                        13      9        2
..................................................................


WIND (MPH)
  HIGHEST WIND SPEED    31   HIGHEST WIND DIRECTION     W (250)
  HIGHEST GUST SPEED    41   HIGHEST GUST DIRECTION    SW (240)
  AVERAGE WIND SPEED    15.4


SKY COVER
  AVERAGE SKY COVER 0.8


WEATHER CONDITIONS
 THE FOLLOWING WEATHER WAS RECORDED YESTERDAY.
  LIGHT RAIN


RELATIVE HUMIDITY (PERCENT)
 HIGHEST    90           400 AM
 LOWEST     55           400 PM
 AVERAGE    73

..........................................................


THE BUFFALO NY CLIMATE NORMALS FOR TODAY
                         NORMAL    RECORD    YEAR
 MAXIMUM TEMPERATURE (F)   69        90      1991
 MINIMUM TEMPERATURE (F)   50        33      1967


SUNRISE AND SUNSET
MAY 23 2017...........SUNRISE   544 AM EDT   SUNSET   840 PM EDT
MAY 24 2017...........SUNRISE   544 AM EDT   SUNSET   841 PM EDT


-  INDICATES NEGATIVE NUMBERS.
R  INDICATES RECORD WAS SET OR TIED.
MM INDICATES DATA IS MISSING.
T  INDICATES TRACE AMOUNT.




$$
