425
CDUS41 KBUF 261020
CLIBUF


CLIMATE REPORT
NATIONAL WEATHER SERVICE BUFFALO NY
618 AM EDT THU MAY 26 2016


...................................

...THE BUFFALO NY CLIMATE SUMMARY FOR MAY 25 2016...

CLIMATE NORMAL PERIOD 1981 TO 2010
CLIMATE RECORD PERIOD 1871 TO 2016


WEATHER ITEM   OBSERVED TIME   RECORD YEAR NORMAL DEPARTURE LAST
                VALUE   (LST)  VALUE       VALUE  FROM      YEAR
                                                  NORMAL
..................................................................
TEMPERATURE (F)
 YESTERDAY
  MAXIMUM         77    424 PM  86    2012  69      8       82
                                      1975
                                      1944
  MINIMUM         56    426 AM  35    1992  50      6       62
                                      1956
  AVERAGE         67                        60      7       72

PRECIPITATION (IN)
  YESTERDAY        0.00          1.21 1874   0.12  -0.12     0.04
  MONTH TO DATE    1.15                      2.74  -1.59     0.75
  SINCE MAR 1      5.90                      8.62  -2.72     4.89
  SINCE JAN 1     11.18                     14.29  -3.11     9.88

SNOWFALL (IN)
  YESTERDAY        0.0           0.0    MM   0.0    0.0      0.0
  MONTH TO DATE    T                         0.3   -0.3      0.0
  SINCE MAR 1      8.0                      15.9   -7.9      9.9
  SINCE JUL 1     55.1                      94.7  -39.6    112.9
  SNOW DEPTH       0

DEGREE DAYS
 HEATING
  YESTERDAY        0                         6     -6        0
  MONTH TO DATE  237                       240     -3      147
  SINCE MAR 1   1657                      1777   -120     1819
  SINCE JUL 1   5595                      6521   -926     6967

 COOLING
  YESTERDAY        2                         1      1        7
  MONTH TO DATE    4                        13     -9       61
  SINCE MAR 1      4                        16    -12       61
  SINCE JAN 1      4                        16    -12       61
..................................................................


WIND (MPH)
  HIGHEST WIND SPEED    24   HIGHEST WIND DIRECTION    SW (230)
  HIGHEST GUST SPEED    31   HIGHEST GUST DIRECTION    SW (230)
  AVERAGE WIND SPEED    12.0


SKY COVER
  AVERAGE SKY COVER 0.4


WEATHER CONDITIONS
 THE FOLLOWING WEATHER WAS RECORDED YESTERDAY.
  NO SIGNIFICANT WEATHER WAS OBSERVED.


RELATIVE HUMIDITY (PERCENT)
 HIGHEST    63           900 PM
 LOWEST     42           600 AM
 AVERAGE    53

..........................................................


THE BUFFALO NY CLIMATE NORMALS FOR TODAY
                         NORMAL    RECORD    YEAR
 MAXIMUM TEMPERATURE (F)   70        88      1944
 MINIMUM TEMPERATURE (F)   51        37      1997
                                             1961


SUNRISE AND SUNSET
MAY 26 2016...........SUNRISE   542 AM EDT   SUNSET   843 PM EDT
MAY 27 2016...........SUNRISE   541 AM EDT   SUNSET   843 PM EDT


-  INDICATES NEGATIVE NUMBERS.
R  INDICATES RECORD WAS SET OR TIED.
MM INDICATES DATA IS MISSING.
T  INDICATES TRACE AMOUNT.




$$
