000
CDUS41 KBUF 261011
CLIBUF


CLIMATE REPORT
NATIONAL WEATHER SERVICE BUFFALO NY
611 AM EDT MON SEP 26 2016


...................................

...THE BUFFALO NY CLIMATE SUMMARY FOR SEPTEMBER 25 2016...

CLIMATE NORMAL PERIOD 1981 TO 2010
CLIMATE RECORD PERIOD 1871 TO 2016


WEATHER ITEM   OBSERVED TIME   RECORD YEAR NORMAL DEPARTURE LAST
                VALUE   (LST)  VALUE       VALUE  FROM      YEAR
                                                  NORMAL
..................................................................
TEMPERATURE (F)
 YESTERDAY
  MAXIMUM         67    223 PM  87    2007  67      0       76
  MINIMUM         43    607 AM  36    1887  50     -7       54
  AVERAGE         55                        59     -4       65

PRECIPITATION (IN)
  YESTERDAY        0.00          1.47 2005   0.14  -0.14     0.00
  MONTH TO DATE    2.81                      3.20  -0.39     2.77
  SINCE SEP 1      2.81                      3.20  -0.39     2.77
  SINCE JAN 1     21.33                     28.36  -7.03    27.24

SNOWFALL (IN)
  YESTERDAY        0.0           0.0    MM   0.0    0.0      0.0
  MONTH TO DATE    0.0                       0.0    0.0      0.0
  SINCE SEP 1      0.0                       0.0    0.0      0.0
  SINCE JUL 1      0.0                       0.0    0.0      0.0
  SNOW DEPTH       0

DEGREE DAYS
 HEATING
  YESTERDAY       10                         7      3        0
  MONTH TO DATE   28                        95    -67       39
  SINCE SEP 1     28                        95    -67       39
  SINCE JUL 1     28                       122    -94       54

 COOLING
  YESTERDAY        0                         1     -1        0
  MONTH TO DATE  109                        50     59      127
  SINCE SEP 1    109                        50     59      127
  SINCE JAN 1    927                       537    390      652
..................................................................


WIND (MPH)
  HIGHEST WIND SPEED    10   HIGHEST WIND DIRECTION    SE (120)
  HIGHEST GUST SPEED    13   HIGHEST GUST DIRECTION    NE (60)
  AVERAGE WIND SPEED     5.1


SKY COVER
  AVERAGE SKY COVER 0.4


WEATHER CONDITIONS
 THE FOLLOWING WEATHER WAS RECORDED YESTERDAY.
  NO SIGNIFICANT WEATHER WAS OBSERVED.


RELATIVE HUMIDITY (PERCENT)
 HIGHEST    83           400 AM
 LOWEST     37           200 PM
 AVERAGE    60

..........................................................


THE BUFFALO NY CLIMATE NORMALS FOR TODAY
                         NORMAL    RECORD    YEAR
 MAXIMUM TEMPERATURE (F)   67        87      1959
 MINIMUM TEMPERATURE (F)   50        35      1943
                                             1928


SUNRISE AND SUNSET
SEPTEMBER 26 2016.....SUNRISE   707 AM EDT   SUNSET   704 PM EDT
SEPTEMBER 27 2016.....SUNRISE   708 AM EDT   SUNSET   702 PM EDT


-  INDICATES NEGATIVE NUMBERS.
R  INDICATES RECORD WAS SET OR TIED.
MM INDICATES DATA IS MISSING.
T  INDICATES TRACE AMOUNT.

$$
