000
CDUS41 KBUF 161029
CLIBUF


CLIMATE REPORT
NATIONAL WEATHER SERVICE BUFFALO NY
528 AM EST SUN NOV 16 2014


...................................

...THE BUFFALO NY CLIMATE SUMMARY FOR NOVEMBER 15 2014...

CLIMATE NORMAL PERIOD 1981 TO 2010
CLIMATE RECORD PERIOD 1871 TO 2014


WEATHER ITEM   OBSERVED TIME   RECORD YEAR NORMAL DEPARTURE LAST
                VALUE   (LST)  VALUE       VALUE  FROM      YEAR
                                                  NORMAL
..................................................................
TEMPERATURE (F)
 YESTERDAY
  MAXIMUM         35    343 PM  70    1927  48    -13       51
  MINIMUM         26    630 AM   8    1933  34     -8       41
  AVERAGE         31                        41    -10       46

PRECIPITATION (IN)
  YESTERDAY        T             1.64 1973   0.14  -0.14     0.00
  MONTH TO DATE    0.65                      1.98  -1.33     1.50
  SINCE SEP 1      8.38                      9.40  -1.02    12.03
  SINCE JAN 1     38.32                     34.56   3.76    39.66

SNOWFALL (IN)
  YESTERDAY        T             9.0  1974   0.2   -0.2      0.0
  MONTH TO DATE    0.3                       2.6   -2.3      0.7
  SINCE SEP 1      0.3                       3.5   -3.2      0.7
  SINCE JUL 1      0.3                       3.5   -3.2      0.7
  SNOW DEPTH       0

DEGREE DAYS
 HEATING
  YESTERDAY       34                        24     10       19
  MONTH TO DATE  339                       325     14      341
  SINCE SEP 1    806                       903    -97      830
  SINCE JUL 1    828                       930   -102      846

 COOLING
  YESTERDAY        0                         0      0        0
  MONTH TO DATE    0                         0      0        0
  SINCE SEP 1     70                        57     13       59
  SINCE JAN 1    516                       544    -28      611
..................................................................


WIND (MPH)
  HIGHEST WIND SPEED    16   HIGHEST WIND DIRECTION    SW (210)
  HIGHEST GUST SPEED    20   HIGHEST GUST DIRECTION    SW (210)
  AVERAGE WIND SPEED     7.3


SKY COVER
  AVERAGE SKY COVER 0.8


WEATHER CONDITIONS
 THE FOLLOWING WEATHER WAS RECORDED YESTERDAY.
  LIGHT SNOW


RELATIVE HUMIDITY (PERCENT)
 HIGHEST    85           800 AM
 LOWEST     61          1200 PM
 AVERAGE    73

..........................................................


THE BUFFALO NY CLIMATE NORMALS FOR TODAY
                         NORMAL    RECORD    YEAR
 MAXIMUM TEMPERATURE (F)   48        69      2005
                                             1955
 MINIMUM TEMPERATURE (F)   34         9      1967


SUNRISE AND SUNSET
NOVEMBER 16 2014......SUNRISE   708 AM EST   SUNSET   451 PM EST
NOVEMBER 17 2014......SUNRISE   710 AM EST   SUNSET   450 PM EST


-  INDICATES NEGATIVE NUMBERS.
R  INDICATES RECORD WAS SET OR TIED.
MM INDICATES DATA IS MISSING.
T  INDICATES TRACE AMOUNT.




$$
