000
CDUS41 KBUF 011006
CLIBUF


CLIMATE REPORT
NATIONAL WEATHER SERVICE BUFFALO NY
606 AM EDT SAT AUG 1 2015


...................................

...THE BUFFALO NY CLIMATE SUMMARY FOR JULY 31 2015...

CLIMATE NORMAL PERIOD 1981 TO 2010
CLIMATE RECORD PERIOD 1871 TO 2015


WEATHER ITEM   OBSERVED TIME   RECORD YEAR NORMAL DEPARTURE LAST
                VALUE   (LST)  VALUE       VALUE  FROM      YEAR
                                                  NORMAL
..................................................................
TEMPERATURE (F)
 YESTERDAY
  MAXIMUM         82    332 PM  93    1913  80      2       74
  MINIMUM         64    545 AM  49    1963  62      2       58
                                      1891
  AVERAGE         73                        71      2       66

PRECIPITATION (IN)
  YESTERDAY        T             1.54 1996   0.12  -0.12     0.22
  MONTH TO DATE    2.42                      3.23  -0.81     5.45
  SINCE JUN 1      7.45                      6.89   0.56     9.25
  SINCE JAN 1     20.08                     21.90  -1.82    26.78

SNOWFALL (IN)
  YESTERDAY        0.0           0.0    MM   0.0    0.0      0.0
  MONTH TO DATE    0.0                       0.0    0.0      0.0
  SINCE JUN 1      0.0                       0.0    0.0      0.0
  SINCE JUL 1      0.0                       0.0    0.0      0.0
  SNOW DEPTH       0

DEGREE DAYS
 HEATING
  YESTERDAY        0                         0      0        0
  MONTH TO DATE    7                         2      5       10
  SINCE JUN 1     57                        73    -16       38
  SINCE JUL 1      7                         9     -2       10

 COOLING
  YESTERDAY        8                         6      2        1
  MONTH TO DATE  198                       197      1      130
  SINCE JUN 1    274                       300    -26      278
  SINCE JAN 1    365                       326     39      301
..................................................................


WIND (MPH)
  HIGHEST WIND SPEED    25   HIGHEST WIND DIRECTION    SW (240)
  HIGHEST GUST SPEED    33   HIGHEST GUST DIRECTION     W (250)
  AVERAGE WIND SPEED    11.6


SKY COVER
  AVERAGE SKY COVER 0.4


WEATHER CONDITIONS
 THE FOLLOWING WEATHER WAS RECORDED YESTERDAY.
  LIGHT RAIN


RELATIVE HUMIDITY (PERCENT)
 HIGHEST    84           600 AM
 LOWEST     42           400 PM
 AVERAGE    63

..........................................................


THE BUFFALO NY CLIMATE NORMALS FOR TODAY
                         NORMAL    RECORD    YEAR
 MAXIMUM TEMPERATURE (F)   80        95      1944
 MINIMUM TEMPERATURE (F)   62        47      1947


SUNRISE AND SUNSET
AUGUST  1 2015........SUNRISE   606 AM EDT   SUNSET   836 PM EDT
AUGUST  2 2015........SUNRISE   607 AM EDT   SUNSET   835 PM EDT


-  INDICATES NEGATIVE NUMBERS.
R  INDICATES RECORD WAS SET OR TIED.
MM INDICATES DATA IS MISSING.
T  INDICATES TRACE AMOUNT.




$$
