000
CDUS41 KBUF 170705
CLIBUF


CLIMATE REPORT
NATIONAL WEATHER SERVICE BUFFALO NY
205 AM EST FRI NOV 17 2017


...................................

...THE BUFFALO NY CLIMATE SUMMARY FOR NOVEMBER 16 2017...

CLIMATE NORMAL PERIOD 1981 TO 2010
CLIMATE RECORD PERIOD 1871 TO 2017


WEATHER ITEM   OBSERVED TIME   RECORD YEAR NORMAL DEPARTURE LAST
                VALUE   (LST)  VALUE       VALUE  FROM      YEAR
                                                  NORMAL
..................................................................
TEMPERATURE (F)
 YESTERDAY
  MAXIMUM         48    250 AM  69    2005  48      0       51
                                      1955
  MINIMUM         34   1159 PM   9    1967  34      0       34
  AVERAGE         41                        41      0       43

PRECIPITATION (IN)
  YESTERDAY        0.10          2.10 1949   0.14  -0.04      T
  MONTH TO DATE    3.77                      2.12   1.65     1.42
  SINCE SEP 1     11.95                      9.54   2.41     9.36
  SINCE JAN 1     44.23                     34.70   9.53    27.88

SNOWFALL (IN)
  YESTERDAY       MM            16.1  1949   0.2   MM        0.0
  MONTH TO DATE    0.1                       2.8   -2.7      0.0
  SINCE SEP 1      0.2                       3.7   -3.5       T
  SINCE JUL 1      0.2                       3.7   -3.5       T
  SNOW DEPTH       0

DEGREE DAYS
 HEATING
  YESTERDAY       24                        24      0       22
  MONTH TO DATE  391                       349     42      270
  SINCE SEP 1    743                       927   -184      649
  SINCE JUL 1    759                       954   -195      649

 COOLING
  YESTERDAY        0                         0      0        0
  MONTH TO DATE    0                         0      0        0
  SINCE SEP 1    133                        57     76      121
  SINCE JAN 1    603                       544     59      939
..................................................................


WIND (MPH)
  HIGHEST WIND SPEED    29   HIGHEST WIND DIRECTION     W (250)
  HIGHEST GUST SPEED    40   HIGHEST GUST DIRECTION     W (250)
  AVERAGE WIND SPEED    17.2


SKY COVER
  AVERAGE SKY COVER 0.9


WEATHER CONDITIONS
 THE FOLLOWING WEATHER WAS RECORDED YESTERDAY.
  LIGHT RAIN
  FOG


RELATIVE HUMIDITY (PERCENT)
 HIGHEST    86           100 AM
 LOWEST     64           800 PM
 AVERAGE    75

..........................................................


THE BUFFALO NY CLIMATE NORMALS FOR TODAY
                         NORMAL    RECORD    YEAR
 MAXIMUM TEMPERATURE (F)   47        69      1954
 MINIMUM TEMPERATURE (F)   34        13      1959


SUNRISE AND SUNSET
NOVEMBER 17 2017......SUNRISE   710 AM EST   SUNSET   450 PM EST
NOVEMBER 18 2017......SUNRISE   711 AM EST   SUNSET   449 PM EST


-  INDICATES NEGATIVE NUMBERS.
R  INDICATES RECORD WAS SET OR TIED.
MM INDICATES DATA IS MISSING.
T  INDICATES TRACE AMOUNT.




$$
