000
CDUS41 KBUF 021020
CLIBUF


CLIMATE REPORT
NATIONAL WEATHER SERVICE BUFFALO NY
620 AM EDT SUN AUG 2 2015


...................................

...THE BUFFALO NY CLIMATE SUMMARY FOR AUGUST 1 2015...

CLIMATE NORMAL PERIOD 1981 TO 2010
CLIMATE RECORD PERIOD 1871 TO 2015


WEATHER ITEM   OBSERVED TIME   RECORD YEAR NORMAL DEPARTURE LAST
                VALUE   (LST)  VALUE       VALUE  FROM      YEAR
                                                  NORMAL
..................................................................
TEMPERATURE (F)
 YESTERDAY
  MAXIMUM         78    157 PM  95    1944  80     -2       80
  MINIMUM         66   1159 PM  47    1947  62      4       61
  AVERAGE         72                        71      1       71

PRECIPITATION (IN)
  YESTERDAY        T             2.39 1922   0.11  -0.11     0.02
  MONTH TO DATE    T                         0.11  -0.11     0.02
  SINCE JUN 1      7.45                      7.00   0.45     9.27
  SINCE JAN 1     20.08                     22.01  -1.93    26.80

SNOWFALL (IN)
  YESTERDAY        0.0           0.0    MM   0.0    0.0      0.0
  MONTH TO DATE    0.0                       0.0    0.0      0.0
  SINCE JUN 1      0.0                       0.0    0.0      0.0
  SINCE JUL 1      0.0                       0.0    0.0      0.0
  SNOW DEPTH       0

DEGREE DAYS
 HEATING
  YESTERDAY        0                         0      0        0
  MONTH TO DATE    0                         0      0        0
  SINCE JUN 1     57                        73    -16       38
  SINCE JUL 1      7                         9     -2       10

 COOLING
  YESTERDAY        7                         6      1        6
  MONTH TO DATE    7                         6      1        6
  SINCE JUN 1    281                       306    -25      284
  SINCE JAN 1    372                       332     40      307
..................................................................


WIND (MPH)
  HIGHEST WIND SPEED    24   HIGHEST WIND DIRECTION     W (250)
  HIGHEST GUST SPEED    32   HIGHEST GUST DIRECTION     W (250)
  AVERAGE WIND SPEED     9.9


SKY COVER
  AVERAGE SKY COVER 0.5


WEATHER CONDITIONS
 THE FOLLOWING WEATHER WAS RECORDED YESTERDAY.
  THUNDERSTORM
  LIGHT RAIN


RELATIVE HUMIDITY (PERCENT)
 HIGHEST    78           500 AM
 LOWEST     43          1100 AM
 AVERAGE    61

..........................................................


THE BUFFALO NY CLIMATE NORMALS FOR TODAY
                         NORMAL    RECORD    YEAR
 MAXIMUM TEMPERATURE (F)   80        96      1988
                                             1944
 MINIMUM TEMPERATURE (F)   62        49      1947


SUNRISE AND SUNSET
AUGUST  2 2015........SUNRISE   607 AM EDT   SUNSET   835 PM EDT
AUGUST  3 2015........SUNRISE   608 AM EDT   SUNSET   834 PM EDT


-  INDICATES NEGATIVE NUMBERS.
R  INDICATES RECORD WAS SET OR TIED.
MM INDICATES DATA IS MISSING.
T  INDICATES TRACE AMOUNT.




$$
