000
CDUS41 KBUF 130705
CLIBUF


CLIMATE REPORT
NATIONAL WEATHER SERVICE BUFFALO NY
205 AM EST SAT JAN 13 2018


...................................

...THE BUFFALO NY CLIMATE SUMMARY FOR JANUARY 12 2018...

CLIMATE NORMAL PERIOD 1981 TO 2010
CLIMATE RECORD PERIOD 1871 TO 2018


WEATHER ITEM   OBSERVED TIME   RECORD YEAR NORMAL DEPARTURE LAST
                VALUE   (LST)  VALUE       VALUE  FROM      YEAR
                                                  NORMAL
..................................................................
TEMPERATURE (F)
 YESTERDAY
  MAXIMUM         60   1046 AM  61    2005  31     29       57
  MINIMUM         17   1159 PM -11    1968  19     -2       33
  AVERAGE         39                        25     14       45

PRECIPITATION (IN)
  YESTERDAY        0.88R         0.76 2012   0.10   0.78     0.34
  MONTH TO DATE    1.94                      1.35   0.59     1.38
  SINCE DEC 1      4.87                      5.24  -0.37     5.44
  SINCE JAN 1      1.94                      1.35   0.59     1.38

SNOWFALL (IN)
  YESTERDAY       MM             7.3  1909   0.8   MM        0.0
  MONTH TO DATE    8.5                      10.7   -2.2      2.9
  SINCE DEC 1     42.2                      38.1    4.1     33.0
  SINCE JUL 1     42.4                      46.9   -4.5     33.9
  SNOW DEPTH       0

DEGREE DAYS
 HEATING
  YESTERDAY       26                        40    -14       20
  MONTH TO DATE  530                       475     55      446
  SINCE DEC 1   1751                      1557    194     1486
  SINCE JUL 1   2866                      2890    -24     2456

 COOLING
  YESTERDAY        0                         0      0        0
  MONTH TO DATE    0                         0      0        0
  SINCE DEC 1      0                         0      0        0
  SINCE JAN 1      0                         0      0        0
..................................................................


WIND (MPH)
  HIGHEST WIND SPEED    29   HIGHEST WIND DIRECTION    NW (320)
  HIGHEST GUST SPEED    36   HIGHEST GUST DIRECTION     S (190)
  AVERAGE WIND SPEED    14.9


SKY COVER
  AVERAGE SKY COVER 1.0


WEATHER CONDITIONS
 THE FOLLOWING WEATHER WAS RECORDED YESTERDAY.
  RAIN
  LIGHT RAIN
  FREEZING RAIN
  LT FREEZING RAIN
  HEAVY SNOW
  SNOW
  LIGHT SNOW
  SLEET
  FOG
  FOG W/VISIBILITY <= 1/4 MILE


RELATIVE HUMIDITY (PERCENT)
 HIGHEST   100           200 PM
 LOWEST     84           900 PM
 AVERAGE    92

..........................................................


THE BUFFALO NY CLIMATE NORMALS FOR TODAY
                         NORMAL    RECORD    YEAR
 MAXIMUM TEMPERATURE (F)   31        68      2005
 MINIMUM TEMPERATURE (F)   19       -10      1914


SUNRISE AND SUNSET
JANUARY 13 2018.......SUNRISE   744 AM EST   SUNSET   504 PM EST
JANUARY 14 2018.......SUNRISE   744 AM EST   SUNSET   505 PM EST


-  INDICATES NEGATIVE NUMBERS.
R  INDICATES RECORD WAS SET OR TIED.
MM INDICATES DATA IS MISSING.
T  INDICATES TRACE AMOUNT.




$$
