000
CDUS41 KBUF 141012
CLIBUF


CLIMATE REPORT
NATIONAL WEATHER SERVICE BUFFALO NY
512 AM EST TUE NOV 14 2017


...................................

...THE BUFFALO NY CLIMATE SUMMARY FOR NOVEMBER 13 2017...

CLIMATE NORMAL PERIOD 1981 TO 2010
CLIMATE RECORD PERIOD 1871 TO 2017


WEATHER ITEM   OBSERVED TIME   RECORD YEAR NORMAL DEPARTURE LAST
                VALUE   (LST)  VALUE       VALUE  FROM      YEAR
                                                  NORMAL
..................................................................
TEMPERATURE (F)
 YESTERDAY
  MAXIMUM         40    959 PM  68    1989  49     -9       53
  MINIMUM         33    419 AM  16    1986  35     -2       47
  AVERAGE         37                        42     -5       50

PRECIPITATION (IN)
  YESTERDAY        0.11          0.81 1985   0.14  -0.03     0.00
                                      1937
  MONTH TO DATE    3.66                      1.70   1.96     1.42
  SINCE SEP 1     11.84                      9.12   2.72     9.36
  SINCE JAN 1     44.12                     34.28   9.84    27.88

SNOWFALL (IN)
  YESTERDAY        T             7.0  1986   0.2   -0.2      0.0
  MONTH TO DATE    0.1                       2.1   -2.0      0.0
  SINCE SEP 1      0.2                       3.0   -2.8       T
  SINCE JUL 1      0.2                       3.0   -2.8       T
  SNOW DEPTH       0

DEGREE DAYS
 HEATING
  YESTERDAY       28                        23      5       15
  MONTH TO DATE  314                       277     37      211
  SINCE SEP 1    666                       855   -189      590
  SINCE JUL 1    682                       882   -200      590

 COOLING
  YESTERDAY        0                         0      0        0
  MONTH TO DATE    0                         0      0        0
  SINCE SEP 1    133                        57     76      121
  SINCE JAN 1    603                       544     59      939
..................................................................


WIND (MPH)
  HIGHEST WIND SPEED     8   HIGHEST WIND DIRECTION    NW (320)
  HIGHEST GUST SPEED    10   HIGHEST GUST DIRECTION     W (290)
  AVERAGE WIND SPEED     3.3


SKY COVER
  AVERAGE SKY COVER 1.0


WEATHER CONDITIONS
 THE FOLLOWING WEATHER WAS RECORDED YESTERDAY.
  LIGHT RAIN
  SNOW
  FOG


RELATIVE HUMIDITY (PERCENT)
 HIGHEST   100           500 AM
 LOWEST     82          1200 AM
 AVERAGE    91

..........................................................


THE BUFFALO NY CLIMATE NORMALS FOR TODAY
                         NORMAL    RECORD    YEAR
 MAXIMUM TEMPERATURE (F)   48        69      1994
 MINIMUM TEMPERATURE (F)   35        15      1986


SUNRISE AND SUNSET
NOVEMBER 14 2017......SUNRISE   706 AM EST   SUNSET   452 PM EST
NOVEMBER 15 2017......SUNRISE   707 AM EST   SUNSET   451 PM EST


-  INDICATES NEGATIVE NUMBERS.
R  INDICATES RECORD WAS SET OR TIED.
MM INDICATES DATA IS MISSING.
T  INDICATES TRACE AMOUNT.




$$
