000
CDUS41 KBUF 180705
CLIBUF


CLIMATE REPORT
NATIONAL WEATHER SERVICE BUFFALO NY
205 AM EST SAT FEB 18 2017


...................................

...THE BUFFALO NY CLIMATE SUMMARY FOR FEBRUARY 17 2017...

CLIMATE NORMAL PERIOD 1981 TO 2010
CLIMATE RECORD PERIOD 1871 TO 2017


WEATHER ITEM   OBSERVED TIME   RECORD YEAR NORMAL DEPARTURE LAST
                VALUE   (LST)  VALUE       VALUE  FROM      YEAR
                                                  NORMAL
..................................................................
TEMPERATURE (F)
 YESTERDAY
  MAXIMUM         38    454 PM  61    2006  34      4       30
                                      1883
  MINIMUM         20    619 AM -13    1979  19      1       16
  AVERAGE         29                        26      3       23

PRECIPITATION (IN)
  YESTERDAY        0.00          1.18 1998   0.09  -0.09     0.04
  MONTH TO DATE    1.36                      1.49  -0.13     2.11
  SINCE DEC 1      8.34                      8.56  -0.22     6.82
  SINCE JAN 1      4.28                      4.67  -0.39     3.92

SNOWFALL (IN)
  YESTERDAY        0.0          14.2  1958   0.6   -0.6      0.8
  MONTH TO DATE    4.6                      10.9   -6.3     18.3
  SINCE DEC 1     45.7                      63.6  -17.9     44.9
  SINCE JUL 1     46.6                      72.4  -25.8     44.9
  SNOW DEPTH       0

DEGREE DAYS
 HEATING
  YESTERDAY       36                        39     -3       42
  MONTH TO DATE  615                       674    -59      635
  SINCE DEC 1   2700                      3000   -300     2511
  SINCE JUL 1   3670                      4333   -663     3555

 COOLING
  YESTERDAY        0                         0      0        0
  MONTH TO DATE    0                         0      0        0
  SINCE DEC 1      0                         0      0        0
  SINCE JAN 1      0                         0      0        0
..................................................................


WIND (MPH)
  HIGHEST WIND SPEED    13   HIGHEST WIND DIRECTION    NW (310)
  HIGHEST GUST SPEED    18   HIGHEST GUST DIRECTION    NW (310)
  AVERAGE WIND SPEED     4.4


SKY COVER
  AVERAGE SKY COVER 0.6


WEATHER CONDITIONS
 THE FOLLOWING WEATHER WAS RECORDED YESTERDAY.
  NO SIGNIFICANT WEATHER WAS OBSERVED.


RELATIVE HUMIDITY (PERCENT)
 HIGHEST    77           700 AM
 LOWEST     47           300 PM
 AVERAGE    62

..........................................................


THE BUFFALO NY CLIMATE NORMALS FOR TODAY
                         NORMAL    RECORD    YEAR
 MAXIMUM TEMPERATURE (F)   34        63      1981
 MINIMUM TEMPERATURE (F)   19       -18      1979


SUNRISE AND SUNSET
FEBRUARY 18 2017......SUNRISE   708 AM EST   SUNSET   551 PM EST
FEBRUARY 19 2017......SUNRISE   706 AM EST   SUNSET   552 PM EST


-  INDICATES NEGATIVE NUMBERS.
R  INDICATES RECORD WAS SET OR TIED.
MM INDICATES DATA IS MISSING.
T  INDICATES TRACE AMOUNT.




$$
