000
CDUS41 KBUF 231013
CLIBUF


CLIMATE REPORT
NATIONAL WEATHER SERVICE BUFFALO NY
512 AM EST SUN NOV 23 2014


...................................

...THE BUFFALO NY CLIMATE SUMMARY FOR NOVEMBER 22 2014...

CLIMATE NORMAL PERIOD 1981 TO 2010
CLIMATE RECORD PERIOD 1871 TO 2014


WEATHER ITEM   OBSERVED TIME   RECORD YEAR NORMAL DEPARTURE LAST
                VALUE   (LST)  VALUE       VALUE  FROM      YEAR
                                                  NORMAL
..................................................................
TEMPERATURE (F)
 YESTERDAY
  MAXIMUM         41   1159 PM  69    1953  45     -4       48
                                      1934
  MINIMUM         22    332 AM   6    1880  32    -10       31
  AVERAGE         32                        38     -6       40

PRECIPITATION (IN)
  YESTERDAY        0.13          1.71 1909   0.14  -0.01     0.32
  MONTH TO DATE    2.08                      2.96  -0.88     2.27
  SINCE SEP 1      9.81                     10.38  -0.57    12.80
  SINCE JAN 1     39.75                     35.54   4.21    40.43

SNOWFALL (IN)
  YESTERDAY        0.0           3.3  1997   0.3   -0.3      0.0
  MONTH TO DATE   17.2                       4.6   12.6      0.7
  SINCE SEP 1     17.2                       5.5   11.7      0.7
  SINCE JUL 1     17.2                       5.5   11.7      0.7
  SNOW DEPTH       7

DEGREE DAYS
 HEATING
  YESTERDAY       33                        27      6       25
  MONTH TO DATE  607                       503    104      498
  SINCE SEP 1   1074                      1081     -7      987
  SINCE JUL 1   1096                      1108    -12     1003

 COOLING
  YESTERDAY        0                         0      0        0
  MONTH TO DATE    0                         0      0        0
  SINCE SEP 1     70                        57     13       59
  SINCE JAN 1    516                       544    -28      611
..................................................................


WIND (MPH)
  HIGHEST WIND SPEED    22   HIGHEST WIND DIRECTION     S (200)
  HIGHEST GUST SPEED    29   HIGHEST GUST DIRECTION    SW (210)
  AVERAGE WIND SPEED    15.0


SKY COVER
  AVERAGE SKY COVER 0.9


WEATHER CONDITIONS
 THE FOLLOWING WEATHER WAS RECORDED YESTERDAY.
  HEAVY RAIN
  LIGHT RAIN
  FOG


RELATIVE HUMIDITY (PERCENT)
 HIGHEST    92           600 PM
 LOWEST     41          1000 AM
 AVERAGE    67

..........................................................


THE BUFFALO NY CLIMATE NORMALS FOR TODAY
                         NORMAL    RECORD    YEAR
 MAXIMUM TEMPERATURE (F)   45        70      2003
                                             1979
 MINIMUM TEMPERATURE (F)   32         6      1880


SUNRISE AND SUNSET
NOVEMBER 23 2014......SUNRISE   717 AM EST   SUNSET   445 PM EST
NOVEMBER 24 2014......SUNRISE   718 AM EST   SUNSET   445 PM EST


-  INDICATES NEGATIVE NUMBERS.
R  INDICATES RECORD WAS SET OR TIED.
MM INDICATES DATA IS MISSING.
T  INDICATES TRACE AMOUNT.

$$
