000
CDUS41 KBUF 172037
CLIBUF


CLIMATE REPORT
NATIONAL WEATHER SERVICE BUFFALO NY
436 PM EDT SUN SEP 17 2017


...................................

...THE BUFFALO NY CLIMATE SUMMARY FOR SEPTEMBER 17 2017...
VALID TODAY AS OF 0400 PM LOCAL TIME.

CLIMATE NORMAL PERIOD 1981 TO 2010
CLIMATE RECORD PERIOD 1871 TO 2017


WEATHER ITEM   OBSERVED TIME   RECORD YEAR NORMAL DEPARTURE LAST
                VALUE   (LST)  VALUE       VALUE  FROM      YEAR
                                                  NORMAL
..................................................................
TEMPERATURE (F)
 TODAY
  MAXIMUM         83    258 PM  86    1955  71     12       79
  MINIMUM         62    637 AM  33    1959  53      9       66
  AVERAGE         73                        62     11       73

PRECIPITATION (IN)
  TODAY            0.00          2.87 1976   0.14  -0.14     1.76
  MONTH TO DATE    2.43                      2.06   0.37     2.81
  SINCE SEP 1      2.43                      2.06   0.37     2.81
  SINCE JAN 1     34.71                     27.22   7.49    21.33

SNOWFALL (IN)
  TODAY            0.0           0.0    MM   0.0    0.0      0.0
  MONTH TO DATE    0.0                       0.0    0.0      0.0
  SINCE SEP 1      0.0                       0.0    0.0      0.0
  SINCE JUL 1      0.0                       0.0    0.0      0.0
  SNOW DEPTH       0

DEGREE DAYS
 HEATING
  TODAY            0                         5     -5        0
  MONTH TO DATE   62                        48     14        9
  SINCE SEP 1     62                        48     14        9
  SINCE JUL 1     78                        75      3        9

 COOLING
  TODAY            8                         1      7        8
  MONTH TO DATE   29                        42    -13       82
  SINCE SEP 1     29                        42    -13       82
  SINCE JAN 1    499                       529    -30      900
..................................................................


WIND (MPH)
  HIGHEST WIND SPEED     9   HIGHEST WIND DIRECTION     W (250)
  HIGHEST GUST SPEED    12   HIGHEST GUST DIRECTION    SW (220)
  AVERAGE WIND SPEED     4.1


SKY COVER
  AVERAGE SKY COVER 0.2


WEATHER CONDITIONS
 THE FOLLOWING WEATHER WAS RECORDED TODAY.
  NO SIGNIFICANT WEATHER WAS OBSERVED.


RELATIVE HUMIDITY (PERCENT)
 HIGHEST    93          1200 AM
 LOWEST     47           300 PM
 AVERAGE    70

..........................................................


THE BUFFALO NY CLIMATE NORMALS FOR TOMORROW
                         NORMAL    RECORD    YEAR
 MAXIMUM TEMPERATURE (F)   70        89      1946
 MINIMUM TEMPERATURE (F)   53        37      1943


SUNRISE AND SUNSET
SEPTEMBER 17 2017.....SUNRISE   657 AM EDT   SUNSET   721 PM EDT
SEPTEMBER 18 2017.....SUNRISE   658 AM EDT   SUNSET   719 PM EDT


-  INDICATES NEGATIVE NUMBERS.
R  INDICATES RECORD WAS SET OR TIED.
MM INDICATES DATA IS MISSING.
T  INDICATES TRACE AMOUNT.




$$
