000
CDUS41 KBUF 020705
CLIBUF


CLIMATE REPORT
NATIONAL WEATHER SERVICE BUFFALO NY
205 AM EST MON MAR 2 2015


...................................

...THE BUFFALO NY CLIMATE SUMMARY FOR MARCH 1 2015...

CLIMATE NORMAL PERIOD 1981 TO 2010
CLIMATE RECORD PERIOD 1871 TO 2015


WEATHER ITEM   OBSERVED TIME   RECORD YEAR NORMAL DEPARTURE LAST
                VALUE   (LST)  VALUE       VALUE  FROM      YEAR
                                                  NORMAL
..................................................................
TEMPERATURE (F)
 YESTERDAY
  MAXIMUM         27    301 PM  64    1954  37    -10       35
  MINIMUM          5   1232 AM  -2    1980  22    -17        9
                                      1884
  AVERAGE         16                        29    -13       22

PRECIPITATION (IN)
  YESTERDAY        0.12          1.50 1900   0.09   0.03     0.03
  MONTH TO DATE    0.12                      0.09   0.03     0.03
  SINCE MAR 1      0.12                      0.09   0.03     0.03
  SINCE JAN 1      5.11                      5.76  -0.65     6.81

SNOWFALL (IN)
  YESTERDAY       MM             5.6  2005   0.5   MM        0.2
  MONTH TO DATE   MM                         0.5   MM        0.2
  SINCE MAR 1     MM                         0.5   MM        0.2
  SINCE JUL 1    103.0                      79.3   23.7    104.4
  SNOW DEPTH      22

DEGREE DAYS
 HEATING
  YESTERDAY       49                        36     13       43
  MONTH TO DATE   49                        36     13       43
  SINCE MAR 1     49                        36     13       43
  SINCE JUL 1   5197                      4780    417     5149

 COOLING
  YESTERDAY        0                         0      0        0
  MONTH TO DATE    0                         0      0        0
  SINCE MAR 1      0                         0      0        0
  SINCE JAN 1      0                         0      0        0
..................................................................


WIND (MPH)
  HIGHEST WIND SPEED    17   HIGHEST WIND DIRECTION    SW (240)
  HIGHEST GUST SPEED    20   HIGHEST GUST DIRECTION     W (250)
  AVERAGE WIND SPEED     6.0


SKY COVER
  AVERAGE SKY COVER 1.0


WEATHER CONDITIONS
 THE FOLLOWING WEATHER WAS RECORDED YESTERDAY.
  LIGHT SNOW
  FOG
  HAZE


RELATIVE HUMIDITY (PERCENT)
 HIGHEST    92           700 PM
 LOWEST     61           300 AM
 AVERAGE    77

..........................................................


THE BUFFALO NY CLIMATE NORMALS FOR TODAY
                         NORMAL    RECORD    YEAR
 MAXIMUM TEMPERATURE (F)   37        66      1991
 MINIMUM TEMPERATURE (F)   22        -5      1980


SUNRISE AND SUNSET
MARCH  2 2015.........SUNRISE   650 AM EST   SUNSET   605 PM EST
MARCH  3 2015.........SUNRISE   648 AM EST   SUNSET   606 PM EST


-  INDICATES NEGATIVE NUMBERS.
R  INDICATES RECORD WAS SET OR TIED.
MM INDICATES DATA IS MISSING.
T  INDICATES TRACE AMOUNT.




$$
