000
CDUS41 KBUF 140705
CLIBUF


CLIMATE REPORT
NATIONAL WEATHER SERVICE BUFFALO NY
205 AM EST SAT JAN 14 2017


...................................

...THE BUFFALO NY CLIMATE SUMMARY FOR JANUARY 13 2017...

CLIMATE NORMAL PERIOD 1981 TO 2010
CLIMATE RECORD PERIOD 1871 TO 2017


WEATHER ITEM   OBSERVED TIME   RECORD YEAR NORMAL DEPARTURE LAST
                VALUE   (LST)  VALUE       VALUE  FROM      YEAR
                                                  NORMAL
..................................................................
TEMPERATURE (F)
 YESTERDAY
  MAXIMUM         33   1256 AM  68    2005  31      2       20
  MINIMUM         22   1159 PM -10    1914  19      3       15
  AVERAGE         28                        25      3       18

PRECIPITATION (IN)
  YESTERDAY        T             1.30 1895   0.10  -0.10     0.25
  MONTH TO DATE    1.38                      1.45  -0.07     1.11
  SINCE DEC 1      5.44                      5.34   0.10     4.01
  SINCE JAN 1      1.38                      1.45  -0.07     1.11

SNOWFALL (IN)
  YESTERDAY       MM             7.4  2016   0.8   MM        7.4
  MONTH TO DATE    2.9                      11.5   -8.6     14.3
  SINCE DEC 1     33.0                      38.9   -5.9     15.3
  SINCE JUL 1     33.9                      47.7  -13.8     15.3
  SNOW DEPTH       0

DEGREE DAYS
 HEATING
  YESTERDAY       37                        40     -3       47
  MONTH TO DATE  483                       515    -32      497
  SINCE DEC 1   1523                      1597    -74     1200
  SINCE JUL 1   2493                      2930   -437     2244

 COOLING
  YESTERDAY        0                         0      0        0
  MONTH TO DATE    0                         0      0        0
  SINCE DEC 1      0                         0      0        0
  SINCE JAN 1      0                         0      0        0
..................................................................


WIND (MPH)
  HIGHEST WIND SPEED    22   HIGHEST WIND DIRECTION     W (260)
  HIGHEST GUST SPEED    28   HIGHEST GUST DIRECTION     W (260)
  AVERAGE WIND SPEED    11.5


SKY COVER
  AVERAGE SKY COVER 0.7


WEATHER CONDITIONS
 THE FOLLOWING WEATHER WAS RECORDED YESTERDAY.
  LIGHT SNOW


RELATIVE HUMIDITY (PERCENT)
 HIGHEST    78           200 AM
 LOWEST     46           100 PM
 AVERAGE    62

..........................................................


THE BUFFALO NY CLIMATE NORMALS FOR TODAY
                         NORMAL    RECORD    YEAR
 MAXIMUM TEMPERATURE (F)   31        66      1995
 MINIMUM TEMPERATURE (F)   18        -9      1957
                                             1914


SUNRISE AND SUNSET
JANUARY 14 2017.......SUNRISE   743 AM EST   SUNSET   505 PM EST
JANUARY 15 2017.......SUNRISE   743 AM EST   SUNSET   506 PM EST


-  INDICATES NEGATIVE NUMBERS.
R  INDICATES RECORD WAS SET OR TIED.
MM INDICATES DATA IS MISSING.
T  INDICATES TRACE AMOUNT.




$$
