000
CDUS41 KBUF 260705
CLIBUF


CLIMATE REPORT
NATIONAL WEATHER SERVICE BUFFALO NY
205 AM EST FRI DEC 26 2014


...................................

...THE BUFFALO NY CLIMATE SUMMARY FOR DECEMBER 25 2014...

CLIMATE NORMAL PERIOD 1981 TO 2010
CLIMATE RECORD PERIOD 1871 TO 2014


WEATHER ITEM   OBSERVED TIME   RECORD YEAR NORMAL DEPARTURE LAST
                VALUE   (LST)  VALUE       VALUE  FROM      YEAR
                                                  NORMAL
..................................................................
TEMPERATURE (F)
 YESTERDAY
  MAXIMUM         43    217 PM  64    1982  34      9       26
  MINIMUM         38   1159 PM -10    1980  22     16        2
  AVERAGE         41                        28     13       14

PRECIPITATION (IN)
  YESTERDAY        T             1.14 2003   0.12  -0.12     0.00
  MONTH TO DATE    1.83                      3.14  -1.31     4.56
  SINCE DEC 1      1.83                      3.14  -1.31     4.56
  SINCE JAN 1     42.08                     39.73   2.35    45.65

SNOWFALL (IN)
  YESTERDAY       MM             8.4  2002   0.9   MM        0.0
  MONTH TO DATE    9.9                      21.2  -11.3     22.3
  SINCE DEC 1      9.9                      21.2  -11.3     22.3
  SINCE JUL 1     30.4                      30.0    0.4     32.3
  SNOW DEPTH       0

DEGREE DAYS
 HEATING
  YESTERDAY       24                        38    -14       51
  MONTH TO DATE  774                       853    -79      920
  SINCE DEC 1    774                       853    -79      920
  SINCE JUL 1   2072                      2186   -114     2238

 COOLING
  YESTERDAY        0                         0      0        0
  MONTH TO DATE    0                         0      0        0
  SINCE DEC 1      0                         0      0        0
  SINCE JAN 1    516                       544    -28      611
..................................................................


WIND (MPH)
  HIGHEST WIND SPEED    44   HIGHEST WIND DIRECTION    SW (240)
  HIGHEST GUST SPEED    57   HIGHEST GUST DIRECTION    SW (240)
  AVERAGE WIND SPEED    24.7


SKY COVER
  AVERAGE SKY COVER 1.0


WEATHER CONDITIONS
 THE FOLLOWING WEATHER WAS RECORDED YESTERDAY.
  LIGHT RAIN


RELATIVE HUMIDITY (PERCENT)
 HIGHEST    82          1200 AM
 LOWEST     70           200 PM
 AVERAGE    76

..........................................................


THE BUFFALO NY CLIMATE NORMALS FOR TODAY
                         NORMAL    RECORD    YEAR
 MAXIMUM TEMPERATURE (F)   33        55      1982
                                             1888
                                             1875
 MINIMUM TEMPERATURE (F)   21        -3      1993
                                             1983


SUNRISE AND SUNSET
DECEMBER 26 2014......SUNRISE   745 AM EST   SUNSET   446 PM EST
DECEMBER 27 2014......SUNRISE   745 AM EST   SUNSET   447 PM EST


-  INDICATES NEGATIVE NUMBERS.
R  INDICATES RECORD WAS SET OR TIED.
MM INDICATES DATA IS MISSING.
T  INDICATES TRACE AMOUNT.




$$
