000
CDUS41 KBUF 261021
CLIBUF


CLIMATE REPORT
NATIONAL WEATHER SERVICE BUFFALO NY
610 AM EDT WED AUG 26 2015


...................................

...THE BUFFALO NY CLIMATE SUMMARY FOR AUGUST 25 2015...

CLIMATE NORMAL PERIOD 1981 TO 2010
CLIMATE RECORD PERIOD 1871 TO 2015


WEATHER ITEM   OBSERVED TIME   RECORD YEAR NORMAL DEPARTURE LAST
                VALUE   (LST)  VALUE       VALUE  FROM      YEAR
                                                  NORMAL
..................................................................
TEMPERATURE (F)
 YESTERDAY
  MAXIMUM         67    104 PM  91    2012  77    -10       83
  MINIMUM         58   1159 PM  42    1963  60     -2       61
  AVERAGE         63                        69     -6       72

PRECIPITATION (IN)
  YESTERDAY        0.08          1.46 1982   0.10  -0.02     0.00
  MONTH TO DATE    4.38                      2.64   1.74     2.45
  SINCE JUN 1     11.83                      9.53   2.30    11.70
  SINCE JAN 1     24.46                     24.54  -0.08    29.23

SNOWFALL (IN)
  YESTERDAY        0.0           0.0    MM   0.0    0.0      0.0
  MONTH TO DATE    0.0                       0.0    0.0      0.0
  SINCE JUN 1      0.0                       0.0    0.0      0.0
  SINCE JUL 1      0.0                       0.0    0.0      0.0
  SNOW DEPTH       0

DEGREE DAYS
 HEATING
  YESTERDAY        2                         1      1        0
  MONTH TO DATE    3                        10     -7       10
  SINCE JUN 1     60                        83    -23       48
  SINCE JUL 1     10                        19     -9       20

 COOLING
  YESTERDAY        0                         4     -4        7
  MONTH TO DATE  143                       137      6      113
  SINCE JUN 1    417                       437    -20      391
  SINCE JAN 1    508                       463     45      414
..................................................................


WIND (MPH)
  HIGHEST WIND SPEED    17   HIGHEST WIND DIRECTION    SW (210)
  HIGHEST GUST SPEED    23   HIGHEST GUST DIRECTION    SW (230)
  AVERAGE WIND SPEED     8.8


SKY COVER
  AVERAGE SKY COVER 0.8


WEATHER CONDITIONS
 THE FOLLOWING WEATHER WAS RECORDED YESTERDAY.
  LIGHT RAIN
  HAZE


RELATIVE HUMIDITY (PERCENT)
 HIGHEST    80           800 AM
 LOWEST     52           100 PM
 AVERAGE    66

..........................................................


THE BUFFALO NY CLIMATE NORMALS FOR TODAY
                         NORMAL    RECORD    YEAR
 MAXIMUM TEMPERATURE (F)   77        93      1948
 MINIMUM TEMPERATURE (F)   60        45      1963


SUNRISE AND SUNSET
AUGUST 26 2015........SUNRISE   633 AM EDT   SUNSET   800 PM EDT
AUGUST 27 2015........SUNRISE   634 AM EDT   SUNSET   758 PM EDT


-  INDICATES NEGATIVE NUMBERS.
R  INDICATES RECORD WAS SET OR TIED.
MM INDICATES DATA IS MISSING.
T  INDICATES TRACE AMOUNT.




$$
