000
CDUS41 KBUF 300705
CLIBUF


CLIMATE REPORT
NATIONAL WEATHER SERVICE BUFFALO NY
305 AM EDT THU JUL 30 2015


...................................

...THE BUFFALO NY CLIMATE SUMMARY FOR JULY 29 2015...

CLIMATE NORMAL PERIOD 1981 TO 2010
CLIMATE RECORD PERIOD 1871 TO 2015


WEATHER ITEM   OBSERVED TIME   RECORD YEAR NORMAL DEPARTURE LAST
                VALUE   (LST)  VALUE       VALUE  FROM      YEAR
                                                  NORMAL
..................................................................
TEMPERATURE (F)
 YESTERDAY
  MAXIMUM         91    331 PM  94    1955  80     11       69
  MINIMUM         68    600 AM  51    1925  63      5       54
  AVERAGE         80                        71      9       62

PRECIPITATION (IN)
  YESTERDAY        0.00          3.38 1963   0.12  -0.12     0.45
  MONTH TO DATE    2.39                      3.00  -0.61     5.19
  SINCE JUN 1      7.42                      6.66   0.76     8.99
  SINCE JAN 1     20.05                     21.67  -1.62    26.52

SNOWFALL (IN)
  YESTERDAY        0.0           0.0    MM   0.0    0.0      0.0
  MONTH TO DATE    0.0                       0.0    0.0      0.0
  SINCE JUN 1      0.0                       0.0    0.0      0.0
  SINCE JUL 1      0.0                       0.0    0.0      0.0
  SNOW DEPTH       0

DEGREE DAYS
 HEATING
  YESTERDAY        0                         0      0        3
  MONTH TO DATE    7                         2      5       10
  SINCE JUN 1     57                        66     -9       38
  SINCE JUL 1      7                         2      5       10

 COOLING
  YESTERDAY       15                         6      9        0
  MONTH TO DATE  178                       189    -11      129
  SINCE JUN 1    254                       292    -38      277
  SINCE JAN 1    345                       318     27      300
..................................................................


WIND (MPH)
  HIGHEST WIND SPEED    14   HIGHEST WIND DIRECTION     W (250)
  HIGHEST GUST SPEED    19   HIGHEST GUST DIRECTION    SW (240)
  AVERAGE WIND SPEED     6.9


SKY COVER
  AVERAGE SKY COVER 0.6


WEATHER CONDITIONS
 THE FOLLOWING WEATHER WAS RECORDED YESTERDAY.
  NO SIGNIFICANT WEATHER WAS OBSERVED.


RELATIVE HUMIDITY (PERCENT)
 HIGHEST    76           500 AM
 LOWEST     34           100 PM
 AVERAGE    55

..........................................................


THE BUFFALO NY CLIMATE NORMALS FOR TODAY
                         NORMAL    RECORD    YEAR
 MAXIMUM TEMPERATURE (F)   80        93      1955
 MINIMUM TEMPERATURE (F)   62        47      1968


SUNRISE AND SUNSET
JULY 30 2015..........SUNRISE   604 AM EDT   SUNSET   838 PM EDT
JULY 31 2015..........SUNRISE   605 AM EDT   SUNSET   837 PM EDT


-  INDICATES NEGATIVE NUMBERS.
R  INDICATES RECORD WAS SET OR TIED.
MM INDICATES DATA IS MISSING.
T  INDICATES TRACE AMOUNT.




$$
