000
CDUS41 KBUF 131021
CLIBUF


CLIMATE REPORT
NATIONAL WEATHER SERVICE BUFFALO NY
619 AM EDT SUN AUG 13 2017


...................................

...THE BUFFALO NY CLIMATE SUMMARY FOR AUGUST 12 2017...

CLIMATE NORMAL PERIOD 1981 TO 2010
CLIMATE RECORD PERIOD 1871 TO 2017


WEATHER ITEM   OBSERVED TIME   RECORD YEAR NORMAL DEPARTURE LAST
                VALUE   (LST)  VALUE       VALUE  FROM      YEAR
                                                  NORMAL
..................................................................
TEMPERATURE (F)
 YESTERDAY
  MAXIMUM         77    109 PM  93    1988  79     -2       88
  MINIMUM         64   1159 PM  49    1986  62      2       76
                                      1982
                                      1968
  AVERAGE         71                        70      1       82

PRECIPITATION (IN)
  YESTERDAY        0.67          0.97 1908   0.11   0.56     0.05
  MONTH TO DATE    2.22                      1.31   0.91     0.42
  SINCE JUN 1      9.08                      8.20   0.88     3.53
  SINCE JAN 1     31.35                     23.21   8.14    14.77

SNOWFALL (IN)
  YESTERDAY        0.0           0.0    MM   0.0    0.0      0.0
  MONTH TO DATE    0.0                       0.0    0.0      0.0
  SINCE JUN 1      0.0                       0.0    0.0      0.0
  SINCE JUL 1      0.0                       0.0    0.0      0.0
  SNOW DEPTH       0

DEGREE DAYS
 HEATING
  YESTERDAY        0                         0      0        0
  MONTH TO DATE    0                         0      0        0
  SINCE JUN 1     50                        73    -23       42
  SINCE JUL 1      1                         9     -8        0

 COOLING
  YESTERDAY        6                         6      0       17
  MONTH TO DATE   68                        72     -4      149
  SINCE JUN 1    374                       372      2      570
  SINCE JAN 1    401                       398      3      629
..................................................................


WIND (MPH)
  HIGHEST WIND SPEED    22   HIGHEST WIND DIRECTION     W (270)
  HIGHEST GUST SPEED    30   HIGHEST GUST DIRECTION     W (280)
  AVERAGE WIND SPEED    10.5


SKY COVER
  AVERAGE SKY COVER 0.7


WEATHER CONDITIONS
 THE FOLLOWING WEATHER WAS RECORDED YESTERDAY.
  THUNDERSTORM
  HEAVY RAIN
  RAIN
  LIGHT RAIN
  FOG


RELATIVE HUMIDITY (PERCENT)
 HIGHEST    93           300 AM
 LOWEST     64           200 PM
 AVERAGE    79

..........................................................


THE BUFFALO NY CLIMATE NORMALS FOR TODAY
                         NORMAL    RECORD    YEAR
 MAXIMUM TEMPERATURE (F)   79        93      1947
 MINIMUM TEMPERATURE (F)   61        46      1979


SUNRISE AND SUNSET
AUGUST 13 2017........SUNRISE   619 AM EDT   SUNSET   820 PM EDT
AUGUST 14 2017........SUNRISE   620 AM EDT   SUNSET   818 PM EDT


-  INDICATES NEGATIVE NUMBERS.
R  INDICATES RECORD WAS SET OR TIED.
MM INDICATES DATA IS MISSING.
T  INDICATES TRACE AMOUNT.




$$
