000
CDUS41 KBUF 061012
CLIBUF


CLIMATE REPORT
NATIONAL WEATHER SERVICE BUFFALO NY
512 AM EST WED DEC 6 2017


...................................

...THE BUFFALO NY CLIMATE SUMMARY FOR DECEMBER 5 2017...

CLIMATE NORMAL PERIOD 1981 TO 2010
CLIMATE RECORD PERIOD 1871 TO 2017


WEATHER ITEM   OBSERVED TIME   RECORD YEAR NORMAL DEPARTURE LAST
                VALUE   (LST)  VALUE       VALUE  FROM      YEAR
                                                  NORMAL
..................................................................
TEMPERATURE (F)
 YESTERDAY
  MAXIMUM         53    147 PM  67    1982  40     13       41
  MINIMUM         35   1159 PM  -3    1886  27      8       33
  AVERAGE         44                        34     10       37

PRECIPITATION (IN)
  YESTERDAY        0.46          0.88 1977   0.13   0.33     0.21
  MONTH TO DATE    0.46                      0.63  -0.17     0.60
  SINCE DEC 1      0.46                      0.63  -0.17     0.60
  SINCE JAN 1     46.01                     37.22   8.79    30.41

SNOWFALL (IN)
  YESTERDAY        T             9.5  1977   0.6   -0.6      0.3
  MONTH TO DATE    T                         3.1   -3.1      0.3
  SINCE DEC 1      T                         3.1   -3.1      0.3
  SINCE JUL 1      0.2                      11.9  -11.7      1.2
  SNOW DEPTH       0

DEGREE DAYS
 HEATING
  YESTERDAY       21                        32    -11       28
  MONTH TO DATE  121                       154    -33      130
  SINCE DEC 1    121                       154    -33      130
  SINCE JUL 1   1236                      1487   -251     1100

 COOLING
  YESTERDAY        0                         0      0        0
  MONTH TO DATE    0                         0      0        0
  SINCE DEC 1      0                         0      0        0
  SINCE JAN 1    603                       544     59      939
..................................................................


WIND (MPH)
  HIGHEST WIND SPEED    40   HIGHEST WIND DIRECTION    SW (240)
  HIGHEST GUST SPEED    51   HIGHEST GUST DIRECTION     W (260)
  AVERAGE WIND SPEED    22.3


SKY COVER
  AVERAGE SKY COVER 1.0


WEATHER CONDITIONS
 THE FOLLOWING WEATHER WAS RECORDED YESTERDAY.
  RAIN
  LIGHT RAIN


RELATIVE HUMIDITY (PERCENT)
 HIGHEST    86           600 AM
 LOWEST     44           200 AM
 AVERAGE    65

..........................................................


THE BUFFALO NY CLIMATE NORMALS FOR TODAY
                         NORMAL    RECORD    YEAR
 MAXIMUM TEMPERATURE (F)   39        69      1998
 MINIMUM TEMPERATURE (F)   27         3      1886


SUNRISE AND SUNSET
DECEMBER  6 2017......SUNRISE   732 AM EST   SUNSET   440 PM EST
DECEMBER  7 2017......SUNRISE   733 AM EST   SUNSET   440 PM EST


-  INDICATES NEGATIVE NUMBERS.
R  INDICATES RECORD WAS SET OR TIED.
MM INDICATES DATA IS MISSING.
T  INDICATES TRACE AMOUNT.




$$
