000
CDUS41 KBUF 180705
CLIBUF


CLIMATE REPORT
NATIONAL WEATHER SERVICE BUFFALO NY
305 AM EDT SUN JUN 18 2017


...................................

...THE BUFFALO NY CLIMATE SUMMARY FOR JUNE 17 2017...

CLIMATE NORMAL PERIOD 1981 TO 2010
CLIMATE RECORD PERIOD 1871 TO 2017


WEATHER ITEM   OBSERVED TIME   RECORD YEAR NORMAL DEPARTURE LAST
                VALUE   (LST)  VALUE       VALUE  FROM      YEAR
                                                  NORMAL
..................................................................
TEMPERATURE (F)
 YESTERDAY
  MAXIMUM         89    259 PM  94    1994  76     13       87
  MINIMUM         70    559 AM  42    1980  58     12       56
  AVERAGE         80                        67     13       72

PRECIPITATION (IN)
  YESTERDAY        0.00          1.61 1937   0.13  -0.13     0.00
  MONTH TO DATE    0.40                      2.17  -1.77     0.61
  SINCE JUN 1      0.40                      2.17  -1.77     0.61
  SINCE JAN 1     22.67                     17.18   5.49    11.85

SNOWFALL (IN)
  YESTERDAY        0.0           0.0    MM   0.0    0.0      0.0
  MONTH TO DATE    0.0                       0.0    0.0      0.0
  SINCE JUN 1      0.0                       0.0    0.0      0.0
  SINCE JUL 1     76.1                      94.7  -18.6     55.1
  SNOW DEPTH       0

DEGREE DAYS
 HEATING
  YESTERDAY        0                         2     -2        0
  MONTH TO DATE   41                        50     -9       42
  SINCE JUN 1     41                        50     -9       42
  SINCE JUL 1   5635                      6603   -968     5637

 COOLING
  YESTERDAY       15                         4     11        7
  MONTH TO DATE   73                        42     31       48
  SINCE JUN 1     73                        42     31       48
  SINCE JAN 1    100                        68     32      107
..................................................................


WIND (MPH)
  HIGHEST WIND SPEED    20   HIGHEST WIND DIRECTION     S (190)
  HIGHEST GUST SPEED    27   HIGHEST GUST DIRECTION    SW (210)
  AVERAGE WIND SPEED     9.3


SKY COVER
  AVERAGE SKY COVER 0.6


WEATHER CONDITIONS
 THE FOLLOWING WEATHER WAS RECORDED YESTERDAY.
  NO SIGNIFICANT WEATHER WAS OBSERVED.


RELATIVE HUMIDITY (PERCENT)
 HIGHEST    78           600 AM
 LOWEST     39           100 PM
 AVERAGE    59

..........................................................


THE BUFFALO NY CLIMATE NORMALS FOR TODAY
                         NORMAL    RECORD    YEAR
 MAXIMUM TEMPERATURE (F)   76        95      1994
                                             1957
 MINIMUM TEMPERATURE (F)   58        40      1950


SUNRISE AND SUNSET
JUNE 18 2017..........SUNRISE   536 AM EDT   SUNSET   857 PM EDT
JUNE 19 2017..........SUNRISE   536 AM EDT   SUNSET   857 PM EDT


-  INDICATES NEGATIVE NUMBERS.
R  INDICATES RECORD WAS SET OR TIED.
MM INDICATES DATA IS MISSING.
T  INDICATES TRACE AMOUNT.




$$
