996
CDUS41 KBUF 262025
CLIBUF


CLIMATE REPORT
NATIONAL WEATHER SERVICE BUFFALO NY
423 PM EDT SUN MAR 26 2017


...................................

...THE BUFFALO NY CLIMATE SUMMARY FOR MARCH 26 2017...
VALID TODAY AS OF 0400 PM LOCAL TIME.

CLIMATE NORMAL PERIOD 1981 TO 2010
CLIMATE RECORD PERIOD 1871 TO 2017


WEATHER ITEM   OBSERVED TIME   RECORD YEAR NORMAL DEPARTURE LAST
                VALUE   (LST)  VALUE       VALUE  FROM      YEAR
                                                  NORMAL
..................................................................
TEMPERATURE (F)
 TODAY
  MAXIMUM         60    251 PM  81    1945  46     14       50
  MINIMUM         35    155 AM   7    1960  29      6       29
  AVERAGE         48                        38     10       40

PRECIPITATION (IN)
  TODAY            0.05          1.14 1877   0.10  -0.05     0.00
  MONTH TO DATE    3.21                      2.39   0.82     2.07
  SINCE MAR 1      3.21                      2.39   0.82     2.07
  SINCE JAN 1      8.39                      8.06   0.33     7.35

SNOWFALL (IN)
  TODAY            0.0           7.4  1955   0.3   -0.3      0.0
  MONTH TO DATE   26.8                      11.6   15.2      0.9
  SINCE MAR 1     26.8                      11.6   15.2      0.9
  SINCE JUL 1     73.8                      90.4  -16.6     48.0
  SNOW DEPTH       0

DEGREE DAYS
 HEATING
  TODAY           17                        27    -10       25
  MONTH TO DATE  877                       830     47      687
  SINCE MAR 1    877                       830     47      687
  SINCE JUL 1   4769                      5574   -805     4625

 COOLING
  TODAY            0                         0      0        0
  MONTH TO DATE    0                         0      0        0
  SINCE MAR 1      0                         0      0        0
  SINCE JAN 1      0                         0      0        0
..................................................................


WIND (MPH)
  HIGHEST WIND SPEED    18   HIGHEST WIND DIRECTION     E (70)
  HIGHEST GUST SPEED    22   HIGHEST GUST DIRECTION     E (70)
  AVERAGE WIND SPEED    11.4


SKY COVER
  AVERAGE SKY COVER 0.9


WEATHER CONDITIONS
 THE FOLLOWING WEATHER WAS RECORDED TODAY.
  RAIN
  LIGHT RAIN
  FOG


RELATIVE HUMIDITY (PERCENT)
 HIGHEST    92           300 AM
 LOWEST     57           300 PM
 AVERAGE    75

..........................................................


THE BUFFALO NY CLIMATE NORMALS FOR TOMORROW
                         NORMAL    RECORD    YEAR
 MAXIMUM TEMPERATURE (F)   46        75      1989
 MINIMUM TEMPERATURE (F)   30        11      1966


SUNRISE AND SUNSET
MARCH 26 2017.........SUNRISE   707 AM EDT   SUNSET   735 PM EDT
MARCH 27 2017.........SUNRISE   705 AM EDT   SUNSET   736 PM EDT


-  INDICATES NEGATIVE NUMBERS.
R  INDICATES RECORD WAS SET OR TIED.
MM INDICATES DATA IS MISSING.
T  INDICATES TRACE AMOUNT.




$$
