000
CDUS41 KBUF 240706
CLIBUF


CLIMATE REPORT
NATIONAL WEATHER SERVICE BUFFALO NY
305 AM EDT SUN MAY 24 2015


...................................

...THE BUFFALO NY CLIMATE SUMMARY FOR MAY 23 2015...

CLIMATE NORMAL PERIOD 1981 TO 2010
CLIMATE RECORD PERIOD 1871 TO 2015


WEATHER ITEM   OBSERVED TIME   RECORD YEAR NORMAL DEPARTURE LAST
                VALUE   (LST)  VALUE       VALUE  FROM      YEAR
                                                  NORMAL
..................................................................
TEMPERATURE (F)
 YESTERDAY
  MAXIMUM         63    427 PM  90    1991  69     -6       54
  MINIMUM         34    520 AM  33    1967  50    -16       48
  AVERAGE         49                        59    -10       51

PRECIPITATION (IN)
  YESTERDAY        0.00          1.53 1940   0.13  -0.13     0.02
  MONTH TO DATE    0.71                      2.50  -1.79     2.92
  SINCE MAR 1      4.85                      8.38  -3.53    10.55
  SINCE JAN 1      9.84                     14.05  -4.21    17.33

SNOWFALL (IN)
  YESTERDAY        0.0           0.0    MM   0.0    0.0      0.0
  MONTH TO DATE    0.0                       0.3   -0.3      0.0
  SINCE MAR 1      9.9                      15.9   -6.0     25.7
  SINCE JUL 1    112.9                      94.7   18.2    129.9
  SNOW DEPTH       0

DEGREE DAYS
 HEATING
  YESTERDAY       16                         7      9       14
  MONTH TO DATE  143                       227    -84      216
  SINCE MAR 1   1815                      1764     51     1965
  SINCE JUL 1   6963                      6508    455     7071

 COOLING
  YESTERDAY        0                         1     -1        0
  MONTH TO DATE   54                        11     43       21
  SINCE MAR 1     54                        14     40       21
  SINCE JAN 1     54                        14     40       21
..................................................................


WIND (MPH)
  HIGHEST WIND SPEED    22   HIGHEST WIND DIRECTION     W (250)
  HIGHEST GUST SPEED    28   HIGHEST GUST DIRECTION     W (250)
  AVERAGE WIND SPEED     9.9


SKY COVER
  AVERAGE SKY COVER 0.2


WEATHER CONDITIONS
 THE FOLLOWING WEATHER WAS RECORDED YESTERDAY.
  NO SIGNIFICANT WEATHER WAS OBSERVED.


RELATIVE HUMIDITY (PERCENT)
 HIGHEST    82           500 AM
 LOWEST     20           500 PM
 AVERAGE    51

..........................................................


THE BUFFALO NY CLIMATE NORMALS FOR TODAY
                         NORMAL    RECORD    YEAR
 MAXIMUM TEMPERATURE (F)   69        88      1922
 MINIMUM TEMPERATURE (F)   50        31      1963
                                             1925


SUNRISE AND SUNSET
MAY 24 2015...........SUNRISE   544 AM EDT   SUNSET   840 PM EDT
MAY 25 2015...........SUNRISE   543 AM EDT   SUNSET   841 PM EDT


-  INDICATES NEGATIVE NUMBERS.
R  INDICATES RECORD WAS SET OR TIED.
MM INDICATES DATA IS MISSING.
T  INDICATES TRACE AMOUNT.




$$
