000
CDUS41 KBUF 192025
CLIBUF


CLIMATE REPORT
NATIONAL WEATHER SERVICE BUFFALO NY
424 PM EDT WED JUL 19 2017


...................................

...THE BUFFALO NY CLIMATE SUMMARY FOR JULY 19 2017...
VALID TODAY AS OF 0400 PM LOCAL TIME.

CLIMATE NORMAL PERIOD 1981 TO 2010
CLIMATE RECORD PERIOD 1871 TO 2017


WEATHER ITEM   OBSERVED TIME   RECORD YEAR NORMAL DEPARTURE LAST
                VALUE   (LST)  VALUE       VALUE  FROM      YEAR
                                                  NORMAL
..................................................................
TEMPERATURE (F)
 TODAY
  MAXIMUM         85    251 PM  92    1916  80      5       78
  MINIMUM         61    426 AM  50    1912  63     -2       61
  AVERAGE         73                        71      2       70

PRECIPITATION (IN)
  TODAY            0.00          1.88 2007   0.11  -0.11     0.00
  MONTH TO DATE    3.10                      1.90   1.20     0.76
  SINCE JUN 1      5.31                      5.56  -0.25     2.07
  SINCE JAN 1     27.58                     20.57   7.01    13.31

SNOWFALL (IN)
  TODAY            0.0           0.0    MM   0.0    0.0      0.0
  MONTH TO DATE    0.0                       0.0    0.0      0.0
  SINCE JUN 1      0.0                       0.0    0.0      0.0
  SINCE JUL 1      0.0                       0.0    0.0      0.0
  SNOW DEPTH       0

DEGREE DAYS
 HEATING
  TODAY            0                         0      0        0
  MONTH TO DATE    0                         2     -2        0
  SINCE JUN 1     49                        66    -17       42
  SINCE JUL 1      0                         2     -2        0

 COOLING
  TODAY            8                         7      1        5
  MONTH TO DATE  118                       122     -4      164
  SINCE JUN 1    241                       225     16      292
  SINCE JAN 1    268                       251     17      351
..................................................................


WIND (MPH)
  HIGHEST WIND SPEED    18   HIGHEST WIND DIRECTION    SW (230)
  HIGHEST GUST SPEED    22   HIGHEST GUST DIRECTION     W (250)
  AVERAGE WIND SPEED     9.6


SKY COVER
  AVERAGE SKY COVER 0.4


WEATHER CONDITIONS
 THE FOLLOWING WEATHER WAS RECORDED TODAY.
  NO SIGNIFICANT WEATHER WAS OBSERVED.


RELATIVE HUMIDITY (PERCENT)
 HIGHEST    84           200 AM
 LOWEST     58          1000 AM
 AVERAGE    71

..........................................................


THE BUFFALO NY CLIMATE NORMALS FOR TOMORROW
                         NORMAL    RECORD    YEAR
 MAXIMUM TEMPERATURE (F)   80        91      1994
                                             1978
                                             1916
 MINIMUM TEMPERATURE (F)   63        46      1965


SUNRISE AND SUNSET
JULY 19 2017..........SUNRISE   553 AM EDT   SUNSET   849 PM EDT
JULY 20 2017..........SUNRISE   554 AM EDT   SUNSET   848 PM EDT


-  INDICATES NEGATIVE NUMBERS.
R  INDICATES RECORD WAS SET OR TIED.
MM INDICATES DATA IS MISSING.
T  INDICATES TRACE AMOUNT.

$$
