000
CDUS41 KBUF 180706
CLIBUF


CLIMATE REPORT
NATIONAL WEATHER SERVICE BUFFALO NY
305 AM EDT MON MAY 18 2015


...................................

...THE BUFFALO NY CLIMATE SUMMARY FOR MAY 17 2015...

CLIMATE NORMAL PERIOD 1981 TO 2010
CLIMATE RECORD PERIOD 1871 TO 2015


WEATHER ITEM   OBSERVED TIME   RECORD YEAR NORMAL DEPARTURE LAST
                VALUE   (LST)  VALUE       VALUE  FROM      YEAR
                                                  NORMAL
..................................................................
TEMPERATURE (F)
 YESTERDAY
  MAXIMUM         83    450 PM  87    1949  67     16       56
  MINIMUM         60    311 AM  32    1983  48     12       41
                                      1956
  AVERAGE         72                        57     15       49

PRECIPITATION (IN)
  YESTERDAY        0.00          1.54 1953   0.11  -0.11      T
  MONTH TO DATE    0.68                      1.78  -1.10     2.69
  SINCE MAR 1      4.82                      7.66  -2.84    10.32
  SINCE JAN 1      9.81                     13.33  -3.52    17.10

SNOWFALL (IN)
  YESTERDAY        0.0           T    1923   0.1   -0.1      0.0
  MONTH TO DATE    0.0                       0.3   -0.3      0.0
  SINCE MAR 1      9.9                      15.9   -6.0     25.7
  SINCE JUL 1    112.9                      94.7   18.2    129.9
  SNOW DEPTH       0

DEGREE DAYS
 HEATING
  YESTERDAY        0                         8     -8       16
  MONTH TO DATE   75                       182   -107      163
  SINCE MAR 1   1747                      1719     28     1912
  SINCE JUL 1   6895                      6463    432     7018

 COOLING
  YESTERDAY        7                         1      6        0
  MONTH TO DATE   47                         5     42       21
  SINCE MAR 1     47                         8     39       21
  SINCE JAN 1     47                         8     39       21
..................................................................


WIND (MPH)
  HIGHEST WIND SPEED    13   HIGHEST WIND DIRECTION    NE (60)
  HIGHEST GUST SPEED    16   HIGHEST GUST DIRECTION    NE (40)
  AVERAGE WIND SPEED     3.5


SKY COVER
  AVERAGE SKY COVER 0.7


WEATHER CONDITIONS
 THE FOLLOWING WEATHER WAS RECORDED YESTERDAY.
  FOG


RELATIVE HUMIDITY (PERCENT)
 HIGHEST    90          1200 AM
 LOWEST     45           100 PM
 AVERAGE    68

..........................................................


THE BUFFALO NY CLIMATE NORMALS FOR TODAY
                         NORMAL    RECORD    YEAR
 MAXIMUM TEMPERATURE (F)   67        89      1889
 MINIMUM TEMPERATURE (F)   48        33      1981


SUNRISE AND SUNSET
MAY 18 2015...........SUNRISE   549 AM EDT   SUNSET   834 PM EDT
MAY 19 2015...........SUNRISE   548 AM EDT   SUNSET   835 PM EDT


-  INDICATES NEGATIVE NUMBERS.
R  INDICATES RECORD WAS SET OR TIED.
MM INDICATES DATA IS MISSING.
T  INDICATES TRACE AMOUNT.




$$
