000
CDUS41 KBUF 231013
CLIBUF


CLIMATE REPORT
NATIONAL WEATHER SERVICE BUFFALO NY
611 AM EDT SUN AUG 23 2015


...................................

...THE BUFFALO NY CLIMATE SUMMARY FOR AUGUST 22 2015...

CLIMATE NORMAL PERIOD 1981 TO 2010
CLIMATE RECORD PERIOD 1871 TO 2015


WEATHER ITEM   OBSERVED TIME   RECORD YEAR NORMAL DEPARTURE LAST
                VALUE   (LST)  VALUE       VALUE  FROM      YEAR
                                                  NORMAL
..................................................................
TEMPERATURE (F)
 YESTERDAY
  MAXIMUM         77    305 PM  88    2008  78     -1       81
  MINIMUM         57    623 AM  42    1982  60     -3       66
  AVERAGE         67                        69     -2       74

PRECIPITATION (IN)
  YESTERDAY        0.00          1.77 1968   0.10  -0.10      T
  MONTH TO DATE    4.30                      2.34   1.96     2.45
  SINCE JUN 1     11.75                      9.23   2.52    11.70
  SINCE JAN 1     24.38                     24.24   0.14    29.23

SNOWFALL (IN)
  YESTERDAY        0.0           0.0    MM   0.0    0.0      0.0
  MONTH TO DATE    0.0                       0.0    0.0      0.0
  SINCE JUN 1      0.0                       0.0    0.0      0.0
  SINCE JUL 1      0.0                       0.0    0.0      0.0
  SNOW DEPTH       0

DEGREE DAYS
 HEATING
  YESTERDAY        0                         1     -1        0
  MONTH TO DATE    1                         7     -6       10
  SINCE JUN 1     58                        80    -22       48
  SINCE JUL 1      8                        16     -8       20

 COOLING
  YESTERDAY        2                         5     -3        9
  MONTH TO DATE  134                       124     10       93
  SINCE JUN 1    408                       424    -16      371
  SINCE JAN 1    499                       450     49      394
..................................................................


WIND (MPH)
  HIGHEST WIND SPEED    12   HIGHEST WIND DIRECTION     N (350)
  HIGHEST GUST SPEED    15   HIGHEST GUST DIRECTION    NE (30)
  AVERAGE WIND SPEED     3.6


SKY COVER
  AVERAGE SKY COVER 0.3


WEATHER CONDITIONS
 THE FOLLOWING WEATHER WAS RECORDED YESTERDAY.
  NO SIGNIFICANT WEATHER WAS OBSERVED.


RELATIVE HUMIDITY (PERCENT)
 HIGHEST    87           700 AM
 LOWEST     38           300 PM
 AVERAGE    63

..........................................................


THE BUFFALO NY CLIMATE NORMALS FOR TODAY
                         NORMAL    RECORD    YEAR
 MAXIMUM TEMPERATURE (F)   78        90      1959
                                             1948
 MINIMUM TEMPERATURE (F)   60        46      1952


SUNRISE AND SUNSET
AUGUST 23 2015........SUNRISE   629 AM EDT   SUNSET   805 PM EDT
AUGUST 24 2015........SUNRISE   630 AM EDT   SUNSET   803 PM EDT


-  INDICATES NEGATIVE NUMBERS.
R  INDICATES RECORD WAS SET OR TIED.
MM INDICATES DATA IS MISSING.
T  INDICATES TRACE AMOUNT.




$$
