000
CDUS41 KBUF 072022
CLIBUF


CLIMATE REPORT
NATIONAL WEATHER SERVICE BUFFALO NY
421 PM EDT MON APR 7 2014


...................................

...THE BUFFALO NY CLIMATE SUMMARY FOR APRIL 7 2014...
VALID TODAY AS OF 0400 PM LOCAL TIME.

CLIMATE NORMAL PERIOD 1981 TO 2010
CLIMATE RECORD PERIOD 1871 TO 2014


WEATHER ITEM   OBSERVED TIME   RECORD YEAR NORMAL DEPARTURE LAST
                VALUE   (LST)  VALUE       VALUE  FROM      YEAR
                                                  NORMAL
..................................................................
TEMPERATURE (F)
 TODAY
  MAXIMUM         53   1151 AM  79    1921  51      2       64
  MINIMUM         36    224 AM  12    1982  34      2       41
  AVERAGE         45                        42      3       53

PRECIPITATION (IN)
  TODAY            0.09          1.00 1942   0.11  -0.02      T
  MONTH TO DATE    0.59                      0.73  -0.14     0.01
  SINCE MAR 1      3.14                      3.60  -0.46     1.07
  SINCE JAN 1      9.92                      9.27   0.65     6.62

SNOWFALL (IN)
  TODAY            0.0           2.9  1958   0.2   -0.2      0.0
  MONTH TO DATE    0.2                       1.2   -1.0      0.3
  SINCE MAR 1     24.7                      14.1   10.6     10.1
  SINCE JUL 1    128.9                      92.9   36.0     58.8
  SNOW DEPTH       0

DEGREE DAYS
 HEATING
  TODAY           20                        23     -3       12
  MONTH TO DATE  171                       167      4      196
  SINCE MAR 1   1349                      1128    221     1182
  SINCE JUL 1   6455                      5872    583     5502

 COOLING
  TODAY            0                         0      0        0
  MONTH TO DATE    0                         0      0        0
  SINCE MAR 1      0                         0      0        0
  SINCE JAN 1      0                         0      0        0
..................................................................


WIND (MPH)
  HIGHEST WIND SPEED    21   HIGHEST WIND DIRECTION    SE (150)
  HIGHEST GUST SPEED    24   HIGHEST GUST DIRECTION     S (160)
  AVERAGE WIND SPEED     8.3


SKY COVER
  AVERAGE SKY COVER 0.8


WEATHER CONDITIONS
 THE FOLLOWING WEATHER WAS RECORDED TODAY.
  RAIN
  LIGHT RAIN


RELATIVE HUMIDITY (PERCENT)
 HIGHEST    83           300 PM
 LOWEST     35          1100 AM
 AVERAGE    59

..........................................................


THE BUFFALO NY CLIMATE NORMALS FOR TOMORROW
                         NORMAL    RECORD    YEAR
 MAXIMUM TEMPERATURE (F)   52        75      1991
                                             1921
 MINIMUM TEMPERATURE (F)   34        13      1972


SUNRISE AND SUNSET
APRIL  7 2014.........SUNRISE   647 AM EDT   SUNSET   748 PM EDT
APRIL  8 2014.........SUNRISE   645 AM EDT   SUNSET   749 PM EDT


-  INDICATES NEGATIVE NUMBERS.
R  INDICATES RECORD WAS SET OR TIED.
MM INDICATES DATA IS MISSING.
T  INDICATES TRACE AMOUNT.




$$
