000
CDUS41 KBUF 102133
CLIBUF


CLIMATE REPORT
NATIONAL WEATHER SERVICE BUFFALO NY
433 PM EST SAT FEB 10 2018


...................................

...THE BUFFALO NY CLIMATE SUMMARY FOR FEBRUARY 10 2018...
VALID TODAY AS OF 0400 PM LOCAL TIME.

CLIMATE NORMAL PERIOD 1981 TO 2010
CLIMATE RECORD PERIOD 1871 TO 2018


WEATHER ITEM   OBSERVED TIME   RECORD YEAR NORMAL DEPARTURE LAST
                VALUE   (LST)  VALUE       VALUE  FROM      YEAR
                                                  NORMAL
..................................................................
TEMPERATURE (F)
 TODAY
  MAXIMUM         30    313 PM  57    1965  32     -2       31
  MINIMUM         27    427 AM -13    1912  19      8       18
  AVERAGE         29                        25      4       25

PRECIPITATION (IN)
  TODAY            0.23          0.79 1959   0.09   0.14     0.10
  MONTH TO DATE    1.22                      0.88   0.34     0.79
  SINCE DEC 1      7.88                      7.95  -0.07     7.77
  SINCE JAN 1      4.95                      4.06   0.89     3.71

SNOWFALL (IN)
  TODAY            2.1           6.2  1958   0.7    1.4      1.2
  MONTH TO DATE   16.5                       6.7    9.8      2.6
  SINCE DEC 1     81.4                      59.4   22.0     43.7
  SINCE JUL 1     81.6                      68.2   13.4     44.6
  SNOW DEPTH       8

DEGREE DAYS
 HEATING
  TODAY           36                        40     -4       40
  MONTH TO DATE  435                       400     35      370
  SINCE DEC 1   2911                      2726    185     2455
  SINCE JUL 1   4026                      4059    -33     3425

 COOLING
  TODAY            0                         0      0        0
  MONTH TO DATE    0                         0      0        0
  SINCE DEC 1      0                         0      0        0
  SINCE JAN 1      0                         0      0        0
..................................................................


WIND (MPH)
  HIGHEST WIND SPEED    13   HIGHEST WIND DIRECTION    NE (30)
  HIGHEST GUST SPEED    16   HIGHEST GUST DIRECTION     N (20)
  AVERAGE WIND SPEED     4.4


SKY COVER
  AVERAGE SKY COVER 1.0


WEATHER CONDITIONS
 THE FOLLOWING WEATHER WAS RECORDED TODAY.
  SNOW
  LIGHT SNOW
  FOG


RELATIVE HUMIDITY (PERCENT)
 HIGHEST   100           100 AM
 LOWEST     85          1200 PM
 AVERAGE    93

..........................................................


THE BUFFALO NY CLIMATE NORMALS FOR TOMORROW
                         NORMAL    RECORD    YEAR
 MAXIMUM TEMPERATURE (F)   32        68      1932
 MINIMUM TEMPERATURE (F)   19       -13      1885


SUNRISE AND SUNSET
FEBRUARY 10 2018......SUNRISE   719 AM EST   SUNSET   540 PM EST
FEBRUARY 11 2018......SUNRISE   718 AM EST   SUNSET   541 PM EST


-  INDICATES NEGATIVE NUMBERS.
R  INDICATES RECORD WAS SET OR TIED.
MM INDICATES DATA IS MISSING.
T  INDICATES TRACE AMOUNT.




$$
