767
CDUS41 KBUF 140706
CLIBUF


CLIMATE REPORT
NATIONAL WEATHER SERVICE BUFFALO NY
305 AM EDT THU MAY 14 2015


...................................

...THE BUFFALO NY CLIMATE SUMMARY FOR MAY 13 2015...

CLIMATE NORMAL PERIOD 1981 TO 2010
CLIMATE RECORD PERIOD 1871 TO 2015


WEATHER ITEM   OBSERVED TIME   RECORD YEAR NORMAL DEPARTURE LAST
                VALUE   (LST)  VALUE       VALUE  FROM      YEAR
                                                  NORMAL
..................................................................
TEMPERATURE (F)
 YESTERDAY
  MAXIMUM         53    309 PM  85    2014  66    -13       85
                                      2011
                                      2004
  MINIMUM         41   1152 PM  30    1895  46     -5       63
  AVERAGE         47                        56     -9       74

PRECIPITATION (IN)
  YESTERDAY        T             1.94 1990   0.11  -0.11     0.61
  MONTH TO DATE    0.67                      1.35  -0.68     1.07
  SINCE MAR 1      4.81                      7.23  -2.42     8.70
  SINCE JAN 1      9.80                     12.90  -3.10    15.48

SNOWFALL (IN)
  YESTERDAY       MM             T    2013   0.0   MM        0.0
                                      1984
  MONTH TO DATE    0.0                       0.2   -0.2      0.0
  SINCE MAR 1      9.9                      15.8   -5.9     25.7
  SINCE JUL 1    112.9                      94.6   18.3    129.9
  SNOW DEPTH       0

DEGREE DAYS
 HEATING
  YESTERDAY       18                         9      9        0
  MONTH TO DATE   55                       147    -92      128
  SINCE MAR 1   1727                      1684     43     1877
  SINCE JUL 1   6875                      6428    447     6983

 COOLING
  YESTERDAY        0                         1     -1        9
  MONTH TO DATE   40                         1     39       15
  SINCE MAR 1     40                         4     36       15
  SINCE JAN 1     40                         4     36       15
..................................................................


WIND (MPH)
  HIGHEST WIND SPEED    21   HIGHEST WIND DIRECTION    NW (310)
  HIGHEST GUST SPEED    27   HIGHEST GUST DIRECTION    NW (320)
  AVERAGE WIND SPEED    10.7


SKY COVER
  AVERAGE SKY COVER 0.7


WEATHER CONDITIONS
 THE FOLLOWING WEATHER WAS RECORDED YESTERDAY.
  LIGHT RAIN
  FOG


RELATIVE HUMIDITY (PERCENT)
 HIGHEST    89          1100 PM
 LOWEST     54           300 PM
 AVERAGE    72

..........................................................


THE BUFFALO NY CLIMATE NORMALS FOR TODAY
                         NORMAL    RECORD    YEAR
 MAXIMUM TEMPERATURE (F)   66        88      1974
 MINIMUM TEMPERATURE (F)   47        33      1878


SUNRISE AND SUNSET
MAY 14 2015...........SUNRISE   553 AM EDT   SUNSET   830 PM EDT
MAY 15 2015...........SUNRISE   552 AM EDT   SUNSET   831 PM EDT


-  INDICATES NEGATIVE NUMBERS.
R  INDICATES RECORD WAS SET OR TIED.
MM INDICATES DATA IS MISSING.
T  INDICATES TRACE AMOUNT.




$$
