620
CDUS41 KBUF 062129
CLIBUF


CLIMATE REPORT
NATIONAL WEATHER SERVICE BUFFALO NY
428 PM EST SAT FEB 6 2016


...................................

...THE BUFFALO NY CLIMATE SUMMARY FOR FEBRUARY 6 2016...
VALID TODAY AS OF 0400 PM LOCAL TIME.

CLIMATE NORMAL PERIOD 1981 TO 2010
CLIMATE RECORD PERIOD 1871 TO 2016


WEATHER ITEM   OBSERVED TIME   RECORD YEAR NORMAL DEPARTURE LAST
                VALUE   (LST)  VALUE       VALUE  FROM      YEAR
                                                  NORMAL
..................................................................
TEMPERATURE (F)
 TODAY
  MAXIMUM         35    139 PM  55    1909  32      3       22
  MINIMUM         27   1247 AM -13    1895  18      9        6
  AVERAGE         31                        25      6       14

PRECIPITATION (IN)
  TODAY            T             1.58 1897   0.09  -0.09     0.05
  MONTH TO DATE    0.75                      0.53   0.22     1.12
  SINCE DEC 1      5.46                      7.60  -2.14     5.86
  SINCE JAN 1      2.56                      3.71  -1.15     3.71

SNOWFALL (IN)
  TODAY            T            10.1  1988   0.6   -0.6      1.1
  MONTH TO DATE    1.0                       4.1   -3.1     22.1
  SINCE DEC 1     27.6                      56.8  -29.2     58.4
  SINCE JUL 1     27.6                      65.6  -38.0     78.9
  SNOW DEPTH       0

DEGREE DAYS
 HEATING
  TODAY           34                        40     -6       51
  MONTH TO DATE  159                       240    -81      298
  SINCE DEC 1   2035                      2566   -531     2639
  SINCE JUL 1   3079                      3899   -820     3937

 COOLING
  TODAY            0                         0      0        0
  MONTH TO DATE    0                         0      0        0
  SINCE DEC 1      0                         0      0        0
  SINCE JAN 1      0                         0      0        0
..................................................................


WIND (MPH)
  HIGHEST WIND SPEED    30   HIGHEST WIND DIRECTION    SW (240)
  HIGHEST GUST SPEED    37   HIGHEST GUST DIRECTION     W (250)
  AVERAGE WIND SPEED    15.1


SKY COVER
  AVERAGE SKY COVER 0.8


WEATHER CONDITIONS
 THE FOLLOWING WEATHER WAS RECORDED TODAY.
  LIGHT SNOW


RELATIVE HUMIDITY (PERCENT)
 HIGHEST    75          1000 AM
 LOWEST     56           700 AM
 AVERAGE    66

..........................................................


THE BUFFALO NY CLIMATE NORMALS FOR TOMORROW
                         NORMAL    RECORD    YEAR
 MAXIMUM TEMPERATURE (F)   32        57      1925
 MINIMUM TEMPERATURE (F)   18        -6      1910


SUNRISE AND SUNSET
FEBRUARY  6 2016......SUNRISE   725 AM EST   SUNSET   534 PM EST
FEBRUARY  7 2016......SUNRISE   723 AM EST   SUNSET   535 PM EST


-  INDICATES NEGATIVE NUMBERS.
R  INDICATES RECORD WAS SET OR TIED.
MM INDICATES DATA IS MISSING.
T  INDICATES TRACE AMOUNT.




$$
