000
CDUS41 KBUF 190705
CLIBUF


CLIMATE REPORT
NATIONAL WEATHER SERVICE BUFFALO NY
205 AM EST FRI JAN 19 2018


...................................

...THE BUFFALO NY CLIMATE SUMMARY FOR JANUARY 18 2018...

CLIMATE NORMAL PERIOD 1981 TO 2010
CLIMATE RECORD PERIOD 1871 TO 2018


WEATHER ITEM   OBSERVED TIME   RECORD YEAR NORMAL DEPARTURE LAST
                VALUE   (LST)  VALUE       VALUE  FROM      YEAR
                                                  NORMAL
..................................................................
TEMPERATURE (F)
 YESTERDAY
  MAXIMUM         27        MM  62    1929  31     -4       38
  MINIMUM         14        MM  -6    1977  18     -4       35
  AVERAGE         21                        24     -3       37

PRECIPITATION (IN)
  YESTERDAY        0.11          1.09 1929   0.11   0.00     0.04
  MONTH TO DATE    2.70                      1.96   0.74     2.11
  SINCE DEC 1      5.63                      5.85  -0.22     6.17
  SINCE JAN 1      2.70                      1.96   0.74     2.11

SNOWFALL (IN)
  YESTERDAY       MM             5.5  1958   0.8   MM        0.0
  MONTH TO DATE   24.0                      15.6    8.4      2.9
  SINCE DEC 1     57.7                      43.0   14.7     33.0
  SINCE JUL 1     57.9                      51.8    6.1     33.9
  SNOW DEPTH       0

DEGREE DAYS
 HEATING
  YESTERDAY       44                        41      3       28
  MONTH TO DATE  827                       716    111      654
  SINCE DEC 1   2048                      1798    250     1694
  SINCE JUL 1   3163                      3131     32     2664

 COOLING
  YESTERDAY        0                         0      0        0
  MONTH TO DATE    0                         0      0        0
  SINCE DEC 1      0                         0      0        0
  SINCE JAN 1      0                         0      0        0
..................................................................


WIND (MPH)
  HIGHEST WIND SPEED    25   HIGHEST WIND DIRECTION    SW (240)
  HIGHEST GUST SPEED    39   HIGHEST GUST DIRECTION    SW (240)
  AVERAGE WIND SPEED    18.8


SKY COVER
  AVERAGE SKY COVER 0.7


WEATHER CONDITIONS
 THE FOLLOWING WEATHER WAS RECORDED YESTERDAY.
  SNOW
  LIGHT SNOW
  BLOWING SNOW


RELATIVE HUMIDITY (PERCENT)
 HIGHEST    84           900 AM
 LOWEST     61           400 AM
 AVERAGE    73

..........................................................


THE BUFFALO NY CLIMATE NORMALS FOR TODAY
                         NORMAL    RECORD    YEAR
 MAXIMUM TEMPERATURE (F)   31        62      1907
 MINIMUM TEMPERATURE (F)   18       -10      1994


SUNRISE AND SUNSET
JANUARY 19 2018.......SUNRISE   741 AM EST   SUNSET   511 PM EST
JANUARY 20 2018.......SUNRISE   740 AM EST   SUNSET   512 PM EST


-  INDICATES NEGATIVE NUMBERS.
R  INDICATES RECORD WAS SET OR TIED.
MM INDICATES DATA IS MISSING.
T  INDICATES TRACE AMOUNT.




$$
