000
CDUS41 KBUF 181011
CLIBUF


CLIMATE REPORT
NATIONAL WEATHER SERVICE BUFFALO NY
611 AM EDT THU AUG 18 2016


...................................

...THE BUFFALO NY CLIMATE SUMMARY FOR AUGUST 17 2016...

CLIMATE NORMAL PERIOD 1981 TO 2010
CLIMATE RECORD PERIOD 1871 TO 2016


WEATHER ITEM   OBSERVED TIME   RECORD YEAR NORMAL DEPARTURE LAST
                VALUE   (LST)  VALUE       VALUE  FROM      YEAR
                                                  NORMAL
..................................................................
TEMPERATURE (F)
 YESTERDAY
  MAXIMUM         83    354 PM  93    1955  79      4       85
  MINIMUM         64    620 AM  46    1961  61      3       66
  AVERAGE         74                        70      4       76

PRECIPITATION (IN)
  YESTERDAY        0.00          3.65 1944   0.10  -0.10     0.00
  MONTH TO DATE    1.28                      1.82  -0.54     3.47
  SINCE JUN 1      4.39                      8.71  -4.32    10.92
  SINCE JAN 1     15.63                     23.72  -8.09    23.55

SNOWFALL (IN)
  YESTERDAY        0.0           0.0    MM   0.0    0.0      0.0
  MONTH TO DATE    0.0                       0.0    0.0      0.0
  SINCE JUN 1      0.0                       0.0    0.0      0.0
  SINCE JUL 1      0.0                       0.0    0.0      0.0
  SNOW DEPTH       0

DEGREE DAYS
 HEATING
  YESTERDAY        0                         1     -1        0
  MONTH TO DATE    0                         2     -2        1
  SINCE JUN 1     42                        75    -33       58
  SINCE JUL 1      0                        11    -11        8

 COOLING
  YESTERDAY        9                         5      4       11
  MONTH TO DATE  212                        99    113       96
  SINCE JUN 1    633                       399    234      370
  SINCE JAN 1    692                       425    267      461
..................................................................


WIND (MPH)
  HIGHEST WIND SPEED    14   HIGHEST WIND DIRECTION     W (290)
  HIGHEST GUST SPEED    18   HIGHEST GUST DIRECTION    NW (300)
  AVERAGE WIND SPEED     5.5


SKY COVER
  AVERAGE SKY COVER 0.6


WEATHER CONDITIONS
 THE FOLLOWING WEATHER WAS RECORDED YESTERDAY.
  NO SIGNIFICANT WEATHER WAS OBSERVED.


RELATIVE HUMIDITY (PERCENT)
 HIGHEST    87           400 AM
 LOWEST     48           600 PM
 AVERAGE    68

..........................................................


THE BUFFALO NY CLIMATE NORMALS FOR TODAY
                         NORMAL    RECORD    YEAR
 MAXIMUM TEMPERATURE (F)   78        90      1947
                                             1935
                                             1913
 MINIMUM TEMPERATURE (F)   61        46      1963


SUNRISE AND SUNSET
AUGUST 18 2016........SUNRISE   625 AM EDT   SUNSET   812 PM EDT
AUGUST 19 2016........SUNRISE   626 AM EDT   SUNSET   810 PM EDT


-  INDICATES NEGATIVE NUMBERS.
R  INDICATES RECORD WAS SET OR TIED.
MM INDICATES DATA IS MISSING.
T  INDICATES TRACE AMOUNT.




$$
