000
CDUS41 KBUF 180705
CLIBUF


CLIMATE REPORT
NATIONAL WEATHER SERVICE BUFFALO NY
305 AM EDT THU MAY 18 2017


...................................

...THE BUFFALO NY CLIMATE SUMMARY FOR MAY 17 2017...

CLIMATE NORMAL PERIOD 1981 TO 2010
CLIMATE RECORD PERIOD 1871 TO 2017


WEATHER ITEM   OBSERVED TIME   RECORD YEAR NORMAL DEPARTURE LAST
                VALUE   (LST)  VALUE       VALUE  FROM      YEAR
                                                  NORMAL
..................................................................
TEMPERATURE (F)
 YESTERDAY
  MAXIMUM         82    443 PM  87    1949  67     15       63
  MINIMUM         64   1220 AM  32    1983  48     16       48
                                      1956
  AVERAGE         73                        57     16       56

PRECIPITATION (IN)
  YESTERDAY        T             1.54 1953   0.11  -0.11     0.00
  MONTH TO DATE    3.70                      1.78   1.92     1.15
  SINCE MAR 1     14.44                      7.66   6.78     5.90
  SINCE JAN 1     19.62                     13.33   6.29    11.18

SNOWFALL (IN)
  YESTERDAY        0.0           T    1923   0.1   -0.1      0.0
  MONTH TO DATE    0.0                       0.3   -0.3       T
  SINCE MAR 1     29.1                      15.9   13.2      8.0
  SINCE JUL 1     76.1                      94.7  -18.6     55.1
  SNOW DEPTH       0

DEGREE DAYS
 HEATING
  YESTERDAY        0                         8     -8        9
  MONTH TO DATE  236                       182     54      200
  SINCE MAR 1   1652                      1719    -67     1620
  SINCE JUL 1   5544                      6463   -919     5558

 COOLING
  YESTERDAY        8                         1      7        0
  MONTH TO DATE    8                         5      3        2
  SINCE MAR 1     14                         8      6        2
  SINCE JAN 1     14                         8      6        2
..................................................................


WIND (MPH)
  HIGHEST WIND SPEED    30   HIGHEST WIND DIRECTION    SW (240)
  HIGHEST GUST SPEED    40   HIGHEST GUST DIRECTION     W (250)
  AVERAGE WIND SPEED    14.1


SKY COVER
  AVERAGE SKY COVER 0.6


WEATHER CONDITIONS
 THE FOLLOWING WEATHER WAS RECORDED YESTERDAY.
  NO SIGNIFICANT WEATHER WAS OBSERVED.


RELATIVE HUMIDITY (PERCENT)
 HIGHEST    68           400 AM
 LOWEST     40           400 PM
 AVERAGE    54

..........................................................


THE BUFFALO NY CLIMATE NORMALS FOR TODAY
                         NORMAL    RECORD    YEAR
 MAXIMUM TEMPERATURE (F)   67        89      1889
 MINIMUM TEMPERATURE (F)   48        33      1981


SUNRISE AND SUNSET
MAY 18 2017...........SUNRISE   549 AM EDT   SUNSET   835 PM EDT
MAY 19 2017...........SUNRISE   548 AM EDT   SUNSET   836 PM EDT


-  INDICATES NEGATIVE NUMBERS.
R  INDICATES RECORD WAS SET OR TIED.
MM INDICATES DATA IS MISSING.
T  INDICATES TRACE AMOUNT.




$$
