000
CDUS41 KBUF 150705
CLIBUF


CLIMATE REPORT
NATIONAL WEATHER SERVICE BUFFALO NY
305 AM EDT SAT APR 15 2017


...................................

...THE BUFFALO NY CLIMATE SUMMARY FOR APRIL 14 2017...

CLIMATE NORMAL PERIOD 1981 TO 2010
CLIMATE RECORD PERIOD 1871 TO 2017


WEATHER ITEM   OBSERVED TIME   RECORD YEAR NORMAL DEPARTURE LAST
                VALUE   (LST)  VALUE       VALUE  FROM      YEAR
                                                  NORMAL
..................................................................
TEMPERATURE (F)
 YESTERDAY
  MAXIMUM         63    526 PM  83    1883  54      9       54
  MINIMUM         39    444 AM  20    1950  36      3       29
                                      1885
  AVERAGE         51                        45      6       42

PRECIPITATION (IN)
  YESTERDAY        0.00          1.30 1903   0.10  -0.10     0.00
  MONTH TO DATE    2.47                      1.48   0.99     1.36
  SINCE MAR 1      6.83                      4.35   2.48     4.21
  SINCE JAN 1     12.01                     10.02   1.99     9.49

SNOWFALL (IN)
  YESTERDAY        0.0           1.7  1962   0.1   -0.1      0.0
  MONTH TO DATE    2.3                       2.0    0.3      7.1
  SINCE MAR 1     29.1                      14.9   14.2      8.0
  SINCE JUL 1     76.1                      93.7  -17.6     55.1
  SNOW DEPTH       0

DEGREE DAYS
 HEATING
  YESTERDAY       14                        20     -6       23
  MONTH TO DATE  251                       313    -62      416
  SINCE MAR 1   1235                      1274    -39     1188
  SINCE JUL 1   5127                      6018   -891     5126

 COOLING
  YESTERDAY        0                         0      0        0
  MONTH TO DATE    2                         0      2        0
  SINCE MAR 1      2                         0      2        0
  SINCE JAN 1      2                         0      2        0
..................................................................


WIND (MPH)
  HIGHEST WIND SPEED    15   HIGHEST WIND DIRECTION    NE (30)
  HIGHEST GUST SPEED    19   HIGHEST GUST DIRECTION    NE (50)
  AVERAGE WIND SPEED     7.5


SKY COVER
  AVERAGE SKY COVER 0.4


WEATHER CONDITIONS
 THE FOLLOWING WEATHER WAS RECORDED YESTERDAY.
  NO SIGNIFICANT WEATHER WAS OBSERVED.


RELATIVE HUMIDITY (PERCENT)
 HIGHEST    64           300 AM
 LOWEST     21           200 PM
 AVERAGE    43

..........................................................


THE BUFFALO NY CLIMATE NORMALS FOR TODAY
                         NORMAL    RECORD    YEAR
 MAXIMUM TEMPERATURE (F)   55        87      1994
 MINIMUM TEMPERATURE (F)   37        16      1926


SUNRISE AND SUNSET
APRIL 15 2017.........SUNRISE   633 AM EDT   SUNSET   758 PM EDT
APRIL 16 2017.........SUNRISE   631 AM EDT   SUNSET   759 PM EDT


-  INDICATES NEGATIVE NUMBERS.
R  INDICATES RECORD WAS SET OR TIED.
MM INDICATES DATA IS MISSING.
T  INDICATES TRACE AMOUNT.




$$
