000
CDUS41 KBUF 190705
CLIBUF


CLIMATE REPORT
NATIONAL WEATHER SERVICE BUFFALO NY
205 AM EST THU JAN 19 2017


...................................

...THE BUFFALO NY CLIMATE SUMMARY FOR JANUARY 18 2017...

CLIMATE NORMAL PERIOD 1981 TO 2010
CLIMATE RECORD PERIOD 1871 TO 2017


WEATHER ITEM   OBSERVED TIME   RECORD YEAR NORMAL DEPARTURE LAST
                VALUE   (LST)  VALUE       VALUE  FROM      YEAR
                                                  NORMAL
..................................................................
TEMPERATURE (F)
 YESTERDAY
  MAXIMUM         38   1249 AM  62    1929  31      7       18
  MINIMUM         35    949 PM  -6    1977  18     17       12
  AVERAGE         37                        24     13       15

PRECIPITATION (IN)
  YESTERDAY        0.04          1.09 1929   0.11  -0.07      T
  MONTH TO DATE    2.11                      1.96   0.15     1.54
  SINCE DEC 1      6.17                      5.85   0.32     4.44
  SINCE JAN 1      2.11                      1.96   0.15     1.54

SNOWFALL (IN)
  YESTERDAY       MM             5.5  1958   0.8   MM        0.1
  MONTH TO DATE    2.9                      15.6  -12.7     23.5
  SINCE DEC 1     33.0                      43.0  -10.0     24.5
  SINCE JUL 1     33.9                      51.8  -17.9     24.5
  SNOW DEPTH       0

DEGREE DAYS
 HEATING
  YESTERDAY       28                        41    -13       50
  MONTH TO DATE  654                       716    -62      692
  SINCE DEC 1   1694                      1798   -104     1395
  SINCE JUL 1   2664                      3131   -467     2439

 COOLING
  YESTERDAY        0                         0      0        0
  MONTH TO DATE    0                         0      0        0
  SINCE DEC 1      0                         0      0        0
  SINCE JAN 1      0                         0      0        0
..................................................................


WIND (MPH)
  HIGHEST WIND SPEED    22   HIGHEST WIND DIRECTION    SW (240)
  HIGHEST GUST SPEED    30   HIGHEST GUST DIRECTION    SW (240)
  AVERAGE WIND SPEED    15.4


SKY COVER
  AVERAGE SKY COVER 0.9


WEATHER CONDITIONS
 THE FOLLOWING WEATHER WAS RECORDED YESTERDAY.
  LIGHT RAIN
  FOG


RELATIVE HUMIDITY (PERCENT)
 HIGHEST   100           400 AM
 LOWEST     92           300 AM
 AVERAGE    96

..........................................................


THE BUFFALO NY CLIMATE NORMALS FOR TODAY
                         NORMAL    RECORD    YEAR
 MAXIMUM TEMPERATURE (F)   31        62      1907
 MINIMUM TEMPERATURE (F)   18       -10      1994


SUNRISE AND SUNSET
JANUARY 19 2017.......SUNRISE   741 AM EST   SUNSET   511 PM EST
JANUARY 20 2017.......SUNRISE   740 AM EST   SUNSET   512 PM EST


-  INDICATES NEGATIVE NUMBERS.
R  INDICATES RECORD WAS SET OR TIED.
MM INDICATES DATA IS MISSING.
T  INDICATES TRACE AMOUNT.




$$
