790
CDUS41 KBUF 191011
CLIBUF


CLIMATE REPORT
NATIONAL WEATHER SERVICE BUFFALO NY
610 AM EDT FRI MAY 19 2017


...................................

...THE BUFFALO NY CLIMATE SUMMARY FOR MAY 18 2017...

CLIMATE NORMAL PERIOD 1981 TO 2010
CLIMATE RECORD PERIOD 1871 TO 2017


WEATHER ITEM   OBSERVED TIME   RECORD YEAR NORMAL DEPARTURE LAST
                VALUE   (LST)  VALUE       VALUE  FROM      YEAR
                                                  NORMAL
..................................................................
TEMPERATURE (F)
 YESTERDAY
  MAXIMUM         83    127 PM  89    1889  67     16       63
  MINIMUM         62   1159 PM  33    1981  48     14       42
  AVERAGE         73                        58     15       53

PRECIPITATION (IN)
  YESTERDAY        0.00          1.14 2011   0.12  -0.12     0.00
  MONTH TO DATE    3.70                      1.90   1.80     1.15
  SINCE MAR 1     14.44                      7.78   6.66     5.90
  SINCE JAN 1     19.62                     13.45   6.17    11.18

SNOWFALL (IN)
  YESTERDAY        0.0           T    1950   0.0    0.0      0.0
  MONTH TO DATE    0.0                       0.3   -0.3       T
  SINCE MAR 1     29.1                      15.9   13.2      8.0
  SINCE JUL 1     76.1                      94.7  -18.6     55.1
  SNOW DEPTH       0

DEGREE DAYS
 HEATING
  YESTERDAY        0                         8     -8       12
  MONTH TO DATE  236                       190     46      212
  SINCE MAR 1   1652                      1727    -75     1632
  SINCE JUL 1   5544                      6471   -927     5570

 COOLING
  YESTERDAY        8                         1      7        0
  MONTH TO DATE   16                         6     10        2
  SINCE MAR 1     22                         9     13        2
  SINCE JAN 1     22                         9     13        2
..................................................................


WIND (MPH)
  HIGHEST WIND SPEED    32   HIGHEST WIND DIRECTION     W (250)
  HIGHEST GUST SPEED    41   HIGHEST GUST DIRECTION     W (250)
  AVERAGE WIND SPEED    17.4


SKY COVER
  AVERAGE SKY COVER 0.5


WEATHER CONDITIONS
 THE FOLLOWING WEATHER WAS RECORDED YESTERDAY.
  HAZE


RELATIVE HUMIDITY (PERCENT)
 HIGHEST    57           900 PM
 LOWEST     46           400 AM
 AVERAGE    52

..........................................................


THE BUFFALO NY CLIMATE NORMALS FOR TODAY
                         NORMAL    RECORD    YEAR
 MAXIMUM TEMPERATURE (F)   68        86      1962
 MINIMUM TEMPERATURE (F)   48        34      2002


SUNRISE AND SUNSET
MAY 19 2017...........SUNRISE   548 AM EDT   SUNSET   836 PM EDT
MAY 20 2017...........SUNRISE   547 AM EDT   SUNSET   837 PM EDT


-  INDICATES NEGATIVE NUMBERS.
R  INDICATES RECORD WAS SET OR TIED.
MM INDICATES DATA IS MISSING.
T  INDICATES TRACE AMOUNT.




$$
