000
CDUS41 KBUF 151019
CLIBUF


CLIMATE REPORT
NATIONAL WEATHER SERVICE BUFFALO NY
615 AM EDT WED MAR 15 2017


...................................

...THE BUFFALO NY CLIMATE SUMMARY FOR MARCH 14 2017...

CLIMATE NORMAL PERIOD 1981 TO 2010
CLIMATE RECORD PERIOD 1871 TO 2017


WEATHER ITEM   OBSERVED TIME   RECORD YEAR NORMAL DEPARTURE LAST
                VALUE   (LST)  VALUE       VALUE  FROM      YEAR
                                                  NORMAL
..................................................................
TEMPERATURE (F)
 YESTERDAY
  MAXIMUM         20    447 PM  78    1990  41    -21       56
  MINIMUM         16   1159 PM   2    1895  25     -9       43
  AVERAGE         18                        33    -15       50

PRECIPITATION (IN)
  YESTERDAY        0.64          1.21 1997   0.09   0.55     0.15
  MONTH TO DATE    1.81                      1.26   0.55     1.33
  SINCE MAR 1      1.81                      1.26   0.55     1.33
  SINCE JAN 1      6.99                      6.93   0.06     6.61

SNOWFALL (IN)
  YESTERDAY       13.2 R         6.5  1998   0.4   12.8     MM
  MONTH TO DATE   20.6                       7.2   13.4      0.9
  SINCE MAR 1     20.6                       7.2   13.4      0.9
  SINCE JUL 1     67.6                      86.0  -18.4     48.0
  SNOW DEPTH       5

DEGREE DAYS
 HEATING
  YESTERDAY       47                        32     15       15
  MONTH TO DATE  508                       476     32      381
  SINCE MAR 1    508                       476     32      381
  SINCE JUL 1   4400                      5220   -820     4319

 COOLING
  YESTERDAY        0                         0      0        0
  MONTH TO DATE    0                         0      0        0
  SINCE MAR 1      0                         0      0        0
  SINCE JAN 1      0                         0      0        0
..................................................................


WIND (MPH)
  HIGHEST WIND SPEED    22   HIGHEST WIND DIRECTION     N (350)
  HIGHEST GUST SPEED    30   HIGHEST GUST DIRECTION    NE (30)
  AVERAGE WIND SPEED    14.6


SKY COVER
  AVERAGE SKY COVER 1.0


WEATHER CONDITIONS
 THE FOLLOWING WEATHER WAS RECORDED YESTERDAY.
  HEAVY SNOW
  SNOW
  LIGHT SNOW
  FOG
  BLOWING SNOW


RELATIVE HUMIDITY (PERCENT)
 HIGHEST    88          1100 PM
 LOWEST     73          1200 PM
 AVERAGE    81

..........................................................


THE BUFFALO NY CLIMATE NORMALS FOR TODAY
                         NORMAL    RECORD    YEAR
 MAXIMUM TEMPERATURE (F)   41        79      1990
 MINIMUM TEMPERATURE (F)   26         7      1895


SUNRISE AND SUNSET
MARCH 15 2017.........SUNRISE   727 AM EDT   SUNSET   722 PM EDT
MARCH 16 2017.........SUNRISE   725 AM EDT   SUNSET   723 PM EDT


-  INDICATES NEGATIVE NUMBERS.
R  INDICATES RECORD WAS SET OR TIED.
MM INDICATES DATA IS MISSING.
T  INDICATES TRACE AMOUNT.




$$
