000
CDUS41 KBUF 091017
CLIBUF


CLIMATE REPORT
NATIONAL WEATHER SERVICE BUFFALO NY
616 AM EDT MON OCT 9 2017


...................................

...THE BUFFALO NY CLIMATE SUMMARY FOR OCTOBER 8 2017...

CLIMATE NORMAL PERIOD 1981 TO 2010
CLIMATE RECORD PERIOD 1871 TO 2017


WEATHER ITEM   OBSERVED TIME   RECORD YEAR NORMAL DEPARTURE LAST
                VALUE   (LST)  VALUE       VALUE  FROM      YEAR
                                                  NORMAL
..................................................................
TEMPERATURE (F)
 YESTERDAY
  MAXIMUM         77    137 AM  82    1949  62     15       66
  MINIMUM         62    949 PM  31    2001  45     17       48
  AVERAGE         70                        54     16       57

PRECIPITATION (IN)
  YESTERDAY        0.05          1.46 1965   0.13  -0.08     0.17
  MONTH TO DATE    0.25                      0.99  -0.74     0.69
  SINCE SEP 1      3.42                      4.89  -1.47     4.22
  SINCE JAN 1     35.70                     30.05   5.65    22.74

SNOWFALL (IN)
  YESTERDAY        0.0           T    2000   0.0    0.0      0.0
                                      1978
  MONTH TO DATE    0.0                       0.1   -0.1      0.0
  SINCE SEP 1      0.0                       0.1   -0.1      0.0
  SINCE JUL 1      0.0                       0.1   -0.1      0.0
  SNOW DEPTH       0

DEGREE DAYS
 HEATING
  YESTERDAY        0                        12    -12        8
  MONTH TO DATE   25                        84    -59       20
  SINCE SEP 1    118                       219   -101       64
  SINCE JUL 1    134                       246   -112       64

 COOLING
  YESTERDAY        5                         0      5        0
  MONTH TO DATE   16                         0     16        0
  SINCE SEP 1    132                        53     79      109
  SINCE JAN 1    602                       540     62      927
..................................................................


WIND (MPH)
  HIGHEST WIND SPEED    36   HIGHEST WIND DIRECTION     S (190)
  HIGHEST GUST SPEED    47   HIGHEST GUST DIRECTION     W (250)
  AVERAGE WIND SPEED    14.7


SKY COVER
  AVERAGE SKY COVER 0.8


WEATHER CONDITIONS
 THE FOLLOWING WEATHER WAS RECORDED YESTERDAY.
  RAIN
  LIGHT RAIN
  FOG


RELATIVE HUMIDITY (PERCENT)
 HIGHEST    93           700 PM
 LOWEST     54           100 AM
 AVERAGE    74

..........................................................


THE BUFFALO NY CLIMATE NORMALS FOR TODAY
                         NORMAL    RECORD    YEAR
 MAXIMUM TEMPERATURE (F)   62        81      1909
 MINIMUM TEMPERATURE (F)   45        31      1925


SUNRISE AND SUNSET
OCTOBER  9 2017.......SUNRISE   722 AM EDT   SUNSET   642 PM EDT
OCTOBER 10 2017.......SUNRISE   723 AM EDT   SUNSET   640 PM EDT


-  INDICATES NEGATIVE NUMBERS.
R  INDICATES RECORD WAS SET OR TIED.
MM INDICATES DATA IS MISSING.
T  INDICATES TRACE AMOUNT.

$$
