000
CDUS41 KBUF 240705
CLIBUF


CLIMATE REPORT
NATIONAL WEATHER SERVICE BUFFALO NY
205 AM EST SAT JAN 24 2015


...................................

...THE BUFFALO NY CLIMATE SUMMARY FOR JANUARY 23 2015...

CLIMATE NORMAL PERIOD 1981 TO 2010
CLIMATE RECORD PERIOD 1871 TO 2015


WEATHER ITEM   OBSERVED TIME   RECORD YEAR NORMAL DEPARTURE LAST
                VALUE   (LST)  VALUE       VALUE  FROM      YEAR
                                                  NORMAL
..................................................................
TEMPERATURE (F)
 YESTERDAY
  MAXIMUM         29    400 PM  65    1906  31     -2       12
  MINIMUM         23   1106 PM -11    1976  18      5        1
  AVERAGE         26                        24      2        7

PRECIPITATION (IN)
  YESTERDAY        T             1.06 1966   0.10  -0.10     0.03
  MONTH TO DATE    2.16                      2.45  -0.29     2.73
  SINCE DEC 1      4.31                      6.34  -2.03     7.66
  SINCE JAN 1      2.16                      2.45  -0.29     2.73

SNOWFALL (IN)
  YESTERDAY        T            15.0  1966   0.8   -0.8      0.8
  MONTH TO DATE   19.9                      19.4    0.5     31.1
  SINCE DEC 1     31.2                      46.8  -15.6     59.6
  SINCE JUL 1     51.7                      55.6   -3.9     69.6
  SNOW DEPTH       2

DEGREE DAYS
 HEATING
  YESTERDAY       39                        41     -2       58
  MONTH TO DATE 1005                       921     84      991
  SINCE DEC 1   1973                      2003    -30     2131
  SINCE JUL 1   3271                      3336    -65     3449

 COOLING
  YESTERDAY        0                         0      0        0
  MONTH TO DATE    0                         0      0        0
  SINCE DEC 1      0                         0      0        0
  SINCE JAN 1      0                         0      0        0
..................................................................


WIND (MPH)
  HIGHEST WIND SPEED    23   HIGHEST WIND DIRECTION    SW (230)
  HIGHEST GUST SPEED    29   HIGHEST GUST DIRECTION    SW (220)
  AVERAGE WIND SPEED    14.1


SKY COVER
  AVERAGE SKY COVER 0.8


WEATHER CONDITIONS
 THE FOLLOWING WEATHER WAS RECORDED YESTERDAY.
  LIGHT SNOW
  FOG


RELATIVE HUMIDITY (PERCENT)
 HIGHEST    96          1100 PM
 LOWEST     68           500 AM
 AVERAGE    82

..........................................................


THE BUFFALO NY CLIMATE NORMALS FOR TODAY
                         NORMAL    RECORD    YEAR
 MAXIMUM TEMPERATURE (F)   31        60      1950
 MINIMUM TEMPERATURE (F)   18       -11      1963


SUNRISE AND SUNSET
JANUARY 24 2015.......SUNRISE   737 AM EST   SUNSET   517 PM EST
JANUARY 25 2015.......SUNRISE   737 AM EST   SUNSET   518 PM EST


-  INDICATES NEGATIVE NUMBERS.
R  INDICATES RECORD WAS SET OR TIED.
MM INDICATES DATA IS MISSING.
T  INDICATES TRACE AMOUNT.




$$
