000
CDUS41 KBUF 310705
CLIBUF


CLIMATE REPORT
NATIONAL WEATHER SERVICE BUFFALO NY
205 AM EST SAT JAN 31 2015


...................................

...THE BUFFALO NY CLIMATE SUMMARY FOR JANUARY 30 2015...

CLIMATE NORMAL PERIOD 1981 TO 2010
CLIMATE RECORD PERIOD 1871 TO 2015


WEATHER ITEM   OBSERVED TIME   RECORD YEAR NORMAL DEPARTURE LAST
                VALUE   (LST)  VALUE       VALUE  FROM      YEAR
                                                  NORMAL
..................................................................
TEMPERATURE (F)
 YESTERDAY
  MAXIMUM         30    206 AM  66    2013  31     -1       33
  MINIMUM          8   1159 PM  -3    2003  18    -10        9
  AVERAGE         19                        24     -5       21

PRECIPITATION (IN)
  YESTERDAY        T             1.34 1969   0.09  -0.09     0.00
  MONTH TO DATE    2.58                      3.09  -0.51     3.16
  SINCE DEC 1      4.73                      6.98  -2.25     8.09
  SINCE JAN 1      2.58                      3.09  -0.51     3.16

SNOWFALL (IN)
  YESTERDAY       MM            11.6  1966   0.8   MM        0.0
  MONTH TO DATE   24.4                      24.6   -0.2     42.4
  SINCE DEC 1     35.7                      52.0  -16.3     70.9
  SINCE JUL 1     56.2                      60.8   -4.6     80.9
  SNOW DEPTH       0

DEGREE DAYS
 HEATING
  YESTERDAY       46                        41      5       44
  MONTH TO DATE 1324                      1208    116     1354
  SINCE DEC 1   2292                      2290      2     2494
  SINCE JUL 1   3590                      3623    -33     3812

 COOLING
  YESTERDAY        0                         0      0        0
  MONTH TO DATE    0                         0      0        0
  SINCE DEC 1      0                         0      0        0
  SINCE JAN 1      0                         0      0        0
..................................................................


WIND (MPH)
  HIGHEST WIND SPEED    28   HIGHEST WIND DIRECTION    NW (330)
  HIGHEST GUST SPEED    34   HIGHEST GUST DIRECTION    NW (320)
  AVERAGE WIND SPEED    13.2


SKY COVER
  AVERAGE SKY COVER 0.8


WEATHER CONDITIONS
 THE FOLLOWING WEATHER WAS RECORDED YESTERDAY.
  LIGHT SNOW
  FOG
  BLOWING SNOW


RELATIVE HUMIDITY (PERCENT)
 HIGHEST    85          1200 AM
 LOWEST     61           600 PM
 AVERAGE    73

..........................................................


THE BUFFALO NY CLIMATE NORMALS FOR TODAY
                         NORMAL    RECORD    YEAR
 MAXIMUM TEMPERATURE (F)   31        62      1988
 MINIMUM TEMPERATURE (F)   18       -11      1920


SUNRISE AND SUNSET
JANUARY 31 2015.......SUNRISE   731 AM EST   SUNSET   526 PM EST
FEBRUARY  1 2015......SUNRISE   730 AM EST   SUNSET   527 PM EST


-  INDICATES NEGATIVE NUMBERS.
R  INDICATES RECORD WAS SET OR TIED.
MM INDICATES DATA IS MISSING.
T  INDICATES TRACE AMOUNT.




$$
