011
CDUS41 KBUF 221018
CLIBUF


CLIMATE REPORT
NATIONAL WEATHER SERVICE BUFFALO NY
516 AM EST WED FEB 22 2017


...................................

...THE BUFFALO NY CLIMATE SUMMARY FOR FEBRUARY 21 2017...

CLIMATE NORMAL PERIOD 1981 TO 2010
CLIMATE RECORD PERIOD 1871 TO 2017


WEATHER ITEM   OBSERVED TIME   RECORD YEAR NORMAL DEPARTURE LAST
                VALUE   (LST)  VALUE       VALUE  FROM      YEAR
                                                  NORMAL
..................................................................
TEMPERATURE (F)
 YESTERDAY
  MAXIMUM         59    258 PM  70    1997  35     24       42
  MINIMUM         30   1257 AM  -4    1918  20     10       29
  AVERAGE         45                        27     18       36

PRECIPITATION (IN)
  YESTERDAY        0.08          0.94 1976   0.09  -0.01     0.00
  MONTH TO DATE    1.44                      1.84  -0.40     2.18
  SINCE DEC 1      8.42                      8.91  -0.49     6.89
  SINCE JAN 1      4.36                      5.02  -0.66     3.99

SNOWFALL (IN)
  YESTERDAY        0.0           5.5  1912   0.6   -0.6      0.0
  MONTH TO DATE    4.6                      13.3   -8.7     18.7
  SINCE DEC 1     45.7                      66.0  -20.3     45.3
  SINCE JUL 1     46.6                      74.8  -28.2     45.3
  SNOW DEPTH       0

DEGREE DAYS
 HEATING
  YESTERDAY       20                        38    -18       29
  MONTH TO DATE  707                       826   -119      766
  SINCE DEC 1   2792                      3152   -360     2642
  SINCE JUL 1   3762                      4485   -723     3686

 COOLING
  YESTERDAY        0                         0      0        0
  MONTH TO DATE    0                         0      0        0
  SINCE DEC 1      0                         0      0        0
  SINCE JAN 1      0                         0      0        0
..................................................................


WIND (MPH)
  HIGHEST WIND SPEED    20   HIGHEST WIND DIRECTION     S (200)
  HIGHEST GUST SPEED    26   HIGHEST GUST DIRECTION     S (190)
  AVERAGE WIND SPEED     8.1


SKY COVER
  AVERAGE SKY COVER 0.9


WEATHER CONDITIONS
 THE FOLLOWING WEATHER WAS RECORDED YESTERDAY.
  LIGHT RAIN
  FOG


RELATIVE HUMIDITY (PERCENT)
 HIGHEST    92          1000 PM
 LOWEST     38          1100 AM
 AVERAGE    65

..........................................................


THE BUFFALO NY CLIMATE NORMALS FOR TODAY
                         NORMAL    RECORD    YEAR
 MAXIMUM TEMPERATURE (F)   35        66      1930
 MINIMUM TEMPERATURE (F)   20        -3      1885


SUNRISE AND SUNSET
FEBRUARY 22 2017......SUNRISE   702 AM EST   SUNSET   556 PM EST
FEBRUARY 23 2017......SUNRISE   700 AM EST   SUNSET   557 PM EST


-  INDICATES NEGATIVE NUMBERS.
R  INDICATES RECORD WAS SET OR TIED.
MM INDICATES DATA IS MISSING.
T  INDICATES TRACE AMOUNT.




$$
