000
CDUS41 KBUF 230705
CLIBUF


CLIMATE REPORT
NATIONAL WEATHER SERVICE BUFFALO NY
305 AM EDT FRI JUN 23 2017


...................................

...THE BUFFALO NY CLIMATE SUMMARY FOR JUNE 22 2017...

CLIMATE NORMAL PERIOD 1981 TO 2010
CLIMATE RECORD PERIOD 1871 TO 2017


WEATHER ITEM   OBSERVED TIME   RECORD YEAR NORMAL DEPARTURE LAST
                VALUE   (LST)  VALUE       VALUE  FROM      YEAR
                                                  NORMAL
..................................................................
TEMPERATURE (F)
 YESTERDAY
  MAXIMUM         80    514 PM  92    1957  77      3       75
  MINIMUM         56    511 AM  44    1992  59     -3       60
  AVERAGE         68                        68      0       68

PRECIPITATION (IN)
  YESTERDAY        0.06          5.01 1987   0.12  -0.06     0.01
  MONTH TO DATE    1.26                      2.77  -1.51     1.03
  SINCE JUN 1      1.26                      2.77  -1.51     1.03
  SINCE JAN 1     23.53                     17.78   5.75    12.27

SNOWFALL (IN)
  YESTERDAY        0.0           0.0    MM   0.0    0.0      0.0
  MONTH TO DATE    0.0                       0.0    0.0      0.0
  SINCE JUN 1      0.0                       0.0    0.0      0.0
  SINCE JUL 1     76.1                      94.7  -18.6     55.1
  SNOW DEPTH       0

DEGREE DAYS
 HEATING
  YESTERDAY        0                         1     -1        0
  MONTH TO DATE   41                        57    -16       42
  SINCE JUN 1     41                        57    -16       42
  SINCE JUL 1   5635                      6610   -975     5637

 COOLING
  YESTERDAY        3                         4     -1        3
  MONTH TO DATE   97                        62     35       80
  SINCE JUN 1     97                        62     35       80
  SINCE JAN 1    124                        88     36      139
..................................................................


WIND (MPH)
  HIGHEST WIND SPEED    25   HIGHEST WIND DIRECTION    SW (230)
  HIGHEST GUST SPEED    35   HIGHEST GUST DIRECTION    SW (220)
  AVERAGE WIND SPEED     9.9


SKY COVER
  AVERAGE SKY COVER 0.6


WEATHER CONDITIONS
 THE FOLLOWING WEATHER WAS RECORDED YESTERDAY.
  LIGHT RAIN
  HAZE


RELATIVE HUMIDITY (PERCENT)
 HIGHEST    86           200 AM
 LOWEST     46          1100 AM
 AVERAGE    66

..........................................................


THE BUFFALO NY CLIMATE NORMALS FOR TODAY
                         NORMAL    RECORD    YEAR
 MAXIMUM TEMPERATURE (F)   77        92      1964
 MINIMUM TEMPERATURE (F)   60        41      1918


SUNRISE AND SUNSET
JUNE 23 2017..........SUNRISE   537 AM EDT   SUNSET   858 PM EDT
JUNE 24 2017..........SUNRISE   537 AM EDT   SUNSET   858 PM EDT


-  INDICATES NEGATIVE NUMBERS.
R  INDICATES RECORD WAS SET OR TIED.
MM INDICATES DATA IS MISSING.
T  INDICATES TRACE AMOUNT.




$$
