925
CDUS41 KBUF 161215 CCA
CLIBUF

CLIMATE REPORT...CORRECTED
NATIONAL WEATHER SERVICE BUFFALO NY
526 AM EST THU FEB 16 2017


...................................

...THE BUFFALO NY CLIMATE SUMMARY FOR FEBRUARY 15 2017...

CLIMATE NORMAL PERIOD 1981 TO 2010
CLIMATE RECORD PERIOD 1871 TO 2017


WEATHER ITEM   OBSERVED TIME   RECORD YEAR NORMAL DEPARTURE LAST
                VALUE   (LST)  VALUE       VALUE  FROM      YEAR
                                                  NORMAL
..................................................................
TEMPERATURE (F)
 YESTERDAY
  MAXIMUM         36   1159 AM  63    1954  33      3       28
  MINIMUM         23   1159 PM -16    1943  19      4        2
  AVERAGE         30                        26      4       15

PRECIPITATION (IN)
  YESTERDAY        0.07          1.50 1990   0.09   0.00     0.01
  MONTH TO DATE    1.38                      1.32   0.06     1.18
  SINCE DEC 1      8.36                      8.39  -0.03     5.89
  SINCE JAN 1      4.30                      4.50  -0.20     2.99

SNOWFALL (IN)
  YESTERDAY        1.1           9.4  1990   0.6    0.5       T
  MONTH TO DATE    4.4                       9.7   -5.3      8.6
  SINCE DEC 1     45.5                      62.4  -16.9     35.2
  SINCE JUL 1     46.4                      71.2  -24.8     35.2
  SNOW DEPTH       0

DEGREE DAYS
 HEATING
  YESTERDAY       35                        39     -4       50
  MONTH TO DATE  537                       596    -59      557
  SINCE DEC 1   2622                      2922   -300     2433
  SINCE JUL 1   3592                      4255   -663     3477

 COOLING
  YESTERDAY        0                         0      0        0
  MONTH TO DATE    0                         0      0        0
  SINCE DEC 1      0                         0      0        0
  SINCE JAN 1      0                         0      0        0
..................................................................


WIND (MPH)
  HIGHEST WIND SPEED    24   HIGHEST WIND DIRECTION    NW (300)
  HIGHEST GUST SPEED    30   HIGHEST GUST DIRECTION     W (290)
  AVERAGE WIND SPEED    11.5


SKY COVER
  AVERAGE SKY COVER 0.9


WEATHER CONDITIONS
 THE FOLLOWING WEATHER WAS RECORDED YESTERDAY.
  LIGHT RAIN
  SNOW
  LIGHT SNOW
  FOG


RELATIVE HUMIDITY (PERCENT)
 HIGHEST    92           300 PM
 LOWEST     63           600 PM
 AVERAGE    78

..........................................................


THE BUFFALO NY CLIMATE NORMALS FOR TODAY
                         NORMAL    RECORD    YEAR
 MAXIMUM TEMPERATURE (F)   33        64      1883
 MINIMUM TEMPERATURE (F)   19       -10      2015


SUNRISE AND SUNSET
FEBRUARY 16 2017......SUNRISE   710 AM EST   SUNSET   548 PM EST
FEBRUARY 17 2017......SUNRISE   709 AM EST   SUNSET   549 PM EST


-  INDICATES NEGATIVE NUMBERS.
R  INDICATES RECORD WAS SET OR TIED.
MM INDICATES DATA IS MISSING.
T  INDICATES TRACE AMOUNT.

$$
