000
CDUS41 KBUF 010705
CLIBUF


CLIMATE REPORT
NATIONAL WEATHER SERVICE BUFFALO NY
205 AM EST MON FEB 1 2016


...................................

...THE BUFFALO NY CLIMATE SUMMARY FOR JANUARY 31 2016...

CLIMATE NORMAL PERIOD 1981 TO 2010
CLIMATE RECORD PERIOD 1871 TO 2016


WEATHER ITEM   OBSERVED TIME   RECORD YEAR NORMAL DEPARTURE LAST
                VALUE   (LST)  VALUE       VALUE  FROM      YEAR
                                                  NORMAL
..................................................................
TEMPERATURE (F)
 YESTERDAY
  MAXIMUM         57   1159 PM  62    1988  31     26       27
  MINIMUM         36   1252 AM -11    1920  18     18        4
  AVERAGE         47                        24     23       16

PRECIPITATION (IN)
  YESTERDAY        T             1.60 2002   0.09  -0.09      T
  MONTH TO DATE    1.81                      3.18  -1.37     2.59
  SINCE DEC 1      4.71                      7.07  -2.36     4.74
  SINCE JAN 1      1.81                      3.18  -1.37     2.59

SNOWFALL (IN)
  YESTERDAY       MM             5.5  1982   0.7   MM         T
  MONTH TO DATE   25.6                      25.3    0.3     25.0
  SINCE DEC 1     26.6                      52.7  -26.1     36.3
  SINCE JUL 1     26.6                      61.5  -34.9     56.8
  SNOW DEPTH       0

DEGREE DAYS
 HEATING
  YESTERDAY       18                        40    -22       49
  MONTH TO DATE 1173                      1248    -75     1373
  SINCE DEC 1   1876                      2326   -450     2341
  SINCE JUL 1   2920                      3659   -739     3639

 COOLING
  YESTERDAY        0                         0      0        0
  MONTH TO DATE    0                         0      0        0
  SINCE DEC 1      0                         0      0        0
  SINCE JAN 1      0                         0      0        0
..................................................................


WIND (MPH)
  HIGHEST WIND SPEED    29   HIGHEST WIND DIRECTION    SW (210)
  HIGHEST GUST SPEED    40   HIGHEST GUST DIRECTION     S (200)
  AVERAGE WIND SPEED    11.0


SKY COVER
  AVERAGE SKY COVER 0.9


WEATHER CONDITIONS
 THE FOLLOWING WEATHER WAS RECORDED YESTERDAY.
  LIGHT RAIN


RELATIVE HUMIDITY (PERCENT)
 HIGHEST    76          1200 AM
 LOWEST     54          1200 PM
 AVERAGE    65

..........................................................


THE BUFFALO NY CLIMATE NORMALS FOR TODAY
                         NORMAL    RECORD    YEAR
 MAXIMUM TEMPERATURE (F)   31        56      1989
 MINIMUM TEMPERATURE (F)   18        -5      1962
                                             1961
                                             1948


SUNRISE AND SUNSET
FEBRUARY  1 2016......SUNRISE   730 AM EST   SUNSET   527 PM EST
FEBRUARY  2 2016......SUNRISE   729 AM EST   SUNSET   528 PM EST


-  INDICATES NEGATIVE NUMBERS.
R  INDICATES RECORD WAS SET OR TIED.
MM INDICATES DATA IS MISSING.
T  INDICATES TRACE AMOUNT.




$$
