093
CDUS41 KBUF 140705
CLIBUF


CLIMATE REPORT
NATIONAL WEATHER SERVICE BUFFALO NY
205 AM EST WED FEB 14 2018


...................................

...THE BUFFALO NY CLIMATE SUMMARY FOR FEBRUARY 13 2018...

CLIMATE NORMAL PERIOD 1981 TO 2010
CLIMATE RECORD PERIOD 1871 TO 2018


WEATHER ITEM   OBSERVED TIME   RECORD YEAR NORMAL DEPARTURE LAST
                VALUE   (LST)  VALUE       VALUE  FROM      YEAR
                                                  NORMAL
..................................................................
TEMPERATURE (F)
 YESTERDAY
  MAXIMUM         31    320 PM  61    1984  33     -2       30
  MINIMUM         10    758 AM  -9    1914  19     -9       25
  AVERAGE         21                        26     -5       28

PRECIPITATION (IN)
  YESTERDAY        0.00          1.34 1938   0.09  -0.09      T
  MONTH TO DATE    1.39                      1.14   0.25     1.28
  SINCE DEC 1      8.05                      8.21  -0.16     8.26
  SINCE JAN 1      5.12                      4.32   0.80     4.20

SNOWFALL (IN)
  YESTERDAY        0.0           8.8  1995   0.6   -0.6       T
  MONTH TO DATE   18.0                       8.5    9.5      3.3
  SINCE DEC 1     82.9                      61.2   21.7     44.4
  SINCE JUL 1     83.1                      70.0   13.1     45.3
  SNOW DEPTH       0

DEGREE DAYS
 HEATING
  YESTERDAY       44                        39      5       37
  MONTH TO DATE  555                       518     37      469
  SINCE DEC 1   3031                      2844    187     2554
  SINCE JUL 1   4146                      4177    -31     3524

 COOLING
  YESTERDAY        0                         0      0        0
  MONTH TO DATE    0                         0      0        0
  SINCE DEC 1      0                         0      0        0
  SINCE JAN 1      0                         0      0        0
..................................................................


WIND (MPH)
  HIGHEST WIND SPEED    10   HIGHEST WIND DIRECTION    NE (30)
  HIGHEST GUST SPEED    13   HIGHEST GUST DIRECTION    SE (130)
  AVERAGE WIND SPEED     5.5


SKY COVER
  AVERAGE SKY COVER 0.7


WEATHER CONDITIONS
 THE FOLLOWING WEATHER WAS RECORDED YESTERDAY.
  LIGHT SNOW


RELATIVE HUMIDITY (PERCENT)
 HIGHEST    92           500 AM
 LOWEST     47           200 PM
 AVERAGE    70

..........................................................


THE BUFFALO NY CLIMATE NORMALS FOR TODAY
                         NORMAL    RECORD    YEAR
 MAXIMUM TEMPERATURE (F)   33        57      1946
 MINIMUM TEMPERATURE (F)   19       -13      1943


SUNRISE AND SUNSET
FEBRUARY 14 2018......SUNRISE   714 AM EST   SUNSET   545 PM EST
FEBRUARY 15 2018......SUNRISE   712 AM EST   SUNSET   546 PM EST


-  INDICATES NEGATIVE NUMBERS.
R  INDICATES RECORD WAS SET OR TIED.
MM INDICATES DATA IS MISSING.
T  INDICATES TRACE AMOUNT.




$$
