000
CDUS41 KBUF 190705
CLIBUF


CLIMATE REPORT
NATIONAL WEATHER SERVICE BUFFALO NY
305 AM EDT WED JUL 19 2017


...................................

...THE BUFFALO NY CLIMATE SUMMARY FOR JULY 18 2017...

CLIMATE NORMAL PERIOD 1981 TO 2010
CLIMATE RECORD PERIOD 1871 TO 2017


WEATHER ITEM   OBSERVED TIME   RECORD YEAR NORMAL DEPARTURE LAST
                VALUE   (LST)  VALUE       VALUE  FROM      YEAR
                                                  NORMAL
..................................................................
TEMPERATURE (F)
 YESTERDAY
  MAXIMUM         79    437 PM  94    1968  80     -1       85
  MINIMUM         61    447 AM  50    1924  63     -2       71
  AVERAGE         70                        71     -1       78

PRECIPITATION (IN)
  YESTERDAY        0.00          1.34 1897   0.11  -0.11     0.01
  MONTH TO DATE    3.10                      1.79   1.31     0.76
  SINCE JUN 1      5.31                      5.45  -0.14     2.07
  SINCE JAN 1     27.58                     20.46   7.12    13.31

SNOWFALL (IN)
  YESTERDAY        0.0           0.0    MM   0.0    0.0      0.0
  MONTH TO DATE    0.0                       0.0    0.0      0.0
  SINCE JUN 1      0.0                       0.0    0.0      0.0
  SINCE JUL 1      0.0                       0.0    0.0      0.0
  SNOW DEPTH       0

DEGREE DAYS
 HEATING
  YESTERDAY        0                         0      0        0
  MONTH TO DATE    0                         2     -2        0
  SINCE JUN 1     49                        66    -17       42
  SINCE JUL 1      0                         2     -2        0

 COOLING
  YESTERDAY        5                         7     -2       13
  MONTH TO DATE  110                       115     -5      159
  SINCE JUN 1    233                       218     15      287
  SINCE JAN 1    260                       244     16      346
..................................................................


WIND (MPH)
  HIGHEST WIND SPEED    15   HIGHEST WIND DIRECTION    SW (210)
  HIGHEST GUST SPEED    20   HIGHEST GUST DIRECTION    SW (240)
  AVERAGE WIND SPEED     8.1


SKY COVER
  AVERAGE SKY COVER 0.2


WEATHER CONDITIONS
 THE FOLLOWING WEATHER WAS RECORDED YESTERDAY.
  NO SIGNIFICANT WEATHER WAS OBSERVED.


RELATIVE HUMIDITY (PERCENT)
 HIGHEST   100           400 AM
 LOWEST     39           200 PM
 AVERAGE    70

..........................................................


THE BUFFALO NY CLIMATE NORMALS FOR TODAY
                         NORMAL    RECORD    YEAR
 MAXIMUM TEMPERATURE (F)   80        92      1916
 MINIMUM TEMPERATURE (F)   63        50      1912


SUNRISE AND SUNSET
JULY 19 2017..........SUNRISE   553 AM EDT   SUNSET   849 PM EDT
JULY 20 2017..........SUNRISE   554 AM EDT   SUNSET   848 PM EDT


-  INDICATES NEGATIVE NUMBERS.
R  INDICATES RECORD WAS SET OR TIED.
MM INDICATES DATA IS MISSING.
T  INDICATES TRACE AMOUNT.




$$
