000
CDUS41 KBUF 190705
CLIBUF


CLIMATE REPORT
NATIONAL WEATHER SERVICE BUFFALO NY
205 AM EST FRI DEC 19 2014


...................................

...THE BUFFALO NY CLIMATE SUMMARY FOR DECEMBER 18 2014...

CLIMATE NORMAL PERIOD 1981 TO 2010
CLIMATE RECORD PERIOD 1871 TO 2014


WEATHER ITEM   OBSERVED TIME   RECORD YEAR NORMAL DEPARTURE LAST
                VALUE   (LST)  VALUE       VALUE  FROM      YEAR
                                                  NORMAL
..................................................................
TEMPERATURE (F)
 YESTERDAY
  MAXIMUM         32    224 PM  58    1967  35     -3       31
  MINIMUM         27   1159 PM  -1    1919  23      4       24
  AVERAGE         30                        29      1       28

PRECIPITATION (IN)
  YESTERDAY        T             0.99 1990   0.12  -0.12      T
  MONTH TO DATE    1.53                      2.27  -0.74     1.28
  SINCE DEC 1      1.53                      2.27  -0.74     1.28
  SINCE JAN 1     41.78                     38.86   2.92    42.37

SNOWFALL (IN)
  YESTERDAY       MM             7.4  1914   1.0   MM        0.2
  MONTH TO DATE    9.9                      14.3   -4.4     19.7
  SINCE DEC 1      9.9                      14.3   -4.4     19.7
  SINCE JUL 1     30.4                      23.1    7.3     29.7
  SNOW DEPTH       0

DEGREE DAYS
 HEATING
  YESTERDAY       35                        36     -1       37
  MONTH TO DATE  571                       595    -24      680
  SINCE DEC 1    571                       595    -24      680
  SINCE JUL 1   1869                      1928    -59     1998

 COOLING
  YESTERDAY        0                         0      0        0
  MONTH TO DATE    0                         0      0        0
  SINCE DEC 1      0                         0      0        0
  SINCE JAN 1    516                       544    -28      611
..................................................................


WIND (MPH)
  HIGHEST WIND SPEED    23   HIGHEST WIND DIRECTION     W (260)
  HIGHEST GUST SPEED    29   HIGHEST GUST DIRECTION     W (250)
  AVERAGE WIND SPEED    12.2


SKY COVER
  AVERAGE SKY COVER 0.9


WEATHER CONDITIONS
 THE FOLLOWING WEATHER WAS RECORDED YESTERDAY.
  LT FREEZING RAIN
  SNOW
  LIGHT SNOW
  FOG
  HAZE


RELATIVE HUMIDITY (PERCENT)
 HIGHEST    85           800 AM
 LOWEST     72           300 AM
 AVERAGE    79

..........................................................


THE BUFFALO NY CLIMATE NORMALS FOR TODAY
                         NORMAL    RECORD    YEAR
 MAXIMUM TEMPERATURE (F)   35        61      1957
 MINIMUM TEMPERATURE (F)   23        -6      1875


SUNRISE AND SUNSET
DECEMBER 19 2014......SUNRISE   742 AM EST   SUNSET   443 PM EST
DECEMBER 20 2014......SUNRISE   742 AM EST   SUNSET   443 PM EST


-  INDICATES NEGATIVE NUMBERS.
R  INDICATES RECORD WAS SET OR TIED.
MM INDICATES DATA IS MISSING.
T  INDICATES TRACE AMOUNT.




$$
