000
CDUS41 KBUF 100705
CLIBUF


CLIMATE REPORT
NATIONAL WEATHER SERVICE BUFFALO NY
205 AM EST WED JAN 10 2018


...................................

...THE BUFFALO NY CLIMATE SUMMARY FOR JANUARY 9 2018...

CLIMATE NORMAL PERIOD 1981 TO 2010
CLIMATE RECORD PERIOD 1871 TO 2018


WEATHER ITEM   OBSERVED TIME   RECORD YEAR NORMAL DEPARTURE LAST
                VALUE   (LST)  VALUE       VALUE  FROM      YEAR
                                                  NORMAL
..................................................................
TEMPERATURE (F)
 YESTERDAY
  MAXIMUM         34    217 AM  64    2008  31      3       26
  MINIMUM         21   1159 PM  -9    1968  19      2       14
  AVERAGE         28                        25      3       20

PRECIPITATION (IN)
  YESTERDAY        0.00          0.88 1930   0.11  -0.11      T
  MONTH TO DATE    0.57                      1.04  -0.47     0.72
  SINCE DEC 1      3.50                      4.93  -1.43     4.78
  SINCE JAN 1      0.57                      1.04  -0.47     0.72

SNOWFALL (IN)
  YESTERDAY        0.0           7.7  2015   0.8   -0.8       T
  MONTH TO DATE    8.5                       8.2    0.3      2.9
  SINCE DEC 1     42.2                      35.6    6.6     33.0
  SINCE JUL 1     42.4                      44.4   -2.0     33.9
  SNOW DEPTH       6

DEGREE DAYS
 HEATING
  YESTERDAY       37                        40     -3       45
  MONTH TO DATE  463                       355    108      371
  SINCE DEC 1   1684                      1437    247     1411
  SINCE JUL 1   2799                      2770     29     2381

 COOLING
  YESTERDAY        0                         0      0        0
  MONTH TO DATE    0                         0      0        0
  SINCE DEC 1      0                         0      0        0
  SINCE JAN 1      0                         0      0        0
..................................................................


WIND (MPH)
  HIGHEST WIND SPEED    26   HIGHEST WIND DIRECTION     W (250)
  HIGHEST GUST SPEED    34   HIGHEST GUST DIRECTION     W (250)
  AVERAGE WIND SPEED    11.3


SKY COVER
  AVERAGE SKY COVER 0.8


WEATHER CONDITIONS
 THE FOLLOWING WEATHER WAS RECORDED YESTERDAY.
  FOG
  HAZE


RELATIVE HUMIDITY (PERCENT)
 HIGHEST    92           500 AM
 LOWEST     59          1200 PM
 AVERAGE    76

..........................................................


THE BUFFALO NY CLIMATE NORMALS FOR TODAY
                         NORMAL    RECORD    YEAR
 MAXIMUM TEMPERATURE (F)   31        58      1950
 MINIMUM TEMPERATURE (F)   19        -7      2004
                                             1982


SUNRISE AND SUNSET
JANUARY 10 2018.......SUNRISE   745 AM EST   SUNSET   500 PM EST
JANUARY 11 2018.......SUNRISE   745 AM EST   SUNSET   501 PM EST


-  INDICATES NEGATIVE NUMBERS.
R  INDICATES RECORD WAS SET OR TIED.
MM INDICATES DATA IS MISSING.
T  INDICATES TRACE AMOUNT.




$$
