000
CDUS41 KBUF 191016
CLIBUF


CLIMATE REPORT
NATIONAL WEATHER SERVICE BUFFALO NY
614 AM EDT MON JUN 19 2017


...................................

...THE BUFFALO NY CLIMATE SUMMARY FOR JUNE 18 2017...

CLIMATE NORMAL PERIOD 1981 TO 2010
CLIMATE RECORD PERIOD 1871 TO 2017


WEATHER ITEM   OBSERVED TIME   RECORD YEAR NORMAL DEPARTURE LAST
                VALUE   (LST)  VALUE       VALUE  FROM      YEAR
                                                  NORMAL
..................................................................
TEMPERATURE (F)
 YESTERDAY
  MAXIMUM         86   1154 AM  95    1994  76     10       86
                                      1957
  MINIMUM         69   1156 PM  40    1950  58     11       61
  AVERAGE         78                        67     11       74

PRECIPITATION (IN)
  YESTERDAY        0.77          1.59 1883   0.12   0.65     0.00
  MONTH TO DATE    1.17                      2.29  -1.12     0.61
  SINCE JUN 1      1.17                      2.29  -1.12     0.61
  SINCE JAN 1     23.44                     17.30   6.14    11.85

SNOWFALL (IN)
  YESTERDAY        0.0           0.0    MM   0.0    0.0      0.0
  MONTH TO DATE    0.0                       0.0    0.0      0.0
  SINCE JUN 1      0.0                       0.0    0.0      0.0
  SINCE JUL 1     76.1                      94.7  -18.6     55.1
  SNOW DEPTH       0

DEGREE DAYS
 HEATING
  YESTERDAY        0                         2     -2        0
  MONTH TO DATE   41                        52    -11       42
  SINCE JUN 1     41                        52    -11       42
  SINCE JUL 1   5635                      6605   -970     5637

 COOLING
  YESTERDAY       13                         4      9        9
  MONTH TO DATE   86                        46     40       57
  SINCE JUN 1     86                        46     40       57
  SINCE JAN 1    113                        72     41      116
..................................................................


WIND (MPH)
  HIGHEST WIND SPEED    26   HIGHEST WIND DIRECTION     W (250)
  HIGHEST GUST SPEED    35   HIGHEST GUST DIRECTION     W (250)
  AVERAGE WIND SPEED    13.9


SKY COVER
  AVERAGE SKY COVER 0.6


WEATHER CONDITIONS
 THE FOLLOWING WEATHER WAS RECORDED YESTERDAY.
  THUNDERSTORM
  HEAVY RAIN
  RAIN
  LIGHT RAIN
  FOG


RELATIVE HUMIDITY (PERCENT)
 HIGHEST     0           800 PM
 LOWEST     51          1100 AM
 AVERAGE    26

..........................................................


THE BUFFALO NY CLIMATE NORMALS FOR TODAY
                         NORMAL    RECORD    YEAR
 MAXIMUM TEMPERATURE (F)   76        90      2001
 MINIMUM TEMPERATURE (F)   59        44      1956


SUNRISE AND SUNSET
JUNE 19 2017..........SUNRISE   536 AM EDT   SUNSET   857 PM EDT
JUNE 20 2017..........SUNRISE   536 AM EDT   SUNSET   857 PM EDT


-  INDICATES NEGATIVE NUMBERS.
R  INDICATES RECORD WAS SET OR TIED.
MM INDICATES DATA IS MISSING.
T  INDICATES TRACE AMOUNT.




$$
