715
CDUS41 KBUF 231004
CLIBUF


CLIMATE REPORT
NATIONAL WEATHER SERVICE BUFFALO NY
604 AM EDT SAT JUL 23 2016


...................................

...THE BUFFALO NY CLIMATE SUMMARY FOR JULY 22 2016...

CLIMATE NORMAL PERIOD 1981 TO 2010
CLIMATE RECORD PERIOD 1871 TO 2016


WEATHER ITEM   OBSERVED TIME   RECORD YEAR NORMAL DEPARTURE LAST
                VALUE   (LST)  VALUE       VALUE  FROM      YEAR
                                                  NORMAL
..................................................................
TEMPERATURE (F)
 YESTERDAY
  MAXIMUM         85    301 PM  95    2011  80      5       76
  MINIMUM         75   1159 PM  49    1992  63     12       63
  AVERAGE         80                        71      9       70

PRECIPITATION (IN)
  YESTERDAY        T             2.41 1927   0.10  -0.10     0.00
  MONTH TO DATE    0.76                      2.22  -1.46     2.32
  SINCE JUN 1      2.07                      5.88  -3.81     7.35
  SINCE JAN 1     13.31                     20.89  -7.58    19.98

SNOWFALL (IN)
  YESTERDAY        0.0           0.0    MM   0.0    0.0      0.0
  MONTH TO DATE    0.0                       0.0    0.0      0.0
  SINCE JUN 1      0.0                       0.0    0.0      0.0
  SINCE JUL 1      0.0                       0.0    0.0      0.0
  SNOW DEPTH       0

DEGREE DAYS
 HEATING
  YESTERDAY        0                         0      0        0
  MONTH TO DATE    0                         2     -2        7
  SINCE JUN 1     42                        66    -24       57
  SINCE JUL 1      0                         2     -2        7

 COOLING
  YESTERDAY       15                         7      8        5
  MONTH TO DATE  192                       143     49      111
  SINCE JUN 1    320                       246     74      187
  SINCE JAN 1    379                       272    107      278
..................................................................


WIND (MPH)
  HIGHEST WIND SPEED    25   HIGHEST WIND DIRECTION    SW (240)
  HIGHEST GUST SPEED    34   HIGHEST GUST DIRECTION     W (250)
  AVERAGE WIND SPEED    15.2


SKY COVER
  AVERAGE SKY COVER 0.5


WEATHER CONDITIONS
 THE FOLLOWING WEATHER WAS RECORDED YESTERDAY.
  LIGHT RAIN
  FOG
  HAZE


RELATIVE HUMIDITY (PERCENT)
 HIGHEST    87           400 AM
 LOWEST     62          1200 AM
 AVERAGE    75

..........................................................


THE BUFFALO NY CLIMATE NORMALS FOR TODAY
                         NORMAL    RECORD    YEAR
 MAXIMUM TEMPERATURE (F)   80        93      1933
 MINIMUM TEMPERATURE (F)   63        48      1981


SUNRISE AND SUNSET
JULY 23 2016..........SUNRISE   557 AM EDT   SUNSET   845 PM EDT
JULY 24 2016..........SUNRISE   558 AM EDT   SUNSET   844 PM EDT


-  INDICATES NEGATIVE NUMBERS.
R  INDICATES RECORD WAS SET OR TIED.
MM INDICATES DATA IS MISSING.
T  INDICATES TRACE AMOUNT.




$$
