000
CDUS41 KBUF 070705
CLIBUF


CLIMATE REPORT
NATIONAL WEATHER SERVICE BUFFALO NY
305 AM EDT MON AUG 7 2017


...................................

...THE BUFFALO NY CLIMATE SUMMARY FOR AUGUST 6 2017...

CLIMATE NORMAL PERIOD 1981 TO 2010
CLIMATE RECORD PERIOD 1871 TO 2017


WEATHER ITEM   OBSERVED TIME   RECORD YEAR NORMAL DEPARTURE LAST
                VALUE   (LST)  VALUE       VALUE  FROM      YEAR
                                                  NORMAL
..................................................................
TEMPERATURE (F)
 YESTERDAY
  MAXIMUM         76    253 PM  94    1947  79     -3       85
  MINIMUM         53    534 AM  47    1886  62     -9       70
  AVERAGE         65                        71     -6       78

PRECIPITATION (IN)
  YESTERDAY        0.00          2.35 1977   0.11  -0.11      T
  MONTH TO DATE    1.52                      0.66   0.86      T
  SINCE JUN 1      8.38                      7.55   0.83     3.11
  SINCE JAN 1     30.65                     22.56   8.09    14.35

SNOWFALL (IN)
  YESTERDAY        0.0           0.0    MM   0.0    0.0      0.0
  MONTH TO DATE    0.0                       0.0    0.0      0.0
  SINCE JUN 1      0.0                       0.0    0.0      0.0
  SINCE JUL 1      0.0                       0.0    0.0      0.0
  SNOW DEPTH       0

DEGREE DAYS
 HEATING
  YESTERDAY        0                         0      0        0
  MONTH TO DATE    0                         0      0        0
  SINCE JUN 1     50                        73    -23       42
  SINCE JUL 1      1                         9     -8        0

 COOLING
  YESTERDAY        0                         6     -6       13
  MONTH TO DATE   37                        36      1       68
  SINCE JUN 1    343                       336      7      489
  SINCE JAN 1    370                       362      8      548
..................................................................


WIND (MPH)
  HIGHEST WIND SPEED    20   HIGHEST WIND DIRECTION    SW (220)
  HIGHEST GUST SPEED    26   HIGHEST GUST DIRECTION    SW (240)
  AVERAGE WIND SPEED     9.6


SKY COVER
  AVERAGE SKY COVER 0.5


WEATHER CONDITIONS
 THE FOLLOWING WEATHER WAS RECORDED YESTERDAY.
  NO SIGNIFICANT WEATHER WAS OBSERVED.


RELATIVE HUMIDITY (PERCENT)
 HIGHEST    93           600 AM
 LOWEST     41           100 PM
 AVERAGE    67

..........................................................


THE BUFFALO NY CLIMATE NORMALS FOR TODAY
                         NORMAL    RECORD    YEAR
 MAXIMUM TEMPERATURE (F)   79        93      1947
 MINIMUM TEMPERATURE (F)   62        47      1948


SUNRISE AND SUNSET
AUGUST  7 2017........SUNRISE   613 AM EDT   SUNSET   828 PM EDT
AUGUST  8 2017........SUNRISE   614 AM EDT   SUNSET   827 PM EDT


-  INDICATES NEGATIVE NUMBERS.
R  INDICATES RECORD WAS SET OR TIED.
MM INDICATES DATA IS MISSING.
T  INDICATES TRACE AMOUNT.




$$
