000
CDUS41 KBUF 230706
CLIBUF


CLIMATE REPORT
NATIONAL WEATHER SERVICE BUFFALO NY
305 AM EDT MON MAR 23 2015


...................................

...THE BUFFALO NY CLIMATE SUMMARY FOR MARCH 22 2015...

CLIMATE NORMAL PERIOD 1981 TO 2010
CLIMATE RECORD PERIOD 1871 TO 2015


WEATHER ITEM   OBSERVED TIME   RECORD YEAR NORMAL DEPARTURE LAST
                VALUE   (LST)  VALUE       VALUE  FROM      YEAR
                                                  NORMAL
..................................................................
TEMPERATURE (F)
 YESTERDAY
  MAXIMUM         26    608 PM  80    2012  44    -18       49
  MINIMUM         18    756 AM  -3    1885  28    -10       28
  AVERAGE         22                        36    -14       39

PRECIPITATION (IN)
  YESTERDAY        T             0.61 1949   0.09  -0.09     0.06
  MONTH TO DATE    0.66                      2.00  -1.34     1.52
  SINCE MAR 1      0.66                      2.00  -1.34     1.52
  SINCE JAN 1      5.65                      7.67  -2.02     8.30

SNOWFALL (IN)
  YESTERDAY       MM             6.8  1977   0.3   MM        0.0
  MONTH TO DATE    6.3                      10.3   -4.0     16.8
  SINCE MAR 1      6.3                      10.3   -4.0     16.8
  SINCE JUL 1    109.3                      89.1   20.2    121.0
  SNOW DEPTH       1

DEGREE DAYS
 HEATING
  YESTERDAY       43                        29     14       26
  MONTH TO DATE  788                       718     70      868
  SINCE MAR 1    788                       718     70      868
  SINCE JUL 1   5936                      5462    474     5974

 COOLING
  YESTERDAY        0                         0      0        0
  MONTH TO DATE    0                         0      0        0
  SINCE MAR 1      0                         0      0        0
  SINCE JAN 1      0                         0      0        0
..................................................................


WIND (MPH)
  HIGHEST WIND SPEED    22   HIGHEST WIND DIRECTION     W (250)
  HIGHEST GUST SPEED    31   HIGHEST GUST DIRECTION     W (250)
  AVERAGE WIND SPEED    12.4


SKY COVER
  AVERAGE SKY COVER 0.6


WEATHER CONDITIONS
 THE FOLLOWING WEATHER WAS RECORDED YESTERDAY.
  LIGHT SNOW
  FOG
  HAZE


RELATIVE HUMIDITY (PERCENT)
 HIGHEST    84           700 AM
 LOWEST     46           100 PM
 AVERAGE    65

..........................................................


THE BUFFALO NY CLIMATE NORMALS FOR TODAY
                         NORMAL    RECORD    YEAR
 MAXIMUM TEMPERATURE (F)   45        78      1966
 MINIMUM TEMPERATURE (F)   28         2      1885


SUNRISE AND SUNSET
MARCH 23 2015.........SUNRISE   713 AM EDT   SUNSET   730 PM EDT
MARCH 24 2015.........SUNRISE   712 AM EDT   SUNSET   732 PM EDT


-  INDICATES NEGATIVE NUMBERS.
R  INDICATES RECORD WAS SET OR TIED.
MM INDICATES DATA IS MISSING.
T  INDICATES TRACE AMOUNT.




$$
