740
CDUS41 KBUF 102052
CLIBUF


CLIMATE REPORT
NATIONAL WEATHER SERVICE BUFFALO NY
452 PM EDT SUN MAY 10 2015


...................................

...THE BUFFALO NY CLIMATE SUMMARY FOR MAY 10 2015...
VALID TODAY AS OF 0400 PM LOCAL TIME.

CLIMATE NORMAL PERIOD 1981 TO 2010
CLIMATE RECORD PERIOD 1871 TO 2015


WEATHER ITEM   OBSERVED TIME   RECORD YEAR NORMAL DEPARTURE LAST
                VALUE   (LST)  VALUE       VALUE  FROM      YEAR
                                                  NORMAL
..................................................................
TEMPERATURE (F)
 TODAY
  MAXIMUM         81   1209 PM  86    1993  65     16       65
  MINIMUM         67    518 AM  26    1947  45     22       47
                                      1923
  AVERAGE         74                        55     19       56

PRECIPITATION (IN)
  TODAY            0.01          1.52 1890   0.11  -0.10     0.02
  MONTH TO DATE    0.09                      1.03  -0.94     0.46
  SINCE MAR 1      4.23                      6.91  -2.68     8.09
  SINCE JAN 1      9.22                     12.58  -3.36    14.87

SNOWFALL (IN)
  TODAY            0.0           2.0  1945   0.0    0.0      0.0
  MONTH TO DATE    0.0                       0.2   -0.2      0.0
  SINCE MAR 1      9.9                      15.8   -5.9     25.7
  SINCE JUL 1    112.9                      94.6   18.3    129.9
  SNOW DEPTH       0

DEGREE DAYS
 HEATING
  TODAY            0                        10    -10        9
  MONTH TO DATE   31                       118    -87      120
  SINCE MAR 1   1703                      1655     48     1869
  SINCE JUL 1   6851                      6399    452     6975

 COOLING
  TODAY            9                         0      9        0
  MONTH TO DATE   32                         0     32        6
  SINCE MAR 1     32                         3     29        6
  SINCE JAN 1     32                         3     29        6
..................................................................


WIND (MPH)
  HIGHEST WIND SPEED    21   HIGHEST WIND DIRECTION     W (290)
  HIGHEST GUST SPEED    24   HIGHEST GUST DIRECTION    NW (310)
  AVERAGE WIND SPEED     9.5


SKY COVER
  AVERAGE SKY COVER 0.7


WEATHER CONDITIONS
 THE FOLLOWING WEATHER WAS RECORDED TODAY.
  THUNDERSTORM
  LIGHT RAIN


RELATIVE HUMIDITY (PERCENT)
 HIGHEST    73           400 AM
 LOWEST     54          1100 AM
 AVERAGE    64

..........................................................


THE BUFFALO NY CLIMATE NORMALS FOR TOMORROW
                         NORMAL    RECORD    YEAR
 MAXIMUM TEMPERATURE (F)   65        89      1979
 MINIMUM TEMPERATURE (F)   46        29      1907


SUNRISE AND SUNSET
MAY 10 2015...........SUNRISE   558 AM EDT   SUNSET   826 PM EDT
MAY 11 2015...........SUNRISE   557 AM EDT   SUNSET   827 PM EDT


-  INDICATES NEGATIVE NUMBERS.
R  INDICATES RECORD WAS SET OR TIED.
MM INDICATES DATA IS MISSING.
T  INDICATES TRACE AMOUNT.




$$
