000
CDUS41 KBUF 081013
CLIBUF


CLIMATE REPORT
NATIONAL WEATHER SERVICE BUFFALO NY
607 AM EDT MON MAY 8 2017


...................................

...THE BUFFALO NY CLIMATE SUMMARY FOR MAY 7 2017...

CLIMATE NORMAL PERIOD 1981 TO 2010
CLIMATE RECORD PERIOD 1871 TO 2017


WEATHER ITEM   OBSERVED TIME   RECORD YEAR NORMAL DEPARTURE LAST
                VALUE   (LST)  VALUE       VALUE  FROM      YEAR
                                                  NORMAL
..................................................................
TEMPERATURE (F)
 YESTERDAY
  MAXIMUM         52    431 PM  83    1982  64    -12       70
  MINIMUM         39    627 AM  29    1970  44     -5       49
  AVERAGE         46                        54     -8       60

PRECIPITATION (IN)
  YESTERDAY        0.10          1.29 1932   0.11  -0.01     0.01
  MONTH TO DATE    3.47                      0.72   2.75     0.69
  SINCE MAR 1     14.21                      6.60   7.61     5.44
  SINCE JAN 1     19.39                     12.27   7.12    10.72

SNOWFALL (IN)
  YESTERDAY        0.0           7.9  1989   0.0    0.0      0.0
  MONTH TO DATE    0.0                       0.1   -0.1      0.0
  SINCE MAR 1     29.1                      15.7   13.4      8.0
  SINCE JUL 1     76.1                      94.5  -18.4     55.1
  SNOW DEPTH       0

DEGREE DAYS
 HEATING
  YESTERDAY       19                        11      8        5
  MONTH TO DATE  118                        86     32       87
  SINCE MAR 1   1534                      1623    -89     1507
  SINCE JUL 1   5426                      6367   -941     5445

 COOLING
  YESTERDAY        0                         0      0        0
  MONTH TO DATE    0                         0      0        0
  SINCE MAR 1      6                         3      3        0
  SINCE JAN 1      6                         3      3        0
..................................................................


WIND (MPH)
  HIGHEST WIND SPEED    21   HIGHEST WIND DIRECTION    NW (310)
  HIGHEST GUST SPEED    27   HIGHEST GUST DIRECTION    NW (310)
  AVERAGE WIND SPEED    11.7


SKY COVER
  AVERAGE SKY COVER 0.9


WEATHER CONDITIONS
 THE FOLLOWING WEATHER WAS RECORDED YESTERDAY.
  LIGHT RAIN
  FOG


RELATIVE HUMIDITY (PERCENT)
 HIGHEST    92          1200 AM
 LOWEST     50           600 PM
 AVERAGE    71

..........................................................


THE BUFFALO NY CLIMATE NORMALS FOR TODAY
                         NORMAL    RECORD    YEAR
 MAXIMUM TEMPERATURE (F)   64        88      2015
 MINIMUM TEMPERATURE (F)   45        29      1956


SUNRISE AND SUNSET
MAY  8 2017...........SUNRISE   600 AM EDT   SUNSET   824 PM EDT
MAY  9 2017...........SUNRISE   558 AM EDT   SUNSET   825 PM EDT


-  INDICATES NEGATIVE NUMBERS.
R  INDICATES RECORD WAS SET OR TIED.
MM INDICATES DATA IS MISSING.
T  INDICATES TRACE AMOUNT.




$$
