000
CDUS41 KBUF 131019
CLIBUF


CLIMATE REPORT
NATIONAL WEATHER SERVICE BUFFALO NY
618 AM EDT TUE SEP 13 2016


...................................

...THE BUFFALO NY CLIMATE SUMMARY FOR SEPTEMBER 12 2016...

CLIMATE NORMAL PERIOD 1981 TO 2010
CLIMATE RECORD PERIOD 1871 TO 2016


WEATHER ITEM   OBSERVED TIME   RECORD YEAR NORMAL DEPARTURE LAST
                VALUE   (LST)  VALUE       VALUE  FROM      YEAR
                                                  NORMAL
..................................................................
TEMPERATURE (F)
 YESTERDAY
  MAXIMUM         75    538 PM  91    1952  73      2       59
  MINIMUM         53    545 AM  38    1943  55     -2       54
  AVERAGE         64                        64      0       57

PRECIPITATION (IN)
  YESTERDAY        0.00          1.85 2015   0.12  -0.12     1.85
  MONTH TO DATE    1.00                      1.39  -0.39     2.32
  SINCE SEP 1      1.00                      1.39  -0.39     2.32
  SINCE JAN 1     19.52                     26.55  -7.03    26.79

SNOWFALL (IN)
  YESTERDAY        0.0           0.0    MM   0.0    0.0      0.0
  MONTH TO DATE    0.0                       0.0    0.0      0.0
  SINCE SEP 1      0.0                       0.0    0.0      0.0
  SINCE JUL 1      0.0                       0.0    0.0      0.0
  SNOW DEPTH       0

DEGREE DAYS
 HEATING
  YESTERDAY        1                         3     -2        8
  MONTH TO DATE    3                        27    -24        8
  SINCE SEP 1      3                        27    -24        8
  SINCE JUL 1      3                        54    -51       23

 COOLING
  YESTERDAY        0                         2     -2        0
  MONTH TO DATE   71                        33     38      108
  SINCE SEP 1     71                        33     38      108
  SINCE JAN 1    889                       520    369      633
..................................................................


WIND (MPH)
  HIGHEST WIND SPEED    10   HIGHEST WIND DIRECTION    SW (220)
  HIGHEST GUST SPEED    17   HIGHEST GUST DIRECTION    SW (230)
  AVERAGE WIND SPEED     5.0


SKY COVER
  AVERAGE SKY COVER 0.1


WEATHER CONDITIONS
 THE FOLLOWING WEATHER WAS RECORDED YESTERDAY.
  NO SIGNIFICANT WEATHER WAS OBSERVED.


RELATIVE HUMIDITY (PERCENT)
 HIGHEST    93           500 AM
 LOWEST     41           500 PM
 AVERAGE    67

..........................................................


THE BUFFALO NY CLIMATE NORMALS FOR TODAY
                         NORMAL    RECORD    YEAR
 MAXIMUM TEMPERATURE (F)   72        91      1952
 MINIMUM TEMPERATURE (F)   55        38      1964


SUNRISE AND SUNSET
SEPTEMBER 13 2016.....SUNRISE   653 AM EDT   SUNSET   728 PM EDT
SEPTEMBER 14 2016.....SUNRISE   654 AM EDT   SUNSET   726 PM EDT


-  INDICATES NEGATIVE NUMBERS.
R  INDICATES RECORD WAS SET OR TIED.
MM INDICATES DATA IS MISSING.
T  INDICATES TRACE AMOUNT.




$$
