000
CDUS41 KBUF 121017
CLIBUF


CLIMATE REPORT
NATIONAL WEATHER SERVICE BUFFALO NY
615 AM EDT SAT APR 12 2014


...................................

...THE BUFFALO NY CLIMATE SUMMARY FOR APRIL 11 2014...

CLIMATE NORMAL PERIOD 1981 TO 2010
CLIMATE RECORD PERIOD 1871 TO 2014


WEATHER ITEM   OBSERVED TIME   RECORD YEAR NORMAL DEPARTURE LAST
                VALUE   (LST)  VALUE       VALUE  FROM      YEAR
                                                  NORMAL
..................................................................
TEMPERATURE (F)
 YESTERDAY
  MAXIMUM         60    234 PM  86    1945  53      7       40
  MINIMUM         37    658 AM  16    1909  35      2       32
  AVERAGE         49                        44      5       36

PRECIPITATION (IN)
  YESTERDAY        0.01          1.20 1894   0.11  -0.10     0.48
  MONTH TO DATE    2.02                      1.17   0.85     2.46
  SINCE MAR 1      4.57                      4.04   0.53     3.52
  SINCE JAN 1     11.35                      9.71   1.64     9.07

SNOWFALL (IN)
  YESTERDAY        0.0           8.9  1894   0.1   -0.1       T
  MONTH TO DATE    0.2                       1.7   -1.5      0.3
  SINCE MAR 1     24.7                      14.6   10.1     10.1
  SINCE JUL 1    128.9                      93.4   35.5     58.8
  SNOW DEPTH       0

DEGREE DAYS
 HEATING
  YESTERDAY       16                        21     -5       29
  MONTH TO DATE  254                       253      1      276
  SINCE MAR 1   1432                      1214    218     1262
  SINCE JUL 1   6538                      5958    580     5582

 COOLING
  YESTERDAY        0                         0      0        0
  MONTH TO DATE    0                         0      0        0
  SINCE MAR 1      0                         0      0        0
  SINCE JAN 1      0                         0      0        0
..................................................................


WIND (MPH)
  HIGHEST WIND SPEED    14   HIGHEST WIND DIRECTION     W (250)
  HIGHEST GUST SPEED    17   HIGHEST GUST DIRECTION     W (250)
  AVERAGE WIND SPEED     6.6


SKY COVER
  POSSIBLE SUNSHINE  88 PERCENT
  AVERAGE SKY COVER 0.6


WEATHER CONDITIONS
 THE FOLLOWING WEATHER WAS RECORDED YESTERDAY.
  LIGHT RAIN
  FOG
  FOG W/VISIBILITY <= 1/4 MILE


RELATIVE HUMIDITY (PERCENT)
 HIGHEST   100          1200 AM
 LOWEST     40           400 PM
 AVERAGE    70

..........................................................


THE BUFFALO NY CLIMATE NORMALS FOR TODAY
                         NORMAL    RECORD    YEAR
 MAXIMUM TEMPERATURE (F)   54        80      2001
 MINIMUM TEMPERATURE (F)   36        20      1874


SUNRISE AND SUNSET
APRIL 12 2014.........SUNRISE   638 AM EDT   SUNSET   754 PM EDT
APRIL 13 2014.........SUNRISE   637 AM EDT   SUNSET   755 PM EDT


-  INDICATES NEGATIVE NUMBERS.
R  INDICATES RECORD WAS SET OR TIED.
MM INDICATES DATA IS MISSING.
T  INDICATES TRACE AMOUNT.




$$
