000
CDUS41 KBUF 051001
CLIBUF


CLIMATE REPORT
NATIONAL WEATHER SERVICE BUFFALO NY
600 AM EDT SAT APR 5 2014


...................................

...THE BUFFALO NY CLIMATE SUMMARY FOR APRIL 4 2014...

CLIMATE NORMAL PERIOD 1981 TO 2010
CLIMATE RECORD PERIOD 1871 TO 2014


WEATHER ITEM   OBSERVED TIME   RECORD YEAR NORMAL DEPARTURE LAST
                VALUE   (LST)  VALUE       VALUE  FROM      YEAR
                                                  NORMAL
..................................................................
TEMPERATURE (F)
 YESTERDAY
  MAXIMUM         53    612 PM  78    1981  50      3       48
  MINIMUM         35    240 AM  14    1881  33      2       24
                                      1874
  AVERAGE         44                        41      3       36

PRECIPITATION (IN)
  YESTERDAY        0.48          0.91 1990   0.10   0.38     0.00
  MONTH TO DATE    0.48                      0.41   0.07     0.01
  SINCE MAR 1      3.03                      3.28  -0.25     1.07
  SINCE JAN 1      9.81                      8.95   0.86     6.62

SNOWFALL (IN)
  YESTERDAY        0.0           5.8  1990   0.1   -0.1      0.0
  MONTH TO DATE    0.0                       0.7   -0.7      0.3
  SINCE MAR 1     24.5                      13.6   10.9     10.1
  SINCE JUL 1    128.7                      92.4   36.3     58.8
  SNOW DEPTH       0

DEGREE DAYS
 HEATING
  YESTERDAY       21                        24     -3       29
  MONTH TO DATE   92                        98     -6      127
  SINCE MAR 1   1270                      1059    211     1113
  SINCE JUL 1   6376                      5803    573     5433

 COOLING
  YESTERDAY        0                         0      0        0
  MONTH TO DATE    0                         0      0        0
  SINCE MAR 1      0                         0      0        0
  SINCE JAN 1      0                         0      0        0
..................................................................


WIND (MPH)
  HIGHEST WIND SPEED    37   HIGHEST WIND DIRECTION    SW (230)
  HIGHEST GUST SPEED    50   HIGHEST GUST DIRECTION    SW (230)
  AVERAGE WIND SPEED    16.9


SKY COVER
  POSSIBLE SUNSHINE  11 PERCENT
  AVERAGE SKY COVER 1.0


WEATHER CONDITIONS
 THE FOLLOWING WEATHER WAS RECORDED YESTERDAY.
  RAIN
  LIGHT RAIN
  FOG


RELATIVE HUMIDITY (PERCENT)
 HIGHEST    93           700 PM
 LOWEST     64          1200 AM
 AVERAGE    79

..........................................................


THE BUFFALO NY CLIMATE NORMALS FOR TODAY
                         NORMAL    RECORD    YEAR
 MAXIMUM TEMPERATURE (F)   50        80      1910
 MINIMUM TEMPERATURE (F)   33        13      1881


SUNRISE AND SUNSET
APRIL  5 2014.........SUNRISE   650 AM EDT   SUNSET   746 PM EDT
APRIL  6 2014.........SUNRISE   648 AM EDT   SUNSET   747 PM EDT


-  INDICATES NEGATIVE NUMBERS.
R  INDICATES RECORD WAS SET OR TIED.
MM INDICATES DATA IS MISSING.
T  INDICATES TRACE AMOUNT.




$$
