000
CDUS41 KBUF 230705
CLIBUF


CLIMATE REPORT
NATIONAL WEATHER SERVICE BUFFALO NY
205 AM EST TUE DEC 23 2014


...................................

...THE BUFFALO NY CLIMATE SUMMARY FOR DECEMBER 22 2014...

CLIMATE NORMAL PERIOD 1981 TO 2010
CLIMATE RECORD PERIOD 1871 TO 2014


WEATHER ITEM   OBSERVED TIME   RECORD YEAR NORMAL DEPARTURE LAST
                VALUE   (LST)  VALUE       VALUE  FROM      YEAR
                                                  NORMAL
..................................................................
TEMPERATURE (F)
 YESTERDAY
  MAXIMUM         40    338 PM  65    1967  34      6       42
  MINIMUM         27    812 AM   0    1944  22      5       31
  AVERAGE         34                        28      6       37

PRECIPITATION (IN)
  YESTERDAY        0.00          1.38 2013   0.12  -0.12     1.38
  MONTH TO DATE    1.53                      2.76  -1.23     4.47
  SINCE DEC 1      1.53                      2.76  -1.23     4.47
  SINCE JAN 1     41.78                     39.35   2.43    45.56

SNOWFALL (IN)
  YESTERDAY        0.0           9.0  1924   1.0   -1.0      0.0
  MONTH TO DATE    9.9                      18.2   -8.3     19.7
  SINCE DEC 1      9.9                      18.2   -8.3     19.7
  SINCE JUL 1     30.4                      27.0    3.4     29.7
  SNOW DEPTH       0

DEGREE DAYS
 HEATING
  YESTERDAY       31                        37     -6       28
  MONTH TO DATE  712                       741    -29      789
  SINCE DEC 1    712                       741    -29      789
  SINCE JUL 1   2010                      2074    -64     2107

 COOLING
  YESTERDAY        0                         0      0        0
  MONTH TO DATE    0                         0      0        0
  SINCE DEC 1      0                         0      0        0
  SINCE JAN 1    516                       544    -28      611
..................................................................


WIND (MPH)
  HIGHEST WIND SPEED    12   HIGHEST WIND DIRECTION    SE (150)
  HIGHEST GUST SPEED    14   HIGHEST GUST DIRECTION    SE (150)
  AVERAGE WIND SPEED     6.3


SKY COVER
  AVERAGE SKY COVER 0.7


WEATHER CONDITIONS
 THE FOLLOWING WEATHER WAS RECORDED YESTERDAY.
  NO SIGNIFICANT WEATHER WAS OBSERVED.


RELATIVE HUMIDITY (PERCENT)
 HIGHEST    81           800 AM
 LOWEST     59           100 PM
 AVERAGE    70

..........................................................


THE BUFFALO NY CLIMATE NORMALS FOR TODAY
                         NORMAL    RECORD    YEAR
 MAXIMUM TEMPERATURE (F)   34        59      1957
 MINIMUM TEMPERATURE (F)   22        -5      1960


SUNRISE AND SUNSET
DECEMBER 23 2014......SUNRISE   744 AM EST   SUNSET   445 PM EST
DECEMBER 24 2014......SUNRISE   744 AM EST   SUNSET   445 PM EST


-  INDICATES NEGATIVE NUMBERS.
R  INDICATES RECORD WAS SET OR TIED.
MM INDICATES DATA IS MISSING.
T  INDICATES TRACE AMOUNT.




$$
