000
CDUS41 KBUF 220705
CLIBUF


CLIMATE REPORT
NATIONAL WEATHER SERVICE BUFFALO NY
205 AM EST THU JAN 22 2015


...................................

...THE BUFFALO NY CLIMATE SUMMARY FOR JANUARY 21 2015...

CLIMATE NORMAL PERIOD 1981 TO 2010
CLIMATE RECORD PERIOD 1871 TO 2015


WEATHER ITEM   OBSERVED TIME   RECORD YEAR NORMAL DEPARTURE LAST
                VALUE   (LST)  VALUE       VALUE  FROM      YEAR
                                                  NORMAL
..................................................................
TEMPERATURE (F)
 YESTERDAY
  MAXIMUM         28    408 PM  69    1906  31     -3       11
  MINIMUM          7    539 AM -10    1985  18    -11        3
  AVERAGE         18                        24     -6        7

PRECIPITATION (IN)
  YESTERDAY        T             1.69 1959   0.10  -0.10     0.01
  MONTH TO DATE    2.16                      2.26  -0.10     2.69
  SINCE DEC 1      4.31                      6.15  -1.84     7.62
  SINCE JAN 1      2.16                      2.26  -0.10     2.69

SNOWFALL (IN)
  YESTERDAY       MM            14.9  1985   0.8   MM        0.3
  MONTH TO DATE   19.9                      17.9    2.0     30.1
  SINCE DEC 1     31.2                      45.3  -14.1     58.6
  SINCE JUL 1     51.7                      54.1   -2.4     68.6
  SNOW DEPTH       2

DEGREE DAYS
 HEATING
  YESTERDAY       47                        41      6       58
  MONTH TO DATE  926                       839     87      873
  SINCE DEC 1   1894                      1921    -27     2013
  SINCE JUL 1   3192                      3254    -62     3331

 COOLING
  YESTERDAY        0                         0      0        0
  MONTH TO DATE    0                         0      0        0
  SINCE DEC 1      0                         0      0        0
  SINCE JAN 1      0                         0      0        0
..................................................................


WIND (MPH)
  HIGHEST WIND SPEED     9   HIGHEST WIND DIRECTION    NE (30)
  HIGHEST GUST SPEED    12   HIGHEST GUST DIRECTION    NE (30)
  AVERAGE WIND SPEED     4.7


SKY COVER
  AVERAGE SKY COVER 0.6


WEATHER CONDITIONS
 THE FOLLOWING WEATHER WAS RECORDED YESTERDAY.
  LIGHT SNOW
  FOG
  HAZE


RELATIVE HUMIDITY (PERCENT)
 HIGHEST    83           200 AM
 LOWEST     58           400 PM
 AVERAGE    71

..........................................................


THE BUFFALO NY CLIMATE NORMALS FOR TODAY
                         NORMAL    RECORD    YEAR
 MAXIMUM TEMPERATURE (F)   31        70      1906
 MINIMUM TEMPERATURE (F)   18        -7      1976


SUNRISE AND SUNSET
JANUARY 22 2015.......SUNRISE   739 AM EST   SUNSET   514 PM EST
JANUARY 23 2015.......SUNRISE   738 AM EST   SUNSET   516 PM EST


-  INDICATES NEGATIVE NUMBERS.
R  INDICATES RECORD WAS SET OR TIED.
MM INDICATES DATA IS MISSING.
T  INDICATES TRACE AMOUNT.




$$
