000
CDUS41 KBUF 210705
CLIBUF


CLIMATE REPORT
NATIONAL WEATHER SERVICE BUFFALO NY
305 AM EDT WED JUN 21 2017


...................................

...THE BUFFALO NY CLIMATE SUMMARY FOR JUNE 20 2017...

CLIMATE NORMAL PERIOD 1981 TO 2010
CLIMATE RECORD PERIOD 1871 TO 2017


WEATHER ITEM   OBSERVED TIME   RECORD YEAR NORMAL DEPARTURE LAST
                VALUE   (LST)  VALUE       VALUE  FROM      YEAR
                                                  NORMAL
..................................................................
TEMPERATURE (F)
 YESTERDAY
  MAXIMUM         71    242 PM  92    1995  77     -6       84
  MINIMUM         60   1159 PM  43    1914  59      1       66
  AVERAGE         66                        68     -2       75

PRECIPITATION (IN)
  YESTERDAY        0.03          1.04 1980   0.12  -0.09     0.41
                                      1903
  MONTH TO DATE    1.20                      2.53  -1.33     1.02
  SINCE JUN 1      1.20                      2.53  -1.33     1.02
  SINCE JAN 1     23.47                     17.54   5.93    12.26

SNOWFALL (IN)
  YESTERDAY        0.0           0.0    MM   0.0    0.0      0.0
  MONTH TO DATE    0.0                       0.0    0.0      0.0
  SINCE JUN 1      0.0                       0.0    0.0      0.0
  SINCE JUL 1     76.1                      94.7  -18.6     55.1
  SNOW DEPTH       0

DEGREE DAYS
 HEATING
  YESTERDAY        0                         1     -1        0
  MONTH TO DATE   41                        55    -14       42
  SINCE JUN 1     41                        55    -14       42
  SINCE JUL 1   5635                      6608   -973     5637

 COOLING
  YESTERDAY        1                         4     -3       10
  MONTH TO DATE   94                        54     40       74
  SINCE JUN 1     94                        54     40       74
  SINCE JAN 1    121                        80     41      133
..................................................................


WIND (MPH)
  HIGHEST WIND SPEED    31   HIGHEST WIND DIRECTION    SW (240)
  HIGHEST GUST SPEED    42   HIGHEST GUST DIRECTION    SW (230)
  AVERAGE WIND SPEED    16.1


SKY COVER
  AVERAGE SKY COVER 0.7


WEATHER CONDITIONS
 THE FOLLOWING WEATHER WAS RECORDED YESTERDAY.
  LIGHT RAIN


RELATIVE HUMIDITY (PERCENT)
 HIGHEST    84          1100 PM
 LOWEST     59           700 PM
 AVERAGE    72

..........................................................


THE BUFFALO NY CLIMATE NORMALS FOR TODAY
                         NORMAL    RECORD    YEAR
 MAXIMUM TEMPERATURE (F)   77        93      1953
 MINIMUM TEMPERATURE (F)   59        42      1969


SUNRISE AND SUNSET
JUNE 21 2017..........SUNRISE   536 AM EDT   SUNSET   857 PM EDT
JUNE 22 2017..........SUNRISE   536 AM EDT   SUNSET   858 PM EDT


-  INDICATES NEGATIVE NUMBERS.
R  INDICATES RECORD WAS SET OR TIED.
MM INDICATES DATA IS MISSING.
T  INDICATES TRACE AMOUNT.




$$
