000
CDUS41 KBUF 060705
CLIBUF


CLIMATE REPORT
NATIONAL WEATHER SERVICE BUFFALO NY
305 AM EDT WED SEP 6 2017


...................................

...THE BUFFALO NY CLIMATE SUMMARY FOR SEPTEMBER 5 2017...

CLIMATE NORMAL PERIOD 1981 TO 2010
CLIMATE RECORD PERIOD 1871 TO 2017


WEATHER ITEM   OBSERVED TIME   RECORD YEAR NORMAL DEPARTURE LAST
                VALUE   (LST)  VALUE       VALUE  FROM      YEAR
                                                  NORMAL
..................................................................
TEMPERATURE (F)
 YESTERDAY
  MAXIMUM         70    311 PM  92    1948  75     -5       83
  MINIMUM         58   1159 PM  42    1963  57      1       58
  AVERAGE         64                        66     -2       71

PRECIPITATION (IN)
  YESTERDAY        0.10          1.34 1926   0.11  -0.01     0.00
  MONTH TO DATE    1.20                      0.58   0.62      T
  SINCE SEP 1      1.20                      0.58   0.62      T
  SINCE JAN 1     33.48                     25.74   7.74    18.52

SNOWFALL (IN)
  YESTERDAY        0.0           0.0    MM   0.0    0.0      0.0
  MONTH TO DATE    0.0                       0.0    0.0      0.0
  SINCE SEP 1      0.0                       0.0    0.0      0.0
  SINCE JUL 1      0.0                       0.0    0.0      0.0
  SNOW DEPTH       0

DEGREE DAYS
 HEATING
  YESTERDAY        1                         2     -1        0
  MONTH TO DATE   21                         9     12        2
  SINCE SEP 1     21                         9     12        2
  SINCE JUL 1     37                        36      1        2

 COOLING
  YESTERDAY        0                         3     -3        6
  MONTH TO DATE    5                        16    -11       10
  SINCE SEP 1      5                        16    -11       10
  SINCE JAN 1    475                       503    -28      828
..................................................................


WIND (MPH)
  HIGHEST WIND SPEED    18   HIGHEST WIND DIRECTION     W (250)
  HIGHEST GUST SPEED    25   HIGHEST GUST DIRECTION     W (250)
  AVERAGE WIND SPEED     6.8


SKY COVER
  AVERAGE SKY COVER 0.8


WEATHER CONDITIONS
 THE FOLLOWING WEATHER WAS RECORDED YESTERDAY.
  HEAVY RAIN
  FOG


RELATIVE HUMIDITY (PERCENT)
 HIGHEST    97           200 AM
 LOWEST     57           100 PM
 AVERAGE    77

..........................................................


THE BUFFALO NY CLIMATE NORMALS FOR TODAY
                         NORMAL    RECORD    YEAR
 MAXIMUM TEMPERATURE (F)   75        93      1945
 MINIMUM TEMPERATURE (F)   57        40      1984


SUNRISE AND SUNSET
SEPTEMBER  6 2017.....SUNRISE   645 AM EDT   SUNSET   740 PM EDT
SEPTEMBER  7 2017.....SUNRISE   646 AM EDT   SUNSET   739 PM EDT


-  INDICATES NEGATIVE NUMBERS.
R  INDICATES RECORD WAS SET OR TIED.
MM INDICATES DATA IS MISSING.
T  INDICATES TRACE AMOUNT.




$$
