000
CDUS41 KBUF 062144
CLIBUF


CLIMATE REPORT
NATIONAL WEATHER SERVICE BUFFALO NY
430 PM EST FRI JAN 6 2017


...................................

...THE BUFFALO NY CLIMATE SUMMARY FOR JANUARY 6 2017...
VALID TODAY AS OF 0400 PM LOCAL TIME.

CLIMATE NORMAL PERIOD 1981 TO 2010
CLIMATE RECORD PERIOD 1871 TO 2017


WEATHER ITEM   OBSERVED TIME   RECORD YEAR NORMAL DEPARTURE LAST
                VALUE   (LST)  VALUE       VALUE  FROM      YEAR
                                                  NORMAL
..................................................................
TEMPERATURE (F)
 TODAY
  MAXIMUM         18    308 PM  61    1946  32    -14       35
  MINIMUM          8    824 AM -10    1996  19    -11       19
  AVERAGE         13                        26    -13       27

PRECIPITATION (IN)
  TODAY            T             1.36 1874   0.12  -0.12     0.00
  MONTH TO DATE    0.71                      0.71   0.00     0.15
  SINCE DEC 1      4.77                      4.60   0.17     3.05
  SINCE JAN 1      0.71                      0.71   0.00     0.15

SNOWFALL (IN)
  TODAY            T             7.3  1974   0.9   -0.9      0.0
  MONTH TO DATE    2.4                       5.5   -3.1      3.1
  SINCE DEC 1     32.5                      32.9   -0.4      4.1
  SINCE JUL 1     33.4                      41.7   -8.3      4.1
  SNOW DEPTH       2

DEGREE DAYS
 HEATING
  TODAY           52                        40     12       38
  MONTH TO DATE  221                       235    -14      245
  SINCE DEC 1   1261                      1317    -56      948
  SINCE JUL 1   2231                      2650   -419     1992

 COOLING
  TODAY            0                         0      0        0
  MONTH TO DATE    0                         0      0        0
  SINCE DEC 1      0                         0      0        0
  SINCE JAN 1      0                         0      0        0
..................................................................


WIND (MPH)
  HIGHEST WIND SPEED    20   HIGHEST WIND DIRECTION     W (270)
  HIGHEST GUST SPEED    24   HIGHEST GUST DIRECTION     W (250)
  AVERAGE WIND SPEED    10.5


SKY COVER
  AVERAGE SKY COVER 0.4


WEATHER CONDITIONS
 THE FOLLOWING WEATHER WAS RECORDED TODAY.
  LIGHT SNOW


RELATIVE HUMIDITY (PERCENT)
 HIGHEST    69           500 AM
 LOWEST     47           100 PM
 AVERAGE    58

..........................................................


THE BUFFALO NY CLIMATE NORMALS FOR TOMORROW
                         NORMAL    RECORD    YEAR
 MAXIMUM TEMPERATURE (F)   32        63      2008
 MINIMUM TEMPERATURE (F)   19        -5      2014
                                             1942


SUNRISE AND SUNSET
JANUARY  6 2017.......SUNRISE   746 AM EST   SUNSET   456 PM EST
JANUARY  7 2017.......SUNRISE   746 AM EST   SUNSET   457 PM EST


-  INDICATES NEGATIVE NUMBERS.
R  INDICATES RECORD WAS SET OR TIED.
MM INDICATES DATA IS MISSING.
T  INDICATES TRACE AMOUNT.




$$
