000
CDUS41 KBUF 151013
CLIBUF


CLIMATE REPORT
NATIONAL WEATHER SERVICE BUFFALO NY
513 AM EST WED FEB 15 2017


...................................

...THE BUFFALO NY CLIMATE SUMMARY FOR FEBRUARY 14 2017...

CLIMATE NORMAL PERIOD 1981 TO 2010
CLIMATE RECORD PERIOD 1871 TO 2017


WEATHER ITEM   OBSERVED TIME   RECORD YEAR NORMAL DEPARTURE LAST
                VALUE   (LST)  VALUE       VALUE  FROM      YEAR
                                                  NORMAL
..................................................................
TEMPERATURE (F)
 YESTERDAY
  MAXIMUM         41    112 PM  57    1946  33      8       11
  MINIMUM         23    454 AM -13    1943  19      4      -12
  AVERAGE         32                        26      6        0

PRECIPITATION (IN)
  YESTERDAY        0.01          1.35 1950   0.09  -0.08      T
  MONTH TO DATE    1.29                      1.23   0.06     1.17
  SINCE DEC 1      8.27                      8.30  -0.03     5.88
  SINCE JAN 1      4.21                      4.41  -0.20     2.98

SNOWFALL (IN)
  YESTERDAY        0.0          12.0  1960   0.6   -0.6       T
  MONTH TO DATE    3.3                       9.1   -5.8      8.6
  SINCE DEC 1     44.4                      61.8  -17.4     35.2
  SINCE JUL 1     45.3                      70.6  -25.3     35.2
  SNOW DEPTH       0

DEGREE DAYS
 HEATING
  YESTERDAY       33                        39     -6       65
  MONTH TO DATE  502                       557    -55      507
  SINCE DEC 1   2587                      2883   -296     2383
  SINCE JUL 1   3557                      4216   -659     3427

 COOLING
  YESTERDAY        0                         0      0        0
  MONTH TO DATE    0                         0      0        0
  SINCE DEC 1      0                         0      0        0
  SINCE JAN 1      0                         0      0        0
..................................................................


WIND (MPH)
  HIGHEST WIND SPEED    33   HIGHEST WIND DIRECTION    SW (240)
  HIGHEST GUST SPEED    46   HIGHEST GUST DIRECTION     W (250)
  AVERAGE WIND SPEED    13.6


SKY COVER
  AVERAGE SKY COVER 0.5


WEATHER CONDITIONS
 THE FOLLOWING WEATHER WAS RECORDED YESTERDAY.
  LIGHT RAIN


RELATIVE HUMIDITY (PERCENT)
 HIGHEST    82           900 PM
 LOWEST     50          1100 AM
 AVERAGE    66

..........................................................


THE BUFFALO NY CLIMATE NORMALS FOR TODAY
                         NORMAL    RECORD    YEAR
 MAXIMUM TEMPERATURE (F)   33        63      1954
 MINIMUM TEMPERATURE (F)   19       -16      1943


SUNRISE AND SUNSET
FEBRUARY 15 2017......SUNRISE   712 AM EST   SUNSET   547 PM EST
FEBRUARY 16 2017......SUNRISE   710 AM EST   SUNSET   548 PM EST


-  INDICATES NEGATIVE NUMBERS.
R  INDICATES RECORD WAS SET OR TIED.
MM INDICATES DATA IS MISSING.
T  INDICATES TRACE AMOUNT.




$$
