000
CDUS41 KBUF 101016
CLIBUF


CLIMATE REPORT
NATIONAL WEATHER SERVICE BUFFALO NY
613 AM EDT SUN JUL 10 2016


...................................

...THE BUFFALO NY CLIMATE SUMMARY FOR JULY 9 2016...

CLIMATE NORMAL PERIOD 1981 TO 2010
CLIMATE RECORD PERIOD 1871 TO 2016


WEATHER ITEM   OBSERVED TIME   RECORD YEAR NORMAL DEPARTURE LAST
                VALUE   (LST)  VALUE       VALUE  FROM      YEAR
                                                  NORMAL
..................................................................
TEMPERATURE (F)
 YESTERDAY
  MAXIMUM         78    105 PM  96    1946  80     -2       68
  MINIMUM         65    746 PM  47    1963  62      3       60
  AVERAGE         72                        71      1       64

PRECIPITATION (IN)
  YESTERDAY        0.71          1.02 1904   0.10   0.61     0.37
  MONTH TO DATE    0.75                      0.90  -0.15     1.27
  SINCE JUN 1      2.06                      4.56  -2.50     6.30
  SINCE JAN 1     13.30                     19.57  -6.27    18.93

SNOWFALL (IN)
  YESTERDAY        0.0           0.0    MM   0.0    0.0      0.0
  MONTH TO DATE    0.0                       0.0    0.0      0.0
  SINCE JUN 1      0.0                       0.0    0.0      0.0
  SINCE JUL 1      0.0                       0.0    0.0      0.0
  SNOW DEPTH       0

DEGREE DAYS
 HEATING
  YESTERDAY        0                         0      0        1
  MONTH TO DATE    0                         2     -2        3
  SINCE JUN 1     42                        66    -24       53
  SINCE JUL 1      0                         2     -2        3

 COOLING
  YESTERDAY        7                         6      1        0
  MONTH TO DATE   68                        54     14       28
  SINCE JUN 1    196                       157     39      104
  SINCE JAN 1    255                       183     72      195
..................................................................


WIND (MPH)
  HIGHEST WIND SPEED    31   HIGHEST WIND DIRECTION    SW (240)
  HIGHEST GUST SPEED    39   HIGHEST GUST DIRECTION    SW (240)
  AVERAGE WIND SPEED    13.9


SKY COVER
  AVERAGE SKY COVER 0.7


WEATHER CONDITIONS
 THE FOLLOWING WEATHER WAS RECORDED YESTERDAY.
  HEAVY RAIN
  LIGHT RAIN
  FOG
  HAZE


RELATIVE HUMIDITY (PERCENT)
 HIGHEST    87          1000 PM
 LOWEST     54           400 PM
 AVERAGE    71

..........................................................


THE BUFFALO NY CLIMATE NORMALS FOR TODAY
                         NORMAL    RECORD    YEAR
 MAXIMUM TEMPERATURE (F)   80        95      1988
                                             1897
 MINIMUM TEMPERATURE (F)   62        50      1962


SUNRISE AND SUNSET
JULY 10 2016..........SUNRISE   546 AM EDT   SUNSET   854 PM EDT
JULY 11 2016..........SUNRISE   547 AM EDT   SUNSET   854 PM EDT


-  INDICATES NEGATIVE NUMBERS.
R  INDICATES RECORD WAS SET OR TIED.
MM INDICATES DATA IS MISSING.
T  INDICATES TRACE AMOUNT.




$$
