000
CDUS41 KBUF 161314
CLIBUF


CLIMATE REPORT
NATIONAL WEATHER SERVICE BUFFALO NY
910 AM EDT THU MAR 16 2017


...................................

...THE BUFFALO NY CLIMATE SUMMARY FOR MARCH 15 2017...

CLIMATE NORMAL PERIOD 1981 TO 2010
CLIMATE RECORD PERIOD 1871 TO 2017


WEATHER ITEM   OBSERVED TIME   RECORD YEAR NORMAL DEPARTURE LAST
                VALUE   (LST)  VALUE       VALUE  FROM      YEAR
                                                  NORMAL
..................................................................
TEMPERATURE (F)
 YESTERDAY
  MAXIMUM         27    445 PM  79    1990  41    -14       50
  MINIMUM         14    447 AM   7    1895  26    -12       40
  AVERAGE         21                        34    -13       45

PRECIPITATION (IN)
  YESTERDAY        0.27          0.83 1912   0.09   0.18     0.04
  MONTH TO DATE    2.08                      1.35   0.73     1.37
  SINCE MAR 1      2.08                      1.35   0.73     1.37
  SINCE JAN 1      7.26                      7.02   0.24     6.65

SNOWFALL (IN)
  YESTERDAY        4.9 R         4.8  1916   0.4    4.5      0.0
  MONTH TO DATE   25.5                       7.6   17.9      0.9
  SINCE MAR 1     25.5                       7.6   17.9      0.9
  SINCE JUL 1     72.5                      86.4  -13.9     48.0
  SNOW DEPTH      10

DEGREE DAYS
 HEATING
  YESTERDAY       44                        32     12       20
  MONTH TO DATE  552                       508     44      401
  SINCE MAR 1    552                       508     44      401
  SINCE JUL 1   4444                      5252   -808     4339

 COOLING
  YESTERDAY        0                         0      0        0
  MONTH TO DATE    0                         0      0        0
  SINCE MAR 1      0                         0      0        0
  SINCE JAN 1      0                         0      0        0
..................................................................


WIND (MPH)
  HIGHEST WIND SPEED    29   HIGHEST WIND DIRECTION    NW (310)
  HIGHEST GUST SPEED    41   HIGHEST GUST DIRECTION     W (290)
  AVERAGE WIND SPEED    17.2


SKY COVER
  AVERAGE SKY COVER 0.9


WEATHER CONDITIONS
 THE FOLLOWING WEATHER WAS RECORDED YESTERDAY.
  HEAVY SNOW
  SNOW
  LIGHT SNOW
  FOG
  BLOWING SNOW


RELATIVE HUMIDITY (PERCENT)
 HIGHEST    84          1000 AM
 LOWEST     46           500 PM
 AVERAGE    65

..........................................................


THE BUFFALO NY CLIMATE NORMALS FOR TODAY
                         NORMAL    RECORD    YEAR
 MAXIMUM TEMPERATURE (F)   42        70      1990
 MINIMUM TEMPERATURE (F)   26         1      1885


SUNRISE AND SUNSET
MARCH 16 2017.........SUNRISE   725 AM EDT   SUNSET   723 PM EDT
MARCH 17 2017.........SUNRISE   723 AM EDT   SUNSET   724 PM EDT


-  INDICATES NEGATIVE NUMBERS.
R  INDICATES RECORD WAS SET OR TIED.
MM INDICATES DATA IS MISSING.
T  INDICATES TRACE AMOUNT.




$$
