000
CDUS41 KBUF 192158
CLIBUF


CLIMATE REPORT
NATIONAL WEATHER SERVICE BUFFALO NY
456 PM EST SAT NOV 19 2016


...................................

...THE BUFFALO NY CLIMATE SUMMARY FOR NOVEMBER 19 2016...
VALID TODAY AS OF 0400 PM LOCAL TIME.

CLIMATE NORMAL PERIOD 1981 TO 2010
CLIMATE RECORD PERIOD 1871 TO 2016


WEATHER ITEM   OBSERVED TIME   RECORD YEAR NORMAL DEPARTURE LAST
                VALUE   (LST)  VALUE       VALUE  FROM      YEAR
                                                  NORMAL
..................................................................
TEMPERATURE (F)
 TODAY
  MAXIMUM         62   1200 AM  70    1985  46     16       64
  MINIMUM         37    357 PM  12    1880  33      4       45
  AVERAGE         50                        40     10       55

PRECIPITATION (IN)
  TODAY            0.26          1.49 2009   0.14   0.12     0.02
  MONTH TO DATE    1.68                      2.55  -0.87     0.93
  SINCE SEP 1      9.62                      9.97  -0.35     9.03
  SINCE JAN 1     28.14                     35.13  -6.99    33.50

SNOWFALL (IN)
  TODAY            T             7.6  2014   0.3   -0.3      0.0
  MONTH TO DATE    T                         3.7   -3.7      0.0
  SINCE SEP 1      T                         4.6   -4.6       T
  SINCE JUL 1      T                         4.6   -4.6       T
  SNOW DEPTH       0

DEGREE DAYS
 HEATING
  TODAY           15                        25    -10       10
  MONTH TO DATE  313                       424   -111      270
  SINCE SEP 1    692                      1002   -310      741
  SINCE JUL 1    692                      1029   -337      756

 COOLING
  TODAY            0                         0      0        0
  MONTH TO DATE    0                         0      0        0
  SINCE SEP 1    121                        57     64      132
  SINCE JAN 1    939                       544    395      657
..................................................................


WIND (MPH)
  HIGHEST WIND SPEED    29   HIGHEST WIND DIRECTION     W (250)
  HIGHEST GUST SPEED    37   HIGHEST GUST DIRECTION    SW (240)
  AVERAGE WIND SPEED    13.0


SKY COVER
  AVERAGE SKY COVER 0.6


WEATHER CONDITIONS
 THE FOLLOWING WEATHER WAS RECORDED TODAY.
  LIGHT RAIN
  FOG


RELATIVE HUMIDITY (PERCENT)
 HIGHEST    92           300 PM
 LOWEST     42           500 AM
 AVERAGE    67

..........................................................


THE BUFFALO NY CLIMATE NORMALS FOR TOMORROW
                         NORMAL    RECORD    YEAR
 MAXIMUM TEMPERATURE (F)   46        72      1953
 MINIMUM TEMPERATURE (F)   33        11      1880


SUNRISE AND SUNSET
NOVEMBER 19 2016......SUNRISE   713 AM EST   SUNSET   448 PM EST
NOVEMBER 20 2016......SUNRISE   714 AM EST   SUNSET   447 PM EST


-  INDICATES NEGATIVE NUMBERS.
R  INDICATES RECORD WAS SET OR TIED.
MM INDICATES DATA IS MISSING.
T  INDICATES TRACE AMOUNT.




$$
