779
CDUS41 KBUF 152031
CLIBUF


CLIMATE REPORT
NATIONAL WEATHER SERVICE BUFFALO NY
429 PM EDT FRI SEP 15 2017


...................................

...THE BUFFALO NY CLIMATE SUMMARY FOR SEPTEMBER 15 2017...
VALID TODAY AS OF 0400 PM LOCAL TIME.

CLIMATE NORMAL PERIOD 1981 TO 2010
CLIMATE RECORD PERIOD 1871 TO 2017


WEATHER ITEM   OBSERVED TIME   RECORD YEAR NORMAL DEPARTURE LAST
                VALUE   (LST)  VALUE       VALUE  FROM      YEAR
                                                  NORMAL
..................................................................
TEMPERATURE (F)
 TODAY
  MAXIMUM         76    245 PM  86    1903  72      4       70
  MINIMUM         60    605 AM  39    1964  54      6       50
                                      1913
                                      1895
  AVERAGE         68                        63      5       60

PRECIPITATION (IN)
  TODAY            0.00          1.57 1940   0.13  -0.13     0.00
  MONTH TO DATE    2.43                      1.78   0.65     1.05
  SINCE SEP 1      2.43                      1.78   0.65     1.05
  SINCE JAN 1     34.71                     26.94   7.77    19.57

SNOWFALL (IN)
  TODAY            0.0           0.0    MM   0.0    0.0      0.0
  MONTH TO DATE    0.0                       0.0    0.0      0.0
  SINCE SEP 1      0.0                       0.0    0.0      0.0
  SINCE JUL 1      0.0                       0.0    0.0      0.0
  SNOW DEPTH       0

DEGREE DAYS
 HEATING
  TODAY            0                         4     -4        5
  MONTH TO DATE   62                        39     23        9
  SINCE SEP 1     62                        39     23        9
  SINCE JUL 1     78                        66     12        9

 COOLING
  TODAY            3                         2      1        0
  MONTH TO DATE   15                        39    -24       74
  SINCE SEP 1     15                        39    -24       74
  SINCE JAN 1    485                       526    -41      892
..................................................................


WIND (MPH)
  HIGHEST WIND SPEED    12   HIGHEST WIND DIRECTION    SW (240)
  HIGHEST GUST SPEED    14   HIGHEST GUST DIRECTION    SW (210)
  AVERAGE WIND SPEED     7.4


SKY COVER
  AVERAGE SKY COVER 0.3


WEATHER CONDITIONS
 THE FOLLOWING WEATHER WAS RECORDED TODAY.
  FOG


RELATIVE HUMIDITY (PERCENT)
 HIGHEST   100          1200 AM
 LOWEST     64          1100 AM
 AVERAGE    82

..........................................................


THE BUFFALO NY CLIMATE NORMALS FOR TOMORROW
                         NORMAL    RECORD    YEAR
 MAXIMUM TEMPERATURE (F)   71        89      1991
 MINIMUM TEMPERATURE (F)   53        35      1964


SUNRISE AND SUNSET
SEPTEMBER 15 2017.....SUNRISE   655 AM EDT   SUNSET   724 PM EDT
SEPTEMBER 16 2017.....SUNRISE   656 AM EDT   SUNSET   723 PM EDT


-  INDICATES NEGATIVE NUMBERS.
R  INDICATES RECORD WAS SET OR TIED.
MM INDICATES DATA IS MISSING.
T  INDICATES TRACE AMOUNT.




$$
