000
CDUS41 KBUF 301030
CLIBUF


CLIMATE REPORT
NATIONAL WEATHER SERVICE BUFFALO NY
529 AM EST SAT JAN 30 2016


...................................

...THE BUFFALO NY CLIMATE SUMMARY FOR JANUARY 29 2016...

CLIMATE NORMAL PERIOD 1981 TO 2010
CLIMATE RECORD PERIOD 1871 TO 2016


WEATHER ITEM   OBSERVED TIME   RECORD YEAR NORMAL DEPARTURE LAST
                VALUE   (LST)  VALUE       VALUE  FROM      YEAR
                                                  NORMAL
..................................................................
TEMPERATURE (F)
 YESTERDAY
  MAXIMUM         33    136 AM  59    1914  31      2       38
  MINIMUM         20   1159 PM  -7    1977  18      2       10
  AVERAGE         27                        24      3       24

PRECIPITATION (IN)
  YESTERDAY        0.04          0.99 2006   0.09  -0.05     0.26
  MONTH TO DATE    1.81                      3.00  -1.19     2.58
  SINCE DEC 1      4.71                      6.89  -2.18     4.73
  SINCE JAN 1      1.81                      3.00  -1.19     2.58

SNOWFALL (IN)
  YESTERDAY        0.6           4.4  2012   0.7   -0.1      1.8
  MONTH TO DATE   25.6                      23.8    1.8     24.4
  SINCE DEC 1     26.6                      51.2  -24.6     35.7
  SINCE JUL 1     26.6                      60.0  -33.4     56.2
  SNOW DEPTH       T

DEGREE DAYS
 HEATING
  YESTERDAY       38                        41     -3       41
  MONTH TO DATE 1124                      1167    -43     1278
  SINCE DEC 1   1827                      2249   -422     2246
  SINCE JUL 1   2871                      3582   -711     3544

 COOLING
  YESTERDAY        0                         0      0        0
  MONTH TO DATE    0                         0      0        0
  SINCE DEC 1      0                         0      0        0
  SINCE JAN 1      0                         0      0        0
..................................................................


WIND (MPH)
  HIGHEST WIND SPEED    21   HIGHEST WIND DIRECTION     W (290)
  HIGHEST GUST SPEED    26   HIGHEST GUST DIRECTION     W (260)
  AVERAGE WIND SPEED    12.8


SKY COVER
  AVERAGE SKY COVER 0.9


WEATHER CONDITIONS
 THE FOLLOWING WEATHER WAS RECORDED YESTERDAY.
  LIGHT SNOW
  FOG


RELATIVE HUMIDITY (PERCENT)
 HIGHEST    92           200 AM
 LOWEST     62           600 PM
 AVERAGE    77

..........................................................


THE BUFFALO NY CLIMATE NORMALS FOR TODAY
                         NORMAL    RECORD    YEAR
 MAXIMUM TEMPERATURE (F)   31        66      2013
 MINIMUM TEMPERATURE (F)   18        -3      2003


SUNRISE AND SUNSET
JANUARY 30 2016.......SUNRISE   732 AM EST   SUNSET   524 PM EST
JANUARY 31 2016.......SUNRISE   731 AM EST   SUNSET   526 PM EST


-  INDICATES NEGATIVE NUMBERS.
R  INDICATES RECORD WAS SET OR TIED.
MM INDICATES DATA IS MISSING.
T  INDICATES TRACE AMOUNT.




$$
