000
CDUS41 KBUF 061025
CLIBUF


CLIMATE REPORT
NATIONAL WEATHER SERVICE BUFFALO NY
624 AM EDT SAT MAY 6 2017


...................................

...THE BUFFALO NY CLIMATE SUMMARY FOR MAY 5 2017...

CLIMATE NORMAL PERIOD 1981 TO 2010
CLIMATE RECORD PERIOD 1871 TO 2017


WEATHER ITEM   OBSERVED TIME   RECORD YEAR NORMAL DEPARTURE LAST
                VALUE   (LST)  VALUE       VALUE  FROM      YEAR
                                                  NORMAL
..................................................................
TEMPERATURE (F)
 YESTERDAY
  MAXIMUM         49   1038 AM  90    1950  63    -14       62
  MINIMUM         45    956 PM  28    1891  44      1       46
  AVERAGE         47                        53     -6       54

PRECIPITATION (IN)
  YESTERDAY        1.37R         1.37 2017   0.10   1.27     0.00
  MONTH TO DATE    3.11                      0.51   2.60     0.68
  SINCE MAR 1     13.85                      6.39   7.46     5.43
  SINCE JAN 1     19.03                     12.06   6.97    10.71

SNOWFALL (IN)
  YESTERDAY        0.0           0.1  1973   0.0    0.0      0.0
  MONTH TO DATE    0.0                       0.1   -0.1      0.0
  SINCE MAR 1     29.1                      15.7   13.4      8.0
  SINCE JUL 1     76.1                      94.5  -18.4     55.1
  SNOW DEPTH       0

DEGREE DAYS
 HEATING
  YESTERDAY       18                        12      6       11
  MONTH TO DATE   77                        63     14       73
  SINCE MAR 1   1493                      1600   -107     1493
  SINCE JUL 1   5385                      6344   -959     5431

 COOLING
  YESTERDAY        0                         0      0        0
  MONTH TO DATE    0                         0      0        0
  SINCE MAR 1      6                         3      3        0
  SINCE JAN 1      6                         3      3        0
..................................................................


WIND (MPH)
  HIGHEST WIND SPEED    18   HIGHEST WIND DIRECTION     N (20)
  HIGHEST GUST SPEED    23   HIGHEST GUST DIRECTION    NE (40)
  AVERAGE WIND SPEED     9.3


SKY COVER
  AVERAGE SKY COVER 1.0


WEATHER CONDITIONS
 THE FOLLOWING WEATHER WAS RECORDED YESTERDAY.
  THUNDERSTORM
  HEAVY RAIN
  RAIN
  LIGHT RAIN
  FOG


RELATIVE HUMIDITY (PERCENT)
 HIGHEST   100           300 AM
 LOWEST     86           100 PM
 AVERAGE    93

..........................................................


THE BUFFALO NY CLIMATE NORMALS FOR TODAY
                         NORMAL    RECORD    YEAR
 MAXIMUM TEMPERATURE (F)   63        88      1959
 MINIMUM TEMPERATURE (F)   44        31      1891


SUNRISE AND SUNSET
MAY  6 2017...........SUNRISE   602 AM EDT   SUNSET   822 PM EDT
MAY  7 2017...........SUNRISE   601 AM EDT   SUNSET   823 PM EDT


-  INDICATES NEGATIVE NUMBERS.
R  INDICATES RECORD WAS SET OR TIED.
MM INDICATES DATA IS MISSING.
T  INDICATES TRACE AMOUNT.




$$
