000
CDUS41 KBUF 230705
CLIBUF


CLIMATE REPORT
NATIONAL WEATHER SERVICE BUFFALO NY
205 AM EST WED NOV 23 2016


...................................

...THE BUFFALO NY CLIMATE SUMMARY FOR NOVEMBER 22 2016...

CLIMATE NORMAL PERIOD 1981 TO 2010
CLIMATE RECORD PERIOD 1871 TO 2016


WEATHER ITEM   OBSERVED TIME   RECORD YEAR NORMAL DEPARTURE LAST
                VALUE   (LST)  VALUE       VALUE  FROM      YEAR
                                                  NORMAL
..................................................................
TEMPERATURE (F)
 YESTERDAY
  MAXIMUM         37    351 PM  69    1953  45     -8       42
                                      1934
  MINIMUM         28   1044 PM   6    1880  32     -4       26
  AVERAGE         33                        38     -5       34

PRECIPITATION (IN)
  YESTERDAY        T             1.71 1909   0.14  -0.14     0.01
  MONTH TO DATE    2.07                      2.96  -0.89     0.95
  SINCE SEP 1     10.01                     10.38  -0.37     9.05
  SINCE JAN 1     28.53                     35.54  -7.01    33.52

SNOWFALL (IN)
  YESTERDAY       MM             3.3  1997   0.3   MM        0.0
  MONTH TO DATE    0.9                       4.6   -3.7       T
  SINCE SEP 1      0.9                       5.5   -4.6       T
  SINCE JUL 1      0.9                       5.5   -4.6       T
  SNOW DEPTH       0

DEGREE DAYS
 HEATING
  YESTERDAY       32                        27      5       31
  MONTH TO DATE  412                       503    -91      351
  SINCE SEP 1    791                      1081   -290      822
  SINCE JUL 1    791                      1108   -317      837

 COOLING
  YESTERDAY        0                         0      0        0
  MONTH TO DATE    0                         0      0        0
  SINCE SEP 1    121                        57     64      132
  SINCE JAN 1    939                       544    395      657
..................................................................


WIND (MPH)
  HIGHEST WIND SPEED    24   HIGHEST WIND DIRECTION    NW (300)
  HIGHEST GUST SPEED    32   HIGHEST GUST DIRECTION     W (290)
  AVERAGE WIND SPEED    11.7


SKY COVER
  AVERAGE SKY COVER 0.7


WEATHER CONDITIONS
 THE FOLLOWING WEATHER WAS RECORDED YESTERDAY.
  LIGHT SNOW


RELATIVE HUMIDITY (PERCENT)
 HIGHEST    75          1000 PM
 LOWEST     52           300 PM
 AVERAGE    64

..........................................................


THE BUFFALO NY CLIMATE NORMALS FOR TODAY
                         NORMAL    RECORD    YEAR
 MAXIMUM TEMPERATURE (F)   45        70      2003
                                             1979
 MINIMUM TEMPERATURE (F)   32         6      1880


SUNRISE AND SUNSET
NOVEMBER 23 2016......SUNRISE   718 AM EST   SUNSET   445 PM EST
NOVEMBER 24 2016......SUNRISE   719 AM EST   SUNSET   444 PM EST


-  INDICATES NEGATIVE NUMBERS.
R  INDICATES RECORD WAS SET OR TIED.
MM INDICATES DATA IS MISSING.
T  INDICATES TRACE AMOUNT.




$$
