000
CDUS41 KBUF 220705
CLIBUF


CLIMATE REPORT
NATIONAL WEATHER SERVICE BUFFALO NY
305 AM EDT FRI APR 22 2016


...................................

...THE BUFFALO NY CLIMATE SUMMARY FOR APRIL 21 2016...

CLIMATE NORMAL PERIOD 1981 TO 2010
CLIMATE RECORD PERIOD 1871 TO 2016


WEATHER ITEM   OBSERVED TIME   RECORD YEAR NORMAL DEPARTURE LAST
                VALUE   (LST)  VALUE       VALUE  FROM      YEAR
                                                  NORMAL
..................................................................
TEMPERATURE (F)
 YESTERDAY
  MAXIMUM         71   1040 AM  84    1954  58     13       52
  MINIMUM         47   1208 AM  21    1875  39      8       40
  AVERAGE         59                        48     11       46

PRECIPITATION (IN)
  YESTERDAY        T             1.24 1991   0.09  -0.09      T
  MONTH TO DATE    1.36                      2.15  -0.79     2.62
  SINCE MAR 1      4.21                      5.02  -0.81     4.06
  SINCE JAN 1      9.49                     10.69  -1.20     9.05

SNOWFALL (IN)
  YESTERDAY       MM             1.3  1934   0.0   MM        0.0
  MONTH TO DATE    7.1                       2.5    4.6      0.3
  SINCE MAR 1      8.0                      15.4   -7.4      9.9
  SINCE JUL 1     55.1                      94.2  -39.1    112.9
  SNOW DEPTH       0

DEGREE DAYS
 HEATING
  YESTERDAY        6                        17    -11       19
  MONTH TO DATE  484                       439     45      370
  SINCE MAR 1   1256                      1400   -144     1472
  SINCE JUL 1   5194                      6144   -950     6620

 COOLING
  YESTERDAY        0                         0      0        0
  MONTH TO DATE    0                         0      0        0
  SINCE MAR 1      0                         0      0        0
  SINCE JAN 1      0                         0      0        0
..................................................................


WIND (MPH)
  HIGHEST WIND SPEED    22   HIGHEST WIND DIRECTION    SW (210)
  HIGHEST GUST SPEED    34   HIGHEST GUST DIRECTION     S (200)
  AVERAGE WIND SPEED     9.5


SKY COVER
  AVERAGE SKY COVER 0.8


WEATHER CONDITIONS
 THE FOLLOWING WEATHER WAS RECORDED YESTERDAY.
  LIGHT RAIN


RELATIVE HUMIDITY (PERCENT)
 HIGHEST    72          1000 PM
 LOWEST     26          1100 AM
 AVERAGE    49

..........................................................


THE BUFFALO NY CLIMATE NORMALS FOR TODAY
                         NORMAL    RECORD    YEAR
 MAXIMUM TEMPERATURE (F)   58        77      2008
                                             1985
 MINIMUM TEMPERATURE (F)   39        24      1930


SUNRISE AND SUNSET
APRIL 22 2016.........SUNRISE   621 AM EDT   SUNSET   806 PM EDT
APRIL 23 2016.........SUNRISE   620 AM EDT   SUNSET   807 PM EDT


-  INDICATES NEGATIVE NUMBERS.
R  INDICATES RECORD WAS SET OR TIED.
MM INDICATES DATA IS MISSING.
T  INDICATES TRACE AMOUNT.




$$
