000
CDUS41 KBUF 111019
CLIBUF


CLIMATE REPORT
NATIONAL WEATHER SERVICE BUFFALO NY
617 AM EDT MON JUL 11 2016


...................................

...THE BUFFALO NY CLIMATE SUMMARY FOR JULY 10 2016...

CLIMATE NORMAL PERIOD 1981 TO 2010
CLIMATE RECORD PERIOD 1871 TO 2016


WEATHER ITEM   OBSERVED TIME   RECORD YEAR NORMAL DEPARTURE LAST
                VALUE   (LST)  VALUE       VALUE  FROM      YEAR
                                                  NORMAL
..................................................................
TEMPERATURE (F)
 YESTERDAY
  MAXIMUM         81    339 PM  95    1988  80      1       78
                                      1897
  MINIMUM         63    720 AM  50    1962  62      1       58
  AVERAGE         72                        71      1       68

PRECIPITATION (IN)
  YESTERDAY        T             1.34 1917   0.09  -0.09     0.00
  MONTH TO DATE    0.75                      0.99  -0.24     1.27
  SINCE JUN 1      2.06                      4.65  -2.59     6.30
  SINCE JAN 1     13.30                     19.66  -6.36    18.93

SNOWFALL (IN)
  YESTERDAY        0.0           0.0    MM   0.0    0.0      0.0
  MONTH TO DATE    0.0                       0.0    0.0      0.0
  SINCE JUN 1      0.0                       0.0    0.0      0.0
  SINCE JUL 1      0.0                       0.0    0.0      0.0
  SNOW DEPTH       0

DEGREE DAYS
 HEATING
  YESTERDAY        0                         0      0        0
  MONTH TO DATE    0                         2     -2        3
  SINCE JUN 1     42                        66    -24       53
  SINCE JUL 1      0                         2     -2        3

 COOLING
  YESTERDAY        7                         6      1        3
  MONTH TO DATE   75                        60     15       31
  SINCE JUN 1    203                       163     40      107
  SINCE JAN 1    262                       189     73      198
..................................................................


WIND (MPH)
  HIGHEST WIND SPEED    18   HIGHEST WIND DIRECTION    NW (320)
  HIGHEST GUST SPEED    26   HIGHEST GUST DIRECTION    NW (310)
  AVERAGE WIND SPEED     9.9


SKY COVER
  AVERAGE SKY COVER 0.7


WEATHER CONDITIONS
 THE FOLLOWING WEATHER WAS RECORDED YESTERDAY.
  NO SIGNIFICANT WEATHER WAS OBSERVED.


RELATIVE HUMIDITY (PERCENT)
 HIGHEST    87          1200 AM
 LOWEST     42           300 PM
 AVERAGE    65

..........................................................


THE BUFFALO NY CLIMATE NORMALS FOR TODAY
                         NORMAL    RECORD    YEAR
 MAXIMUM TEMPERATURE (F)   80        94      1946
                                             1944
 MINIMUM TEMPERATURE (F)   62        43      1945


SUNRISE AND SUNSET
JULY 11 2016..........SUNRISE   547 AM EDT   SUNSET   854 PM EDT
JULY 12 2016..........SUNRISE   548 AM EDT   SUNSET   853 PM EDT


-  INDICATES NEGATIVE NUMBERS.
R  INDICATES RECORD WAS SET OR TIED.
MM INDICATES DATA IS MISSING.
T  INDICATES TRACE AMOUNT.




$$
