000
CDUS41 KBUF 090705
CLIBUF


CLIMATE REPORT
NATIONAL WEATHER SERVICE BUFFALO NY
205 AM EST MON JAN 9 2017


...................................

...THE BUFFALO NY CLIMATE SUMMARY FOR JANUARY 8 2017...

CLIMATE NORMAL PERIOD 1981 TO 2010
CLIMATE RECORD PERIOD 1871 TO 2017


WEATHER ITEM   OBSERVED TIME   RECORD YEAR NORMAL DEPARTURE LAST
                VALUE   (LST)  VALUE       VALUE  FROM      YEAR
                                                  NORMAL
..................................................................
TEMPERATURE (F)
 YESTERDAY
  MAXIMUM         17   1151 AM  66    2008  32    -15       42
  MINIMUM         11    931 PM  -6    1968  19     -8       23
  AVERAGE         14                        25    -11       33

PRECIPITATION (IN)
  YESTERDAY        T             1.17 1930   0.11  -0.11     0.17
  MONTH TO DATE    0.72                      0.93  -0.21     0.32
  SINCE DEC 1      4.78                      4.82  -0.04     3.22
  SINCE JAN 1      0.72                      0.93  -0.21     0.32

SNOWFALL (IN)
  YESTERDAY       MM             7.6  2014   0.9   MM        0.0
  MONTH TO DATE    2.9                       7.4   -4.5      3.1
  SINCE DEC 1     33.0                      34.8   -1.8      4.1
  SINCE JUL 1     33.9                      43.6   -9.7      4.1
  SNOW DEPTH       0

DEGREE DAYS
 HEATING
  YESTERDAY       51                        40     11       32
  MONTH TO DATE  326                       315     11      311
  SINCE DEC 1   1366                      1397    -31     1014
  SINCE JUL 1   2336                      2730   -394     2058

 COOLING
  YESTERDAY        0                         0      0        0
  MONTH TO DATE    0                         0      0        0
  SINCE DEC 1      0                         0      0        0
  SINCE JAN 1      0                         0      0        0
..................................................................


WIND (MPH)
  HIGHEST WIND SPEED    25   HIGHEST WIND DIRECTION     W (280)
  HIGHEST GUST SPEED    34   HIGHEST GUST DIRECTION     W (260)
  AVERAGE WIND SPEED    14.0


SKY COVER
  AVERAGE SKY COVER 0.6


WEATHER CONDITIONS
 THE FOLLOWING WEATHER WAS RECORDED YESTERDAY.
  LIGHT SNOW
  HAZE


RELATIVE HUMIDITY (PERCENT)
 HIGHEST    76           800 AM
 LOWEST     53           300 PM
 AVERAGE    65

..........................................................


THE BUFFALO NY CLIMATE NORMALS FOR TODAY
                         NORMAL    RECORD    YEAR
 MAXIMUM TEMPERATURE (F)   31        64      2008
 MINIMUM TEMPERATURE (F)   19        -9      1968


SUNRISE AND SUNSET
JANUARY  9 2017.......SUNRISE   745 AM EST   SUNSET   459 PM EST
JANUARY 10 2017.......SUNRISE   745 AM EST   SUNSET   501 PM EST


-  INDICATES NEGATIVE NUMBERS.
R  INDICATES RECORD WAS SET OR TIED.
MM INDICATES DATA IS MISSING.
T  INDICATES TRACE AMOUNT.




$$
