000
CDUS41 KBUF 141036
CLIBUF


CLIMATE REPORT
NATIONAL WEATHER SERVICE BUFFALO NY
633 AM EDT THU JUL 14 2016


...................................

...THE BUFFALO NY CLIMATE SUMMARY FOR JULY 13 2016...

CLIMATE NORMAL PERIOD 1981 TO 2010
CLIMATE RECORD PERIOD 1871 TO 2016


WEATHER ITEM   OBSERVED TIME   RECORD YEAR NORMAL DEPARTURE LAST
                VALUE   (LST)  VALUE       VALUE  FROM      YEAR
                                                  NORMAL
..................................................................
TEMPERATURE (F)
 YESTERDAY
  MAXIMUM         87    214 PM  94    2005  80      7       86
  MINIMUM         74   1231 AM  49    1888  63     11       64
  AVERAGE         81                        71     10       75

PRECIPITATION (IN)
  YESTERDAY        0.00          1.86 1956   0.10  -0.10     0.00
  MONTH TO DATE    0.75                      1.28  -0.53     1.27
  SINCE JUN 1      2.06                      4.94  -2.88     6.30
  SINCE JAN 1     13.30                     19.95  -6.65    18.93

SNOWFALL (IN)
  YESTERDAY        0.0           0.0    MM   0.0    0.0      0.0
  MONTH TO DATE    0.0                       0.0    0.0      0.0
  SINCE JUN 1      0.0                       0.0    0.0      0.0
  SINCE JUL 1      0.0                       0.0    0.0      0.0
  SNOW DEPTH       0

DEGREE DAYS
 HEATING
  YESTERDAY        0                         0      0        0
  MONTH TO DATE    0                         2     -2        3
  SINCE JUN 1     42                        66    -24       53
  SINCE JUL 1      0                         2     -2        3

 COOLING
  YESTERDAY       16                         7      9       10
  MONTH TO DATE  113                        80     33       52
  SINCE JUN 1    241                       183     58      128
  SINCE JAN 1    300                       209     91      219
..................................................................


WIND (MPH)
  HIGHEST WIND SPEED    22   HIGHEST WIND DIRECTION    SW (220)
  HIGHEST GUST SPEED    27   HIGHEST GUST DIRECTION    SW (210)
  AVERAGE WIND SPEED    12.7


SKY COVER
  AVERAGE SKY COVER 0.2


WEATHER CONDITIONS
 THE FOLLOWING WEATHER WAS RECORDED YESTERDAY.
  LIGHT RAIN


RELATIVE HUMIDITY (PERCENT)
 HIGHEST    71           700 AM
 LOWEST     55           700 PM
 AVERAGE    63

..........................................................


THE BUFFALO NY CLIMATE NORMALS FOR TODAY
                         NORMAL    RECORD    YEAR
 MAXIMUM TEMPERATURE (F)   80        92      2005
 MINIMUM TEMPERATURE (F)   63        50      1884


SUNRISE AND SUNSET
JULY 14 2016..........SUNRISE   549 AM EDT   SUNSET   852 PM EDT
JULY 15 2016..........SUNRISE   550 AM EDT   SUNSET   851 PM EDT


-  INDICATES NEGATIVE NUMBERS.
R  INDICATES RECORD WAS SET OR TIED.
MM INDICATES DATA IS MISSING.
T  INDICATES TRACE AMOUNT.




$$
