594
CDUS41 KBUF 081019
CLIBUF


CLIMATE REPORT
NATIONAL WEATHER SERVICE BUFFALO NY
618 AM EDT FRI MAY 8 2015


...................................

...THE BUFFALO NY CLIMATE SUMMARY FOR MAY 7 2015...

CLIMATE NORMAL PERIOD 1981 TO 2010
CLIMATE RECORD PERIOD 1871 TO 2015


WEATHER ITEM   OBSERVED TIME   RECORD YEAR NORMAL DEPARTURE LAST
                VALUE   (LST)  VALUE       VALUE  FROM      YEAR
                                                  NORMAL
..................................................................
TEMPERATURE (F)
 YESTERDAY
  MAXIMUM         80    344 PM  83    1982  64     16       68
  MINIMUM         53    551 AM  29    1970  44      9       44
  AVERAGE         67                        54     13       56

PRECIPITATION (IN)
  YESTERDAY        0.00          1.29 1932   0.11  -0.11     0.00
  MONTH TO DATE    0.08                      0.72  -0.64     0.15
  SINCE MAR 1      4.22                      6.60  -2.38     7.78
  SINCE JAN 1      9.21                     12.27  -3.06    14.56

SNOWFALL (IN)
  YESTERDAY        0.0           7.9  1989   0.0    0.0      0.0
  MONTH TO DATE    0.0                       0.1   -0.1      0.0
  SINCE MAR 1      9.9                      15.7   -5.8     25.7
  SINCE JUL 1    112.9                      94.5   18.4    129.9
  SNOW DEPTH       0

DEGREE DAYS
 HEATING
  YESTERDAY        0                        11    -11        9
  MONTH TO DATE   31                        86    -55      111
  SINCE MAR 1   1703                      1623     80     1860
  SINCE JUL 1   6851                      6367    484     6966

 COOLING
  YESTERDAY        2                         0      2        0
  MONTH TO DATE    2                         0      2        0
  SINCE MAR 1      2                         3     -1        0
  SINCE JAN 1      2                         3     -1        0
..................................................................


WIND (MPH)
  HIGHEST WIND SPEED    14   HIGHEST WIND DIRECTION    SW (240)
  HIGHEST GUST SPEED    20   HIGHEST GUST DIRECTION    SW (230)
  AVERAGE WIND SPEED     4.9


SKY COVER
  AVERAGE SKY COVER 0.2


WEATHER CONDITIONS
 THE FOLLOWING WEATHER WAS RECORDED YESTERDAY.
  NO SIGNIFICANT WEATHER WAS OBSERVED.


RELATIVE HUMIDITY (PERCENT)
 HIGHEST    93           500 AM
 LOWEST     35           200 PM
 AVERAGE    64

..........................................................


THE BUFFALO NY CLIMATE NORMALS FOR TODAY
                         NORMAL    RECORD    YEAR
 MAXIMUM TEMPERATURE (F)   64        85      1979
 MINIMUM TEMPERATURE (F)   45        29      1956


SUNRISE AND SUNSET
MAY  8 2015...........SUNRISE   600 AM EDT   SUNSET   823 PM EDT
MAY  9 2015...........SUNRISE   559 AM EDT   SUNSET   824 PM EDT


-  INDICATES NEGATIVE NUMBERS.
R  INDICATES RECORD WAS SET OR TIED.
MM INDICATES DATA IS MISSING.
T  INDICATES TRACE AMOUNT.




$$
