000
CDUS41 KBUF 041010
CLIBUF


CLIMATE REPORT
NATIONAL WEATHER SERVICE BUFFALO NY
510 AM EST THU JAN 4 2018


...................................

...THE BUFFALO NY CLIMATE SUMMARY FOR JANUARY 3 2018...

CLIMATE NORMAL PERIOD 1981 TO 2010
CLIMATE RECORD PERIOD 1871 TO 2018


WEATHER ITEM   OBSERVED TIME   RECORD YEAR NORMAL DEPARTURE LAST
                VALUE   (LST)  VALUE       VALUE  FROM      YEAR
                                                  NORMAL
..................................................................
TEMPERATURE (F)
 YESTERDAY
  MAXIMUM         23    744 PM  61    1950  32     -9       43
  MINIMUM          8    815 AM  -1    1981  20    -12       40
  AVERAGE         16                        26    -10       42

PRECIPITATION (IN)
  YESTERDAY        0.01          1.04 1907   0.12  -0.11     0.51
  MONTH TO DATE    0.17                      0.35  -0.18     0.51
  SINCE DEC 1      3.10                      4.24  -1.14     4.57
  SINCE JAN 1      0.17                      0.35  -0.18     0.51

SNOWFALL (IN)
  YESTERDAY        0.8          14.0  1928   0.9   -0.1      0.0
  MONTH TO DATE    4.5                       2.7    1.8      0.0
  SINCE DEC 1     37.7                      30.1    7.6     30.1
  SINCE JUL 1     37.9                      38.9   -1.0     31.0
  SNOW DEPTH       8

DEGREE DAYS
 HEATING
  YESTERDAY       49                        39     10       23
  MONTH TO DATE  159                       117     42       86
  SINCE DEC 1   1380                      1199    181     1126
  SINCE JUL 1   2495                      2532    -37     2096

 COOLING
  YESTERDAY        0                         0      0        0
  MONTH TO DATE    0                         0      0        0
  SINCE DEC 1      0                         0      0        0
  SINCE JAN 1      0                         0      0        0
..................................................................


WIND (MPH)
  HIGHEST WIND SPEED    28   HIGHEST WIND DIRECTION    SW (210)
  HIGHEST GUST SPEED    36   HIGHEST GUST DIRECTION    SW (210)
  AVERAGE WIND SPEED    19.0


SKY COVER
  AVERAGE SKY COVER 0.9


WEATHER CONDITIONS
 THE FOLLOWING WEATHER WAS RECORDED YESTERDAY.
  LIGHT SNOW
  FOG


RELATIVE HUMIDITY (PERCENT)
 HIGHEST    77          1100 PM
 LOWEST     45           300 PM
 AVERAGE    61

..........................................................


THE BUFFALO NY CLIMATE NORMALS FOR TODAY
                         NORMAL    RECORD    YEAR
 MAXIMUM TEMPERATURE (F)   32        66      1874
 MINIMUM TEMPERATURE (F)   20        -7      1981


SUNRISE AND SUNSET
JANUARY  4 2018.......SUNRISE   746 AM EST   SUNSET   454 PM EST
JANUARY  5 2018.......SUNRISE   746 AM EST   SUNSET   455 PM EST


-  INDICATES NEGATIVE NUMBERS.
R  INDICATES RECORD WAS SET OR TIED.
MM INDICATES DATA IS MISSING.
T  INDICATES TRACE AMOUNT.




$$
