000
CDUS41 KBUF 131011
CLIBUF


CLIMATE REPORT
NATIONAL WEATHER SERVICE BUFFALO NY
510 AM EST SAT DEC 13 2014


...................................

...THE BUFFALO NY CLIMATE SUMMARY FOR DECEMBER 12 2014...

CLIMATE NORMAL PERIOD 1981 TO 2010
CLIMATE RECORD PERIOD 1871 TO 2014


WEATHER ITEM   OBSERVED TIME   RECORD YEAR NORMAL DEPARTURE LAST
                VALUE   (LST)  VALUE       VALUE  FROM      YEAR
                                                  NORMAL
..................................................................
TEMPERATURE (F)
 YESTERDAY
  MAXIMUM         35    615 PM  63    1899  37     -2       21
  MINIMUM         27    348 AM  -9    1988  25      2       11
  AVERAGE         31                        31      0       16

PRECIPITATION (IN)
  YESTERDAY        T             1.18 1873   0.13  -0.13     0.21
  MONTH TO DATE    0.90                      1.51  -0.61     0.44
  SINCE DEC 1      0.90                      1.51  -0.61     0.44
  SINCE JAN 1     41.15                     38.10   3.05    41.53

SNOWFALL (IN)
  YESTERDAY        T             9.4  1944   0.9   -0.9      5.6
  MONTH TO DATE    9.4                       8.5    0.9      7.3
  SINCE DEC 1      9.4                       8.5    0.9      7.3
  SINCE JUL 1     29.9                      17.3   12.6     17.3
  SNOW DEPTH       6

DEGREE DAYS
 HEATING
  YESTERDAY       34                        34      0       49
  MONTH TO DATE  393                       385      8      404
  SINCE DEC 1    393                       385      8      404
  SINCE JUL 1   1691                      1718    -27     1722

 COOLING
  YESTERDAY        0                         0      0        0
  MONTH TO DATE    0                         0      0        0
  SINCE DEC 1      0                         0      0        0
  SINCE JAN 1    516                       544    -28      611
..................................................................


WIND (MPH)
  HIGHEST WIND SPEED    16   HIGHEST WIND DIRECTION     W (280)
  HIGHEST GUST SPEED    21   HIGHEST GUST DIRECTION     W (270)
  AVERAGE WIND SPEED     9.1


SKY COVER
  AVERAGE SKY COVER 0.9


WEATHER CONDITIONS
 THE FOLLOWING WEATHER WAS RECORDED YESTERDAY.
  LT FREEZING RAIN
  SNOW
  LIGHT SNOW
  FOG


RELATIVE HUMIDITY (PERCENT)
 HIGHEST    89          1000 PM
 LOWEST     64           300 PM
 AVERAGE    77

..........................................................


THE BUFFALO NY CLIMATE NORMALS FOR TODAY
                         NORMAL    RECORD    YEAR
 MAXIMUM TEMPERATURE (F)   37        62      1901
 MINIMUM TEMPERATURE (F)   25        -1      1960


SUNRISE AND SUNSET
DECEMBER 13 2014......SUNRISE   737 AM EST   SUNSET   441 PM EST
DECEMBER 14 2014......SUNRISE   738 AM EST   SUNSET   441 PM EST


-  INDICATES NEGATIVE NUMBERS.
R  INDICATES RECORD WAS SET OR TIED.
MM INDICATES DATA IS MISSING.
T  INDICATES TRACE AMOUNT.

$$
