000
CDUS41 KBUF 151015
CLIBUF


CLIMATE REPORT
NATIONAL WEATHER SERVICE BUFFALO NY
515 AM EST THU FEB 15 2018


...................................

...THE BUFFALO NY CLIMATE SUMMARY FOR FEBRUARY 14 2018...

CLIMATE NORMAL PERIOD 1981 TO 2010
CLIMATE RECORD PERIOD 1871 TO 2018


WEATHER ITEM   OBSERVED TIME   RECORD YEAR NORMAL DEPARTURE LAST
                VALUE   (LST)  VALUE       VALUE  FROM      YEAR
                                                  NORMAL
..................................................................
TEMPERATURE (F)
 YESTERDAY
  MAXIMUM         41    352 PM  57    1946  33      8       41
  MINIMUM         24   1223 AM -13    1943  19      5       23
  AVERAGE         33                        26      7       32

PRECIPITATION (IN)
  YESTERDAY        0.00          1.35 1950   0.09  -0.09     0.01
  MONTH TO DATE    1.39                      1.23   0.16     1.29
  SINCE DEC 1      8.05                      8.30  -0.25     8.27
  SINCE JAN 1      5.12                      4.41   0.71     4.21

SNOWFALL (IN)
  YESTERDAY        0.0          12.0  1960   0.6   -0.6      0.0
  MONTH TO DATE   18.0                       9.1    8.9      3.3
  SINCE DEC 1     82.9                      61.8   21.1     44.4
  SINCE JUL 1     83.1                      70.6   12.5     45.3
  SNOW DEPTH       5

DEGREE DAYS
 HEATING
  YESTERDAY       32                        39     -7       33
  MONTH TO DATE  587                       557     30      502
  SINCE DEC 1   3063                      2883    180     2587
  SINCE JUL 1   4178                      4216    -38     3557

 COOLING
  YESTERDAY        0                         0      0        0
  MONTH TO DATE    0                         0      0        0
  SINCE DEC 1      0                         0      0        0
  SINCE JAN 1      0                         0      0        0
..................................................................


WIND (MPH)
  HIGHEST WIND SPEED    26   HIGHEST WIND DIRECTION    SW (240)
  HIGHEST GUST SPEED    36   HIGHEST GUST DIRECTION    SW (240)
  AVERAGE WIND SPEED    13.9


SKY COVER
  AVERAGE SKY COVER 0.6


WEATHER CONDITIONS
 THE FOLLOWING WEATHER WAS RECORDED YESTERDAY.
  HAZE


RELATIVE HUMIDITY (PERCENT)
 HIGHEST    89          1100 PM
 LOWEST     63          1200 AM
 AVERAGE    76

..........................................................


THE BUFFALO NY CLIMATE NORMALS FOR TODAY
                         NORMAL    RECORD    YEAR
 MAXIMUM TEMPERATURE (F)   33        63      1954
 MINIMUM TEMPERATURE (F)   19       -16      1943


SUNRISE AND SUNSET
FEBRUARY 15 2018......SUNRISE   712 AM EST   SUNSET   546 PM EST
FEBRUARY 16 2018......SUNRISE   711 AM EST   SUNSET   548 PM EST


-  INDICATES NEGATIVE NUMBERS.
R  INDICATES RECORD WAS SET OR TIED.
MM INDICATES DATA IS MISSING.
T  INDICATES TRACE AMOUNT.




$$
