000
CDUS41 KBUF 211006
CLIBUF


CLIMATE REPORT
NATIONAL WEATHER SERVICE BUFFALO NY
504 AM EST WED JAN 21 2015


...................................

...THE BUFFALO NY CLIMATE SUMMARY FOR JANUARY 20 2015...

CLIMATE NORMAL PERIOD 1981 TO 2010
CLIMATE RECORD PERIOD 1871 TO 2015


WEATHER ITEM   OBSERVED TIME   RECORD YEAR NORMAL DEPARTURE LAST
                VALUE   (LST)  VALUE       VALUE  FROM      YEAR
                                                  NORMAL
..................................................................
TEMPERATURE (F)
 YESTERDAY
  MAXIMUM         23    323 PM  62    1951  31     -8       31
                                      1907
  MINIMUM         12   1150 PM  -5    1994  18     -6       11
                                      1983
  AVERAGE         18                        24     -6       21

PRECIPITATION (IN)
  YESTERDAY        T             1.20 1995   0.10  -0.10     0.08
  MONTH TO DATE    2.16                      2.16   0.00     2.68
  SINCE DEC 1      4.31                      6.05  -1.74     7.61
  SINCE JAN 1      2.16                      2.16   0.00     2.68

SNOWFALL (IN)
  YESTERDAY        T             8.8  1978   0.8   -0.8      1.4
  MONTH TO DATE   19.9                      17.1    2.8     29.8
  SINCE DEC 1     31.2                      44.5  -13.3     58.3
  SINCE JUL 1     51.7                      53.3   -1.6     68.3
  SNOW DEPTH       2

DEGREE DAYS
 HEATING
  YESTERDAY       47                        41      6       44
  MONTH TO DATE  879                       798     81      815
  SINCE DEC 1   1847                      1880    -33     1955
  SINCE JUL 1   3145                      3213    -68     3273

 COOLING
  YESTERDAY        0                         0      0        0
  MONTH TO DATE    0                         0      0        0
  SINCE DEC 1      0                         0      0        0
  SINCE JAN 1      0                         0      0        0
..................................................................


WIND (MPH)
  HIGHEST WIND SPEED    10   HIGHEST WIND DIRECTION     W (290)
  HIGHEST GUST SPEED    13   HIGHEST GUST DIRECTION    NW (300)
  AVERAGE WIND SPEED     5.0


SKY COVER
  AVERAGE SKY COVER 0.6


WEATHER CONDITIONS
 THE FOLLOWING WEATHER WAS RECORDED YESTERDAY.
  LIGHT SNOW
  HAZE


RELATIVE HUMIDITY (PERCENT)
 HIGHEST    80          1000 AM
 LOWEST     62           200 PM
 AVERAGE    71

..........................................................


THE BUFFALO NY CLIMATE NORMALS FOR TODAY
                         NORMAL    RECORD    YEAR
 MAXIMUM TEMPERATURE (F)   31        69      1906
 MINIMUM TEMPERATURE (F)   18       -10      1985


SUNRISE AND SUNSET
JANUARY 21 2015.......SUNRISE   740 AM EST   SUNSET   513 PM EST
JANUARY 22 2015.......SUNRISE   739 AM EST   SUNSET   514 PM EST


-  INDICATES NEGATIVE NUMBERS.
R  INDICATES RECORD WAS SET OR TIED.
MM INDICATES DATA IS MISSING.
T  INDICATES TRACE AMOUNT.




$$
