000
CDUS41 KBUF 061010
CLIBUF


CLIMATE REPORT
NATIONAL WEATHER SERVICE BUFFALO NY
609 AM EDT SUN APR 6 2014


...................................

...THE BUFFALO NY CLIMATE SUMMARY FOR APRIL 5 2014...

CLIMATE NORMAL PERIOD 1981 TO 2010
CLIMATE RECORD PERIOD 1871 TO 2014


WEATHER ITEM   OBSERVED TIME   RECORD YEAR NORMAL DEPARTURE LAST
                VALUE   (LST)  VALUE       VALUE  FROM      YEAR
                                                  NORMAL
..................................................................
TEMPERATURE (F)
 YESTERDAY
  MAXIMUM         37    220 PM  80    1910  50    -13       44
  MINIMUM         29    953 PM  13    1881  33     -4       27
  AVERAGE         33                        42     -9       36

PRECIPITATION (IN)
  YESTERDAY        T             1.37 1888   0.11  -0.11     0.00
  MONTH TO DATE    0.48                      0.52  -0.04     0.01
  SINCE MAR 1      3.03                      3.39  -0.36     1.07
  SINCE JAN 1      9.81                      9.06   0.75     6.62

SNOWFALL (IN)
  YESTERDAY        0.2           3.5  1914   0.2    0.0      0.0
  MONTH TO DATE    0.2                       0.9   -0.7      0.3
  SINCE MAR 1     24.7                      13.8   10.9     10.1
  SINCE JUL 1    128.9                      92.6   36.3     58.8
  SNOW DEPTH       T

DEGREE DAYS
 HEATING
  YESTERDAY       32                        23      9       29
  MONTH TO DATE  124                       121      3      156
  SINCE MAR 1   1302                      1082    220     1142
  SINCE JUL 1   6408                      5826    582     5462

 COOLING
  YESTERDAY        0                         0      0        0
  MONTH TO DATE    0                         0      0        0
  SINCE MAR 1      0                         0      0        0
  SINCE JAN 1      0                         0      0        0
..................................................................


WIND (MPH)
  HIGHEST WIND SPEED    36   HIGHEST WIND DIRECTION    SW (240)
  HIGHEST GUST SPEED    50   HIGHEST GUST DIRECTION    SW (240)
  AVERAGE WIND SPEED    20.1


SKY COVER
  POSSIBLE SUNSHINE  41 PERCENT
  AVERAGE SKY COVER 0.7


WEATHER CONDITIONS
 THE FOLLOWING WEATHER WAS RECORDED YESTERDAY.
  LIGHT SNOW
  FOG


RELATIVE HUMIDITY (PERCENT)
 HIGHEST    89           600 AM
 LOWEST     63          1000 AM
 AVERAGE    76

..........................................................


THE BUFFALO NY CLIMATE NORMALS FOR TODAY
                         NORMAL    RECORD    YEAR
 MAXIMUM TEMPERATURE (F)   51        78      1928
 MINIMUM TEMPERATURE (F)   33        15      1982


SUNRISE AND SUNSET
APRIL  6 2014.........SUNRISE   648 AM EDT   SUNSET   747 PM EDT
APRIL  7 2014.........SUNRISE   647 AM EDT   SUNSET   748 PM EDT


-  INDICATES NEGATIVE NUMBERS.
R  INDICATES RECORD WAS SET OR TIED.
MM INDICATES DATA IS MISSING.
T  INDICATES TRACE AMOUNT.




$$
