604
CDUS41 KBUF 121032
CLIBUF


CLIMATE REPORT
NATIONAL WEATHER SERVICE BUFFALO NY
631 AM EDT TUE SEP 12 2017


...................................

...THE BUFFALO NY CLIMATE SUMMARY FOR SEPTEMBER 11 2017...

CLIMATE NORMAL PERIOD 1981 TO 2010
CLIMATE RECORD PERIOD 1871 TO 2017


WEATHER ITEM   OBSERVED TIME   RECORD YEAR NORMAL DEPARTURE LAST
                VALUE   (LST)  VALUE       VALUE  FROM      YEAR
                                                  NORMAL
..................................................................
TEMPERATURE (F)
 YESTERDAY
  MAXIMUM         74    438 PM  87    1952  73      1       71
                                      1947
  MINIMUM         45    539 AM  39    1967  55    -10       59
  AVERAGE         60                        64     -4       65

PRECIPITATION (IN)
  YESTERDAY        0.00          1.97 1968   0.12  -0.12     0.06
  MONTH TO DATE    2.43                      1.27   1.16     1.00
  SINCE SEP 1      2.43                      1.27   1.16     1.00
  SINCE JAN 1     34.71                     26.43   8.28    19.52

SNOWFALL (IN)
  YESTERDAY        0.0           T    2007   0.0    0.0      0.0
  MONTH TO DATE    0.0                       0.0    0.0      0.0
  SINCE SEP 1      0.0                       0.0    0.0      0.0
  SINCE JUL 1      0.0                       0.0    0.0      0.0
  SNOW DEPTH       0

DEGREE DAYS
 HEATING
  YESTERDAY        5                         3      2        0
  MONTH TO DATE   62                        24     38        2
  SINCE SEP 1     62                        24     38        2
  SINCE JUL 1     78                        51     27        2

 COOLING
  YESTERDAY        0                         2     -2        0
  MONTH TO DATE    5                        31    -26       71
  SINCE SEP 1      5                        31    -26       71
  SINCE JAN 1    475                       518    -43      889
..................................................................


WIND (MPH)
  HIGHEST WIND SPEED    12   HIGHEST WIND DIRECTION     N (360)
  HIGHEST GUST SPEED    14   HIGHEST GUST DIRECTION     N (360)
  AVERAGE WIND SPEED     3.7


SKY COVER
  AVERAGE SKY COVER 0.4


WEATHER CONDITIONS
 THE FOLLOWING WEATHER WAS RECORDED YESTERDAY.
  NO SIGNIFICANT WEATHER WAS OBSERVED.


RELATIVE HUMIDITY (PERCENT)
 HIGHEST    93           400 AM
 LOWEST     41           100 PM
 AVERAGE    67

..........................................................


THE BUFFALO NY CLIMATE NORMALS FOR TODAY
                         NORMAL    RECORD    YEAR
 MAXIMUM TEMPERATURE (F)   73        91      1952
 MINIMUM TEMPERATURE (F)   55        38      1943


SUNRISE AND SUNSET
SEPTEMBER 12 2017.....SUNRISE   652 AM EDT   SUNSET   730 PM EDT
SEPTEMBER 13 2017.....SUNRISE   653 AM EDT   SUNSET   728 PM EDT


-  INDICATES NEGATIVE NUMBERS.
R  INDICATES RECORD WAS SET OR TIED.
MM INDICATES DATA IS MISSING.
T  INDICATES TRACE AMOUNT.




$$
