000
CDUS41 KBUF 112026
CLIBUF


CLIMATE REPORT
NATIONAL WEATHER SERVICE BUFFALO NY
424 PM EDT MON JUL 11 2016


...................................

...THE BUFFALO NY CLIMATE SUMMARY FOR JULY 11 2016...
VALID TODAY AS OF 0400 PM LOCAL TIME.

CLIMATE NORMAL PERIOD 1981 TO 2010
CLIMATE RECORD PERIOD 1871 TO 2016


WEATHER ITEM   OBSERVED TIME   RECORD YEAR NORMAL DEPARTURE LAST
                VALUE   (LST)  VALUE       VALUE  FROM      YEAR
                                                  NORMAL
..................................................................
TEMPERATURE (F)
 TODAY
  MAXIMUM         84   1218 PM  94    1946  80      4       80
                                      1944
  MINIMUM         61    527 AM  43    1945  62     -1       58
  AVERAGE         73                        71      2       69

PRECIPITATION (IN)
  TODAY            0.00          2.02 1897   0.10  -0.10     0.00
  MONTH TO DATE    0.75                      1.09  -0.34     1.27
  SINCE JUN 1      2.06                      4.75  -2.69     6.30
  SINCE JAN 1     13.30                     19.76  -6.46    18.93

SNOWFALL (IN)
  TODAY            0.0           0.0    MM   0.0    0.0      0.0
  MONTH TO DATE    0.0                       0.0    0.0      0.0
  SINCE JUN 1      0.0                       0.0    0.0      0.0
  SINCE JUL 1      0.0                       0.0    0.0      0.0
  SNOW DEPTH       0

DEGREE DAYS
 HEATING
  TODAY            0                         0      0        0
  MONTH TO DATE    0                         2     -2        3
  SINCE JUN 1     42                        66    -24       53
  SINCE JUL 1      0                         2     -2        3

 COOLING
  TODAY            8                         6      2        4
  MONTH TO DATE   83                        66     17       35
  SINCE JUN 1    211                       169     42      111
  SINCE JAN 1    270                       195     75      202
..................................................................


WIND (MPH)
  HIGHEST WIND SPEED    10   HIGHEST WIND DIRECTION     N (350)
  HIGHEST GUST SPEED    13   HIGHEST GUST DIRECTION     N (350)
  AVERAGE WIND SPEED     4.0


SKY COVER
  AVERAGE SKY COVER 0.5


WEATHER CONDITIONS
 THE FOLLOWING WEATHER WAS RECORDED TODAY.
  NO SIGNIFICANT WEATHER WAS OBSERVED.


RELATIVE HUMIDITY (PERCENT)
 HIGHEST    90           300 AM
 LOWEST     40          1200 PM
 AVERAGE    65

..........................................................


THE BUFFALO NY CLIMATE NORMALS FOR TOMORROW
                         NORMAL    RECORD    YEAR
 MAXIMUM TEMPERATURE (F)   80        96      1936
 MINIMUM TEMPERATURE (F)   62        48      1898
                                             1885


SUNRISE AND SUNSET
JULY 11 2016..........SUNRISE   547 AM EDT   SUNSET   854 PM EDT
JULY 12 2016..........SUNRISE   548 AM EDT   SUNSET   853 PM EDT


-  INDICATES NEGATIVE NUMBERS.
R  INDICATES RECORD WAS SET OR TIED.
MM INDICATES DATA IS MISSING.
T  INDICATES TRACE AMOUNT.

$$
