000
CDUS41 KBUF 221019
CLIBUF


CLIMATE REPORT
NATIONAL WEATHER SERVICE BUFFALO NY
618 AM EDT WED JUL 22 2015


...................................

...THE BUFFALO NY CLIMATE SUMMARY FOR JULY 21 2015...

CLIMATE NORMAL PERIOD 1981 TO 2010
CLIMATE RECORD PERIOD 1871 TO 2015


WEATHER ITEM   OBSERVED TIME   RECORD YEAR NORMAL DEPARTURE LAST
                VALUE   (LST)  VALUE       VALUE  FROM      YEAR
                                                  NORMAL
..................................................................
TEMPERATURE (F)
 YESTERDAY
  MAXIMUM         79    352 PM  93    1953  80     -1       84
  MINIMUM         66   1159 PM  48    1965  63      3       65
  AVERAGE         73                        71      2       75

PRECIPITATION (IN)
  YESTERDAY        0.16          0.91 1878   0.11   0.05     0.00
  MONTH TO DATE    2.32                      2.12   0.20     3.69
  SINCE JUN 1      7.35                      5.78   1.57     7.49
  SINCE JAN 1     19.98                     20.79  -0.81    25.02

SNOWFALL (IN)
  YESTERDAY        0.0           0.0    MM   0.0    0.0      0.0
  MONTH TO DATE    0.0                       0.0    0.0      0.0
  SINCE JUN 1      0.0                       0.0    0.0      0.0
  SINCE JUL 1      0.0                       0.0    0.0      0.0
  SNOW DEPTH       0

DEGREE DAYS
 HEATING
  YESTERDAY        0                         0      0        0
  MONTH TO DATE    7                         2      5        3
  SINCE JUN 1     57                        66     -9       31
  SINCE JUL 1      7                         2      5        3

 COOLING
  YESTERDAY        8                         7      1       10
  MONTH TO DATE  106                       136    -30      102
  SINCE JUN 1    182                       239    -57      250
  SINCE JAN 1    273                       265      8      273
..................................................................


WIND (MPH)
  HIGHEST WIND SPEED    21   HIGHEST WIND DIRECTION     W (280)
  HIGHEST GUST SPEED    25   HIGHEST GUST DIRECTION    NW (330)
  AVERAGE WIND SPEED    10.4


SKY COVER
  AVERAGE SKY COVER 0.6


WEATHER CONDITIONS
 THE FOLLOWING WEATHER WAS RECORDED YESTERDAY.
  HEAVY RAIN
  RAIN
  LIGHT RAIN
  FOG


RELATIVE HUMIDITY (PERCENT)
 HIGHEST    84           600 AM
 LOWEST     39           200 PM
 AVERAGE    62

..........................................................


THE BUFFALO NY CLIMATE NORMALS FOR TODAY
                         NORMAL    RECORD    YEAR
 MAXIMUM TEMPERATURE (F)   80        95      2011
 MINIMUM TEMPERATURE (F)   63        49      1992


SUNRISE AND SUNSET
JULY 22 2015..........SUNRISE   556 AM EDT   SUNSET   846 PM EDT
JULY 23 2015..........SUNRISE   557 AM EDT   SUNSET   846 PM EDT


-  INDICATES NEGATIVE NUMBERS.
R  INDICATES RECORD WAS SET OR TIED.
MM INDICATES DATA IS MISSING.
T  INDICATES TRACE AMOUNT.




$$
