000
CDUS41 KBUF 031010
CLIBUF


CLIMATE REPORT
NATIONAL WEATHER SERVICE BUFFALO NY
608 AM EDT THU APR 3 2014


...................................

...THE BUFFALO NY CLIMATE SUMMARY FOR APRIL 2 2014...

CLIMATE NORMAL PERIOD 1981 TO 2010
CLIMATE RECORD PERIOD 1871 TO 2014


WEATHER ITEM   OBSERVED TIME   RECORD YEAR NORMAL DEPARTURE LAST
                VALUE   (LST)  VALUE       VALUE  FROM      YEAR
                                                  NORMAL
..................................................................
TEMPERATURE (F)
 YESTERDAY
  MAXIMUM         44    346 PM  79    2010  49     -5       33
  MINIMUM         29   1150 PM  17    1881  32     -3       24
  AVERAGE         37                        40     -3       29

PRECIPITATION (IN)
  YESTERDAY        0.00          1.57 2005   0.11  -0.11      T
  MONTH TO DATE    T                         0.21  -0.21     0.01
  SINCE MAR 1      2.55                      3.08  -0.53     1.07
  SINCE JAN 1      9.33                      8.75   0.58     6.62

SNOWFALL (IN)
  YESTERDAY        0.0           4.0  2005   0.2   -0.2      0.1
  MONTH TO DATE    0.0                       0.4   -0.4      0.3
  SINCE MAR 1     24.5                      13.3   11.2     10.1
  SINCE JUL 1    128.7                      92.1   36.6     58.8
  SNOW DEPTH       0

DEGREE DAYS
 HEATING
  YESTERDAY       28                        25      3       36
  MONTH TO DATE   42                        50     -8       64
  SINCE MAR 1   1220                      1011    209     1050
  SINCE JUL 1   6326                      5755    571     5370

 COOLING
  YESTERDAY        0                         0      0        0
  MONTH TO DATE    0                         0      0        0
  SINCE MAR 1      0                         0      0        0
  SINCE JAN 1      0                         0      0        0
..................................................................


WIND (MPH)
  HIGHEST WIND SPEED    24   HIGHEST WIND DIRECTION    SW (240)
  HIGHEST GUST SPEED    32   HIGHEST GUST DIRECTION     W (260)
  AVERAGE WIND SPEED    12.0


SKY COVER
  POSSIBLE SUNSHINE  94 PERCENT
  AVERAGE SKY COVER 0.3


WEATHER CONDITIONS
 THE FOLLOWING WEATHER WAS RECORDED YESTERDAY.
  NO SIGNIFICANT WEATHER WAS OBSERVED.


RELATIVE HUMIDITY (PERCENT)
 HIGHEST    89          1200 AM
 LOWEST     53           100 PM
 AVERAGE    71

..........................................................


THE BUFFALO NY CLIMATE NORMALS FOR TODAY
                         NORMAL    RECORD    YEAR
 MAXIMUM TEMPERATURE (F)   49        84      2010
 MINIMUM TEMPERATURE (F)   32        11      1881


SUNRISE AND SUNSET
APRIL  3 2014.........SUNRISE   654 AM EDT   SUNSET   744 PM EDT
APRIL  4 2014.........SUNRISE   652 AM EDT   SUNSET   745 PM EDT


-  INDICATES NEGATIVE NUMBERS.
R  INDICATES RECORD WAS SET OR TIED.
MM INDICATES DATA IS MISSING.
T  INDICATES TRACE AMOUNT.




$$
