000
CDUS41 KBUF 302125
CLIBUF


CLIMATE REPORT
NATIONAL WEATHER SERVICE BUFFALO NY
424 PM EST THU NOV 30 2017


...................................

...THE BUFFALO NY CLIMATE SUMMARY FOR NOVEMBER 30 2017...
VALID TODAY AS OF 0400 PM LOCAL TIME.

CLIMATE NORMAL PERIOD 1981 TO 2010
CLIMATE RECORD PERIOD 1871 TO 2017


WEATHER ITEM   OBSERVED TIME   RECORD YEAR NORMAL DEPARTURE LAST
                VALUE   (LST)  VALUE       VALUE  FROM      YEAR
                                                  NORMAL
..................................................................
TEMPERATURE (F)
 TODAY
  MAXIMUM         53    159 PM  67    1998  42     11       61
  MINIMUM         27    129 AM   2    1875  29     -2       43
  AVERAGE         40                        35      5       52

PRECIPITATION (IN)
  TODAY            0.05          1.53 1927   0.13  -0.08     0.83
  MONTH TO DATE    5.04                      4.01   1.03     3.35
  SINCE SEP 1     13.22                     11.43   1.79    11.29
  SINCE JAN 1     45.50                     36.59   8.91    29.81

SNOWFALL (IN)
  TODAY            0.0          19.0  1976   0.5   -0.5      0.0
  MONTH TO DATE    0.1                       7.9   -7.8      0.9
  SINCE SEP 1      0.2                       8.8   -8.6      0.9
  SINCE JUL 1      0.2                       8.8   -8.6      0.9
  SNOW DEPTH       0

DEGREE DAYS
 HEATING
  TODAY           25                        30     -5       13
  MONTH TO DATE  747                       729     18      591
  SINCE SEP 1   1099                      1306   -207      970
  SINCE JUL 1   1115                      1333   -218      970

 COOLING
  TODAY            0                         0      0        0
  MONTH TO DATE    0                         0      0        0
  SINCE SEP 1    133                        57     76      121
  SINCE JAN 1    603                       544     59      939
..................................................................


WIND (MPH)
  HIGHEST WIND SPEED    21   HIGHEST WIND DIRECTION    SW (240)
  HIGHEST GUST SPEED    28   HIGHEST GUST DIRECTION     W (250)
  AVERAGE WIND SPEED    10.7


SKY COVER
  AVERAGE SKY COVER 0.5


WEATHER CONDITIONS
 THE FOLLOWING WEATHER WAS RECORDED TODAY.
  RAIN
  LIGHT RAIN
  FOG


RELATIVE HUMIDITY (PERCENT)
 HIGHEST    86           400 PM
 LOWEST     46           200 PM
 AVERAGE    66

..........................................................


THE BUFFALO NY CLIMATE NORMALS FOR TOMORROW
                         NORMAL    RECORD    YEAR
 MAXIMUM TEMPERATURE (F)   41        64      1982
 MINIMUM TEMPERATURE (F)   29         6      1936
                                             1876


SUNRISE AND SUNSET
NOVEMBER 30 2017......SUNRISE   725 AM EST   SUNSET   442 PM EST
DECEMBER  1 2017......SUNRISE   726 AM EST   SUNSET   441 PM EST


-  INDICATES NEGATIVE NUMBERS.
R  INDICATES RECORD WAS SET OR TIED.
MM INDICATES DATA IS MISSING.
T  INDICATES TRACE AMOUNT.

$$
