398
CDUS41 KBUF 220705
CLIBUF


CLIMATE REPORT
NATIONAL WEATHER SERVICE BUFFALO NY
305 AM EDT WED MAR 22 2017


...................................

...THE BUFFALO NY CLIMATE SUMMARY FOR MARCH 21 2017...

CLIMATE NORMAL PERIOD 1981 TO 2010
CLIMATE RECORD PERIOD 1871 TO 2017


WEATHER ITEM   OBSERVED TIME   RECORD YEAR NORMAL DEPARTURE LAST
                VALUE   (LST)  VALUE       VALUE  FROM      YEAR
                                                  NORMAL
..................................................................
TEMPERATURE (F)
 YESTERDAY
  MAXIMUM         45    336 PM  82    2012  44      1       38
  MINIMUM         32   1159 PM  -2    1885  28      4       24
  AVERAGE         39                        36      3       31

PRECIPITATION (IN)
  YESTERDAY        T             1.35 1980   0.10  -0.10      T
  MONTH TO DATE    2.23                      1.91   0.32     1.53
  SINCE MAR 1      2.23                      1.91   0.32     1.53
  SINCE JAN 1      7.41                      7.58  -0.17     6.81

SNOWFALL (IN)
  YESTERDAY        T             9.7  1936   0.4   -0.4       T
  MONTH TO DATE   26.8                      10.0   16.8      0.9
  SINCE MAR 1     26.8                      10.0   16.8      0.9
  SINCE JUL 1     73.8                      88.8  -15.0     48.0
  SNOW DEPTH       2

DEGREE DAYS
 HEATING
  YESTERDAY       26                        29     -3       34
  MONTH TO DATE  743                       689     54      567
  SINCE MAR 1    743                       689     54      567
  SINCE JUL 1   4635                      5433   -798     4505

 COOLING
  YESTERDAY        0                         0      0        0
  MONTH TO DATE    0                         0      0        0
  SINCE MAR 1      0                         0      0        0
  SINCE JAN 1      0                         0      0        0
..................................................................


WIND (MPH)
  HIGHEST WIND SPEED    26   HIGHEST WIND DIRECTION    NW (310)
  HIGHEST GUST SPEED    35   HIGHEST GUST DIRECTION    NW (310)
  AVERAGE WIND SPEED    13.3


SKY COVER
  AVERAGE SKY COVER 0.5


WEATHER CONDITIONS
 THE FOLLOWING WEATHER WAS RECORDED YESTERDAY.
  LIGHT SNOW
  HAZE


RELATIVE HUMIDITY (PERCENT)
 HIGHEST    82           200 AM
 LOWEST     45           300 PM
 AVERAGE    64

..........................................................


THE BUFFALO NY CLIMATE NORMALS FOR TODAY
                         NORMAL    RECORD    YEAR
 MAXIMUM TEMPERATURE (F)   44        80      2012
 MINIMUM TEMPERATURE (F)   28        -3      1885


SUNRISE AND SUNSET
MARCH 22 2017.........SUNRISE   714 AM EDT   SUNSET   730 PM EDT
MARCH 23 2017.........SUNRISE   712 AM EDT   SUNSET   731 PM EDT


-  INDICATES NEGATIVE NUMBERS.
R  INDICATES RECORD WAS SET OR TIED.
MM INDICATES DATA IS MISSING.
T  INDICATES TRACE AMOUNT.




$$
