000
CDUS41 KBUF 032033
CLIBUF


CLIMATE REPORT
NATIONAL WEATHER SERVICE BUFFALO NY
433 PM EDT SUN SEP 3 2017


...................................

...THE BUFFALO NY CLIMATE SUMMARY FOR SEPTEMBER 3 2017...
VALID TODAY AS OF 0400 PM LOCAL TIME.

CLIMATE NORMAL PERIOD 1981 TO 2010
CLIMATE RECORD PERIOD 1871 TO 2017


WEATHER ITEM   OBSERVED TIME   RECORD YEAR NORMAL DEPARTURE LAST
                VALUE   (LST)  VALUE       VALUE  FROM      YEAR
                                                  NORMAL
..................................................................
TEMPERATURE (F)
 TODAY
  MAXIMUM         67    235 PM  98    1953  76     -9       75
  MINIMUM         56    437 AM  42    1946  58     -2       51
  AVERAGE         62                        67     -5       63

PRECIPITATION (IN)
  TODAY            0.26          1.79 1878   0.12   0.14     0.00
  MONTH TO DATE    0.28                      0.35  -0.07      T
  SINCE SEP 1      0.28                      0.35  -0.07      T
  SINCE JAN 1     32.56                     25.51   7.05    18.52

SNOWFALL (IN)
  TODAY            0.0           0.0    MM   0.0    0.0      0.0
  MONTH TO DATE    0.0                       0.0    0.0      0.0
  SINCE SEP 1      0.0                       0.0    0.0      0.0
  SINCE JUL 1      0.0                       0.0    0.0      0.0
  SNOW DEPTH       0

DEGREE DAYS
 HEATING
  TODAY            3                         2      1        2
  MONTH TO DATE   21                         5     16        2
  SINCE SEP 1     21                         5     16        2
  SINCE JUL 1     37                        32      5        2

 COOLING
  TODAY            0                         3     -3        0
  MONTH TO DATE    0                        10    -10        1
  SINCE SEP 1      0                        10    -10        1
  SINCE JAN 1    470                       497    -27      819
..................................................................


WIND (MPH)
  HIGHEST WIND SPEED    23   HIGHEST WIND DIRECTION    SW (240)
  HIGHEST GUST SPEED    30   HIGHEST GUST DIRECTION    SW (240)
  AVERAGE WIND SPEED     9.4


SKY COVER
  AVERAGE SKY COVER 0.9


WEATHER CONDITIONS
 THE FOLLOWING WEATHER WAS RECORDED TODAY.
  LIGHT RAIN
  FOG


RELATIVE HUMIDITY (PERCENT)
 HIGHEST   100           200 AM
 LOWEST     67           300 PM
 AVERAGE    84

..........................................................


THE BUFFALO NY CLIMATE NORMALS FOR TOMORROW
                         NORMAL    RECORD    YEAR
 MAXIMUM TEMPERATURE (F)   75        94      1953
 MINIMUM TEMPERATURE (F)   57        44      1946


SUNRISE AND SUNSET
SEPTEMBER  3 2017.....SUNRISE   642 AM EDT   SUNSET   746 PM EDT
SEPTEMBER  4 2017.....SUNRISE   643 AM EDT   SUNSET   744 PM EDT


-  INDICATES NEGATIVE NUMBERS.
R  INDICATES RECORD WAS SET OR TIED.
MM INDICATES DATA IS MISSING.
T  INDICATES TRACE AMOUNT.




$$
