000
CDUS41 KBUF 150705
CLIBUF


CLIMATE REPORT
NATIONAL WEATHER SERVICE BUFFALO NY
305 AM EDT FRI APR 15 2016


...................................

...THE BUFFALO NY CLIMATE SUMMARY FOR APRIL 14 2016...

CLIMATE NORMAL PERIOD 1981 TO 2010
CLIMATE RECORD PERIOD 1871 TO 2016


WEATHER ITEM   OBSERVED TIME   RECORD YEAR NORMAL DEPARTURE LAST
                VALUE   (LST)  VALUE       VALUE  FROM      YEAR
                                                  NORMAL
..................................................................
TEMPERATURE (F)
 YESTERDAY
  MAXIMUM         54    401 PM  83    1883  54      0       60
  MINIMUM         29    458 AM  20    1950  36     -7       38
                                      1885
  AVERAGE         42                        45     -3       49

PRECIPITATION (IN)
  YESTERDAY        0.00          1.30 1903   0.10  -0.10     0.00
  MONTH TO DATE    1.36                      1.48  -0.12     1.83
  SINCE MAR 1      4.21                      4.35  -0.14     3.27
  SINCE JAN 1      9.49                     10.02  -0.53     8.26

SNOWFALL (IN)
  YESTERDAY        0.0           1.7  1962   0.1   -0.1      0.0
  MONTH TO DATE    7.1                       2.0    5.1      0.3
  SINCE MAR 1      8.0                      14.9   -6.9      9.9
  SINCE JUL 1     55.1                      93.7  -38.6    112.9
  SNOW DEPTH       0

DEGREE DAYS
 HEATING
  YESTERDAY       23                        20      3       16
  MONTH TO DATE  416                       313    103      280
  SINCE MAR 1   1188                      1274    -86     1382
  SINCE JUL 1   5126                      6018   -892     6530

 COOLING
  YESTERDAY        0                         0      0        0
  MONTH TO DATE    0                         0      0        0
  SINCE MAR 1      0                         0      0        0
  SINCE JAN 1      0                         0      0        0
..................................................................


WIND (MPH)
  HIGHEST WIND SPEED    17   HIGHEST WIND DIRECTION    NE (50)
  HIGHEST GUST SPEED    22   HIGHEST GUST DIRECTION     E (70)
  AVERAGE WIND SPEED    10.2


SKY COVER
  AVERAGE SKY COVER 0.1


WEATHER CONDITIONS
 THE FOLLOWING WEATHER WAS RECORDED YESTERDAY.
  NO SIGNIFICANT WEATHER WAS OBSERVED.


RELATIVE HUMIDITY (PERCENT)
 HIGHEST    69           400 AM
 LOWEST     29           400 PM
 AVERAGE    49

..........................................................


THE BUFFALO NY CLIMATE NORMALS FOR TODAY
                         NORMAL    RECORD    YEAR
 MAXIMUM TEMPERATURE (F)   55        87      1994
 MINIMUM TEMPERATURE (F)   37        16      1926


SUNRISE AND SUNSET
APRIL 15 2016.........SUNRISE   632 AM EDT   SUNSET   758 PM EDT
APRIL 16 2016.........SUNRISE   631 AM EDT   SUNSET   759 PM EDT


-  INDICATES NEGATIVE NUMBERS.
R  INDICATES RECORD WAS SET OR TIED.
MM INDICATES DATA IS MISSING.
T  INDICATES TRACE AMOUNT.




$$
