000
CDUS41 KBUF 131019
CLIBUF


CLIMATE REPORT
NATIONAL WEATHER SERVICE BUFFALO NY
618 AM EDT SAT AUG 13 2016


...................................

...THE BUFFALO NY CLIMATE SUMMARY FOR AUGUST 12 2016...

CLIMATE NORMAL PERIOD 1981 TO 2010
CLIMATE RECORD PERIOD 1871 TO 2016


WEATHER ITEM   OBSERVED TIME   RECORD YEAR NORMAL DEPARTURE LAST
                VALUE   (LST)  VALUE       VALUE  FROM      YEAR
                                                  NORMAL
..................................................................
TEMPERATURE (F)
 YESTERDAY
  MAXIMUM         88    224 PM  93    1988  79      9       75
  MINIMUM         76    547 AM  49    1986  62     14       60
                                      1982
                                      1968
  AVERAGE         82                        70     12       68

PRECIPITATION (IN)
  YESTERDAY        0.05          0.97 1908   0.11  -0.06     0.05
  MONTH TO DATE    0.42                      1.31  -0.89     0.57
  SINCE JUN 1      3.53                      8.20  -4.67     8.02
  SINCE JAN 1     14.77                     23.21  -8.44    20.65

SNOWFALL (IN)
  YESTERDAY        0.0           0.0    MM   0.0    0.0      0.0
  MONTH TO DATE    0.0                       0.0    0.0      0.0
  SINCE JUN 1      0.0                       0.0    0.0      0.0
  SINCE JUL 1      0.0                       0.0    0.0      0.0
  SNOW DEPTH       0

DEGREE DAYS
 HEATING
  YESTERDAY        0                         0      0        0
  MONTH TO DATE    0                         0      0        0
  SINCE JUN 1     42                        73    -31       57
  SINCE JUL 1      0                         9     -9        7

 COOLING
  YESTERDAY       17                         6     11        3
  MONTH TO DATE  149                        72     77       59
  SINCE JUN 1    570                       372    198      333
  SINCE JAN 1    629                       398    231      424
..................................................................


WIND (MPH)
  HIGHEST WIND SPEED    29   HIGHEST WIND DIRECTION    SW (240)
  HIGHEST GUST SPEED    36   HIGHEST GUST DIRECTION    SW (230)
  AVERAGE WIND SPEED    13.9


SKY COVER
  AVERAGE SKY COVER 0.5


WEATHER CONDITIONS
 THE FOLLOWING WEATHER WAS RECORDED YESTERDAY.
  FOG
  HAZE


RELATIVE HUMIDITY (PERCENT)
 HIGHEST    88           400 AM
 LOWEST     63           400 PM
 AVERAGE    76

..........................................................


THE BUFFALO NY CLIMATE NORMALS FOR TODAY
                         NORMAL    RECORD    YEAR
 MAXIMUM TEMPERATURE (F)   79        93      1947
 MINIMUM TEMPERATURE (F)   61        46      1979


SUNRISE AND SUNSET
AUGUST 13 2016........SUNRISE   619 AM EDT   SUNSET   819 PM EDT
AUGUST 14 2016........SUNRISE   620 AM EDT   SUNSET   818 PM EDT


-  INDICATES NEGATIVE NUMBERS.
R  INDICATES RECORD WAS SET OR TIED.
MM INDICATES DATA IS MISSING.
T  INDICATES TRACE AMOUNT.

$$
