000
CDUS41 KBUF 051017
CLIBUF


CLIMATE REPORT
NATIONAL WEATHER SERVICE BUFFALO NY
616 AM EDT TUE SEP 5 2017


...................................

...THE BUFFALO NY CLIMATE SUMMARY FOR SEPTEMBER 4 2017...

CLIMATE NORMAL PERIOD 1981 TO 2010
CLIMATE RECORD PERIOD 1871 TO 2017


WEATHER ITEM   OBSERVED TIME   RECORD YEAR NORMAL DEPARTURE LAST
                VALUE   (LST)  VALUE       VALUE  FROM      YEAR
                                                  NORMAL
..................................................................
TEMPERATURE (F)
 YESTERDAY
  MAXIMUM         80    414 PM  94    1953  75      5       82
  MINIMUM         59    439 AM  44    1946  57      2       53
  AVERAGE         70                        66      4       68

PRECIPITATION (IN)
  YESTERDAY        0.82          1.32 2012   0.12   0.70     0.00
  MONTH TO DATE    1.10                      0.47   0.63      T
  SINCE SEP 1      1.10                      0.47   0.63      T
  SINCE JAN 1     33.38                     25.63   7.75    18.52

SNOWFALL (IN)
  YESTERDAY        0.0           0.0    MM   0.0    0.0      0.0
  MONTH TO DATE    0.0                       0.0    0.0      0.0
  SINCE SEP 1      0.0                       0.0    0.0      0.0
  SINCE JUL 1      0.0                       0.0    0.0      0.0
  SNOW DEPTH       0

DEGREE DAYS
 HEATING
  YESTERDAY        0                         2     -2        0
  MONTH TO DATE   20                         7     13        2
  SINCE SEP 1     20                         7     13        2
  SINCE JUL 1     36                        34      2        2

 COOLING
  YESTERDAY        5                         3      2        3
  MONTH TO DATE    5                        13     -8        4
  SINCE SEP 1      5                        13     -8        4
  SINCE JAN 1    475                       500    -25      822
..................................................................


WIND (MPH)
  HIGHEST WIND SPEED    31   HIGHEST WIND DIRECTION    SW (220)
  HIGHEST GUST SPEED    41   HIGHEST GUST DIRECTION    SW (220)
  AVERAGE WIND SPEED    17.0


SKY COVER
  AVERAGE SKY COVER 0.5


WEATHER CONDITIONS
 THE FOLLOWING WEATHER WAS RECORDED YESTERDAY.
  THUNDERSTORM
  HEAVY RAIN
  RAIN
  LIGHT RAIN
  FOG


RELATIVE HUMIDITY (PERCENT)
 HIGHEST    93           200 AM
 LOWEST     45           400 PM
 AVERAGE    69

..........................................................


THE BUFFALO NY CLIMATE NORMALS FOR TODAY
                         NORMAL    RECORD    YEAR
 MAXIMUM TEMPERATURE (F)   75        92      1948
 MINIMUM TEMPERATURE (F)   57        42      1963


SUNRISE AND SUNSET
SEPTEMBER  5 2017.....SUNRISE   644 AM EDT   SUNSET   742 PM EDT
SEPTEMBER  6 2017.....SUNRISE   645 AM EDT   SUNSET   740 PM EDT


-  INDICATES NEGATIVE NUMBERS.
R  INDICATES RECORD WAS SET OR TIED.
MM INDICATES DATA IS MISSING.
T  INDICATES TRACE AMOUNT.




$$
