000
CDUS41 KBUF 102126
CLIBUF


CLIMATE REPORT
NATIONAL WEATHER SERVICE BUFFALO NY
426 PM EST MON NOV 10 2014


...................................

...THE BUFFALO NY CLIMATE SUMMARY FOR NOVEMBER 10 2014...
VALID TODAY AS OF 0400 PM LOCAL TIME.

CLIMATE NORMAL PERIOD 1981 TO 2010
CLIMATE RECORD PERIOD 1871 TO 2014


WEATHER ITEM   OBSERVED TIME   RECORD YEAR NORMAL DEPARTURE LAST
                VALUE   (LST)  VALUE       VALUE  FROM      YEAR
                                                  NORMAL
..................................................................
TEMPERATURE (F)
 TODAY
  MAXIMUM         60    347 PM  69    1975  50     10       51
  MINIMUM         42    747 AM  19    1991  36      6       37
  AVERAGE         51                        43      8       44

PRECIPITATION (IN)
  TODAY            0.00          1.30 1898   0.12  -0.12      T
  MONTH TO DATE    0.58                      1.30  -0.72     1.02
  SINCE SEP 1      8.31                      8.72  -0.41    11.55
  SINCE JAN 1     38.25                     33.88   4.37    39.18

SNOWFALL (IN)
  TODAY            0.0           6.2  1913   0.2   -0.2      0.0
  MONTH TO DATE    T                         1.5   -1.5       T
  SINCE SEP 1      T                         2.4   -2.4       T
  SINCE JUL 1      T                         2.4   -2.4       T
  SNOW DEPTH       0

DEGREE DAYS
 HEATING
  TODAY           14                        22     -8       21
  MONTH TO DATE  210                       208      2      204
  SINCE SEP 1    677                       786   -109      693
  SINCE JUL 1    699                       813   -114      709

 COOLING
  TODAY            0                         0      0        0
  MONTH TO DATE    0                         0      0        0
  SINCE SEP 1     70                        57     13       59
  SINCE JAN 1    516                       544    -28      611
..................................................................


WIND (MPH)
  HIGHEST WIND SPEED    22   HIGHEST WIND DIRECTION    SW (240)
  HIGHEST GUST SPEED    30   HIGHEST GUST DIRECTION     W (250)
  AVERAGE WIND SPEED     6.5


SKY COVER
  AVERAGE SKY COVER 0.9


WEATHER CONDITIONS
 THE FOLLOWING WEATHER WAS RECORDED TODAY.
  NO SIGNIFICANT WEATHER WAS OBSERVED.


RELATIVE HUMIDITY (PERCENT)
 HIGHEST    67           800 AM
 LOWEST     36           300 PM
 AVERAGE    52

..........................................................


THE BUFFALO NY CLIMATE NORMALS FOR TOMORROW
                         NORMAL    RECORD    YEAR
 MAXIMUM TEMPERATURE (F)   50        70      2012
 MINIMUM TEMPERATURE (F)   35        19      1957


SUNRISE AND SUNSET
NOVEMBER 10 2014......SUNRISE   701 AM EST   SUNSET   456 PM EST
NOVEMBER 11 2014......SUNRISE   702 AM EST   SUNSET   455 PM EST


-  INDICATES NEGATIVE NUMBERS.
R  INDICATES RECORD WAS SET OR TIED.
MM INDICATES DATA IS MISSING.
T  INDICATES TRACE AMOUNT.

$$
