339
CDUS41 KBUF 250705
CLIBUF


CLIMATE REPORT
NATIONAL WEATHER SERVICE BUFFALO NY
305 AM EDT MON APR 25 2016


...................................

...THE BUFFALO NY CLIMATE SUMMARY FOR APRIL 24 2016...

CLIMATE NORMAL PERIOD 1981 TO 2010
CLIMATE RECORD PERIOD 1871 TO 2016


WEATHER ITEM   OBSERVED TIME   RECORD YEAR NORMAL DEPARTURE LAST
                VALUE   (LST)  VALUE       VALUE  FROM      YEAR
                                                  NORMAL
..................................................................
TEMPERATURE (F)
 YESTERDAY
  MAXIMUM         59    320 PM  87    1957  59      0       40
  MINIMUM         36    503 AM  23    1919  40     -4       31
  AVERAGE         48                        49     -1       36

PRECIPITATION (IN)
  YESTERDAY        0.00          0.66 1992   0.09  -0.09      T
  MONTH TO DATE    1.36                      2.43  -1.07     2.67
  SINCE MAR 1      4.21                      5.30  -1.09     4.11
  SINCE JAN 1      9.49                     10.97  -1.48     9.10

SNOWFALL (IN)
  YESTERDAY        0.0           1.2  2005   0.1   -0.1       T
  MONTH TO DATE    7.1                       2.6    4.5      0.3
  SINCE MAR 1      8.0                      15.5   -7.5      9.9
  SINCE JUL 1     55.1                      94.3  -39.2    112.9
  SNOW DEPTH       0

DEGREE DAYS
 HEATING
  YESTERDAY       17                        16      1       29
  MONTH TO DATE  527                       488     39      455
  SINCE MAR 1   1299                      1449   -150     1557
  SINCE JUL 1   5237                      6193   -956     6705

 COOLING
  YESTERDAY        0                         0      0        0
  MONTH TO DATE    0                         0      0        0
  SINCE MAR 1      0                         0      0        0
  SINCE JAN 1      0                         0      0        0
..................................................................


WIND (MPH)
  HIGHEST WIND SPEED    12   HIGHEST WIND DIRECTION     N (360)
  HIGHEST GUST SPEED    16   HIGHEST GUST DIRECTION     N (340)
  AVERAGE WIND SPEED     5.1


SKY COVER
  AVERAGE SKY COVER 0.6


WEATHER CONDITIONS
 THE FOLLOWING WEATHER WAS RECORDED YESTERDAY.
  NO SIGNIFICANT WEATHER WAS OBSERVED.


RELATIVE HUMIDITY (PERCENT)
 HIGHEST    59           600 AM
 LOWEST     26          1200 PM
 AVERAGE    43

..........................................................


THE BUFFALO NY CLIMATE NORMALS FOR TODAY
                         NORMAL    RECORD    YEAR
 MAXIMUM TEMPERATURE (F)   59        87      1957
 MINIMUM TEMPERATURE (F)   40        21      1919


SUNRISE AND SUNSET
APRIL 25 2016.........SUNRISE   617 AM EDT   SUNSET   810 PM EDT
APRIL 26 2016.........SUNRISE   615 AM EDT   SUNSET   811 PM EDT


-  INDICATES NEGATIVE NUMBERS.
R  INDICATES RECORD WAS SET OR TIED.
MM INDICATES DATA IS MISSING.
T  INDICATES TRACE AMOUNT.




$$
