000
CDUS41 KBUF 280705
CLIBUF


CLIMATE REPORT
NATIONAL WEATHER SERVICE BUFFALO NY
305 AM EDT SUN JUN 28 2015


...................................

...THE BUFFALO NY CLIMATE SUMMARY FOR JUNE 27 2015...

CLIMATE NORMAL PERIOD 1981 TO 2010
CLIMATE RECORD PERIOD 1871 TO 2015


WEATHER ITEM   OBSERVED TIME   RECORD YEAR NORMAL DEPARTURE LAST
                VALUE   (LST)  VALUE       VALUE  FROM      YEAR
                                                  NORMAL
..................................................................
TEMPERATURE (F)
 YESTERDAY
  MAXIMUM         64    847 AM  95    2005  78    -14       84
  MINIMUM         56   1159 PM  47    1962  60     -4       62
  AVERAGE         60                        69     -9       73

PRECIPITATION (IN)
  YESTERDAY        1.72R         1.29 2006   0.11   1.61     0.00
  MONTH TO DATE    4.84                      3.34   1.50     3.53
  SINCE JUN 1      4.84                      3.34   1.50     3.53
  SINCE JAN 1     17.47                     18.35  -0.88    21.06

SNOWFALL (IN)
  YESTERDAY        0.0           0.0    MM   0.0    0.0      0.0
  MONTH TO DATE    0.0                       0.0    0.0      0.0
  SINCE JUN 1      0.0                       0.0    0.0      0.0
  SINCE JUL 1    112.9                      94.7   18.2    129.9
  SNOW DEPTH       0

DEGREE DAYS
 HEATING
  YESTERDAY        5                         1      4        0
  MONTH TO DATE   44                        62    -18       28
  SINCE JUN 1     44                        62    -18       28
  SINCE JUL 1   7022                      6615    407     7125

 COOLING
  YESTERDAY        0                         5     -5        8
  MONTH TO DATE   72                        87    -15      108
  SINCE JUN 1     72                        87    -15      108
  SINCE JAN 1    163                       113     50      131
..................................................................


WIND (MPH)
  HIGHEST WIND SPEED    24   HIGHEST WIND DIRECTION     E (90)
  HIGHEST GUST SPEED    32   HIGHEST GUST DIRECTION     E (100)
  AVERAGE WIND SPEED    12.6


SKY COVER
  AVERAGE SKY COVER 1.0


WEATHER CONDITIONS
 THE FOLLOWING WEATHER WAS RECORDED YESTERDAY.
  THUNDERSTORM
  HEAVY RAIN
  RAIN
  LIGHT RAIN
  FOG


RELATIVE HUMIDITY (PERCENT)
 HIGHEST    93          1200 PM
 LOWEST     52           100 AM
 AVERAGE    73

..........................................................


THE BUFFALO NY CLIMATE NORMALS FOR TODAY
                         NORMAL    RECORD    YEAR
 MAXIMUM TEMPERATURE (F)   78        95      1944
 MINIMUM TEMPERATURE (F)   61        49      1962
                                             1891


SUNRISE AND SUNSET
JUNE 28 2015..........SUNRISE   538 AM EDT   SUNSET   858 PM EDT
JUNE 29 2015..........SUNRISE   539 AM EDT   SUNSET   858 PM EDT


-  INDICATES NEGATIVE NUMBERS.
R  INDICATES RECORD WAS SET OR TIED.
MM INDICATES DATA IS MISSING.
T  INDICATES TRACE AMOUNT.




$$
