000
CDUS41 KBUF 192057
CLIBUF


CLIMATE REPORT
NATIONAL WEATHER SERVICE BUFFALO NY
454 PM EDT THU MAR 19 2015


...................................

...THE BUFFALO NY CLIMATE SUMMARY FOR MARCH 19 2015...
VALID TODAY AS OF 0400 PM LOCAL TIME.

CLIMATE NORMAL PERIOD 1981 TO 2010
CLIMATE RECORD PERIOD 1871 TO 2015


WEATHER ITEM   OBSERVED TIME   RECORD YEAR NORMAL DEPARTURE LAST
                VALUE   (LST)  VALUE       VALUE  FROM      YEAR
                                                  NORMAL
..................................................................
TEMPERATURE (F)
 TODAY
  MAXIMUM         37    259 PM  74    2012  43     -6       51
  MINIMUM         16    624 AM  -1    1993  27    -11       34
                                      1967
  AVERAGE         27                        35     -8       43

PRECIPITATION (IN)
  TODAY            0.00          0.97 1951   0.09  -0.09     0.20
  MONTH TO DATE    0.64                      1.71  -1.07     1.45
  SINCE MAR 1      0.64                      1.71  -1.07     1.45
  SINCE JAN 1      5.63                      7.38  -1.75     8.23

SNOWFALL (IN)
  TODAY            0.0           6.4  1906   0.3   -0.3      0.0
  MONTH TO DATE    6.3                       9.2   -2.9     16.6
  SINCE MAR 1      6.3                       9.2   -2.9     16.6
  SINCE JUL 1    109.3                      88.0   21.3    120.8
  SNOW DEPTH       2

DEGREE DAYS
 HEATING
  TODAY           38                        30      8       22
  MONTH TO DATE  686                       630     56      778
  SINCE MAR 1    686                       630     56      778
  SINCE JUL 1   5834                      5374    460     5884

 COOLING
  TODAY            0                         0      0        0
  MONTH TO DATE    0                         0      0        0
  SINCE MAR 1      0                         0      0        0
  SINCE JAN 1      0                         0      0        0
..................................................................


WIND (MPH)
  HIGHEST WIND SPEED     8   HIGHEST WIND DIRECTION     W (250)
  HIGHEST GUST SPEED    12   HIGHEST GUST DIRECTION     W (250)
  AVERAGE WIND SPEED     2.5


SKY COVER
  AVERAGE SKY COVER 0.3


WEATHER CONDITIONS
 THE FOLLOWING WEATHER WAS RECORDED TODAY.
  NO SIGNIFICANT WEATHER WAS OBSERVED.


RELATIVE HUMIDITY (PERCENT)
 HIGHEST    80           500 AM
 LOWEST     32          1100 AM
 AVERAGE    56

..........................................................


THE BUFFALO NY CLIMATE NORMALS FOR TOMORROW
                         NORMAL    RECORD    YEAR
 MAXIMUM TEMPERATURE (F)   43        80      2012
 MINIMUM TEMPERATURE (F)   27         2      1885


SUNRISE AND SUNSET
MARCH 19 2015.........SUNRISE   720 AM EDT   SUNSET   726 PM EDT
MARCH 20 2015.........SUNRISE   719 AM EDT   SUNSET   727 PM EDT


-  INDICATES NEGATIVE NUMBERS.
R  INDICATES RECORD WAS SET OR TIED.
MM INDICATES DATA IS MISSING.
T  INDICATES TRACE AMOUNT.




$$
