000
CDUS41 KBUF 031049
CLIBUF


CLIMATE REPORT
NATIONAL WEATHER SERVICE BUFFALO NY
548 AM EST TUE JAN 3 2017


...................................

...THE BUFFALO NY CLIMATE SUMMARY FOR JANUARY 2 2017...

CLIMATE NORMAL PERIOD 1981 TO 2010
CLIMATE RECORD PERIOD 1871 TO 2017


WEATHER ITEM   OBSERVED TIME   RECORD YEAR NORMAL DEPARTURE LAST
                VALUE   (LST)  VALUE       VALUE  FROM      YEAR
                                                  NORMAL
..................................................................
TEMPERATURE (F)
 YESTERDAY
  MAXIMUM         41   1132 PM  60    1876  32      9       33
  MINIMUM         27    537 AM  -2    1970  20      7       26
  AVERAGE         34                        26      8       30

PRECIPITATION (IN)
  YESTERDAY        T             0.78 1945   0.11  -0.11     0.10
  MONTH TO DATE    T                         0.23  -0.23     0.13
  SINCE DEC 1      4.06                      4.12  -0.06     3.03
  SINCE JAN 1      T                         0.23  -0.23     0.13

SNOWFALL (IN)
  YESTERDAY        0.0          11.6  1945   0.9   -0.9      0.8
  MONTH TO DATE    0.0                       1.8   -1.8      2.7
  SINCE DEC 1     30.1                      29.2    0.9      3.7
  SINCE JUL 1     31.0                      38.0   -7.0      3.7
  SNOW DEPTH       0

DEGREE DAYS
 HEATING
  YESTERDAY       31                        39     -8       35
  MONTH TO DATE   61                        78    -17       71
  SINCE DEC 1   1101                      1160    -59      774
  SINCE JUL 1   2071                      2493   -422     1818

 COOLING
  YESTERDAY        0                         0      0        0
  MONTH TO DATE    0                         0      0        0
  SINCE DEC 1      0                         0      0        0
  SINCE JAN 1      0                         0      0        0
..................................................................


WIND (MPH)
  HIGHEST WIND SPEED    14   HIGHEST WIND DIRECTION    SE (120)
  HIGHEST GUST SPEED    18   HIGHEST GUST DIRECTION    SE (130)
  AVERAGE WIND SPEED     6.4


SKY COVER
  AVERAGE SKY COVER 0.8


WEATHER CONDITIONS
 THE FOLLOWING WEATHER WAS RECORDED YESTERDAY.
  LIGHT RAIN
  FOG


RELATIVE HUMIDITY (PERCENT)
 HIGHEST    85           700 PM
 LOWEST     63           900 AM
 AVERAGE    74

..........................................................


THE BUFFALO NY CLIMATE NORMALS FOR TODAY
                         NORMAL    RECORD    YEAR
 MAXIMUM TEMPERATURE (F)   32        61      1950
 MINIMUM TEMPERATURE (F)   20        -1      1981


SUNRISE AND SUNSET
JANUARY  3 2017.......SUNRISE   746 AM EST   SUNSET   453 PM EST
JANUARY  4 2017.......SUNRISE   746 AM EST   SUNSET   454 PM EST


-  INDICATES NEGATIVE NUMBERS.
R  INDICATES RECORD WAS SET OR TIED.
MM INDICATES DATA IS MISSING.
T  INDICATES TRACE AMOUNT.




$$
