000
CDUS41 KBUF 161029
CLIBUF


CLIMATE REPORT
NATIONAL WEATHER SERVICE BUFFALO NY
627 AM EDT SUN JUL 16 2017


...................................

...THE BUFFALO NY CLIMATE SUMMARY FOR JULY 15 2017...

CLIMATE NORMAL PERIOD 1981 TO 2010
CLIMATE RECORD PERIOD 1871 TO 2017


WEATHER ITEM   OBSERVED TIME   RECORD YEAR NORMAL DEPARTURE LAST
                VALUE   (LST)  VALUE       VALUE  FROM      YEAR
                                                  NORMAL
..................................................................
TEMPERATURE (F)
 YESTERDAY
  MAXIMUM         74    451 PM  97    1995  80     -6       81
  MINIMUM         62    613 AM  49    1960  63     -1       66
                                      1903
  AVERAGE         68                        71     -3       74

PRECIPITATION (IN)
  YESTERDAY        0.00          1.29 1992   0.10  -0.10     0.00
  MONTH TO DATE    3.03                      1.47   1.56     0.75
  SINCE JUN 1      5.24                      5.13   0.11     2.06
  SINCE JAN 1     27.51                     20.14   7.37    13.30

SNOWFALL (IN)
  YESTERDAY        0.0           0.0    MM   0.0    0.0      0.0
  MONTH TO DATE    0.0                       0.0    0.0      0.0
  SINCE JUN 1      0.0                       0.0    0.0      0.0
  SINCE JUL 1      0.0                       0.0    0.0      0.0
  SNOW DEPTH       0

DEGREE DAYS
 HEATING
  YESTERDAY        0                         0      0        0
  MONTH TO DATE    0                         2     -2        0
  SINCE JUN 1     49                        66    -17       42
  SINCE JUL 1      0                         2     -2        0

 COOLING
  YESTERDAY        3                         7     -4        9
  MONTH TO DATE   92                        94     -2      135
  SINCE JUN 1    215                       197     18      263
  SINCE JAN 1    242                       223     19      322
..................................................................


WIND (MPH)
  HIGHEST WIND SPEED    18   HIGHEST WIND DIRECTION     W (250)
  HIGHEST GUST SPEED    23   HIGHEST GUST DIRECTION    SW (230)
  AVERAGE WIND SPEED     9.8


SKY COVER
  AVERAGE SKY COVER 0.6


WEATHER CONDITIONS
 THE FOLLOWING WEATHER WAS RECORDED YESTERDAY.
  NO SIGNIFICANT WEATHER WAS OBSERVED.


RELATIVE HUMIDITY (PERCENT)
 HIGHEST    87          1100 PM
 LOWEST     64           300 PM
 AVERAGE    76

..........................................................


THE BUFFALO NY CLIMATE NORMALS FOR TODAY
                         NORMAL    RECORD    YEAR
 MAXIMUM TEMPERATURE (F)   80        93      1988
                                             1982
 MINIMUM TEMPERATURE (F)   63        50      1946
                                             1884


SUNRISE AND SUNSET
JULY 16 2017..........SUNRISE   551 AM EDT   SUNSET   851 PM EDT
JULY 17 2017..........SUNRISE   552 AM EDT   SUNSET   850 PM EDT


-  INDICATES NEGATIVE NUMBERS.
R  INDICATES RECORD WAS SET OR TIED.
MM INDICATES DATA IS MISSING.
T  INDICATES TRACE AMOUNT.




$$
