000
CDUS41 KBUF 290706
CLIBUF


CLIMATE REPORT
NATIONAL WEATHER SERVICE BUFFALO NY
305 AM EDT SUN MAR 29 2015


...................................

...THE BUFFALO NY CLIMATE SUMMARY FOR MARCH 28 2015...

CLIMATE NORMAL PERIOD 1981 TO 2010
CLIMATE RECORD PERIOD 1871 TO 2015


WEATHER ITEM   OBSERVED TIME   RECORD YEAR NORMAL DEPARTURE LAST
                VALUE   (LST)  VALUE       VALUE  FROM      YEAR
                                                  NORMAL
..................................................................
TEMPERATURE (F)
 YESTERDAY
  MAXIMUM         28    535 PM  77    1998  47    -19       52
                                      1945
  MINIMUM         16    820 AM   5    1923  30    -14       35
  AVERAGE         22                        38    -16       44

PRECIPITATION (IN)
  YESTERDAY        0.02          1.03 1931   0.10  -0.08     0.20
  MONTH TO DATE    1.25                      2.58  -1.33     1.79
  SINCE MAR 1      1.25                      2.58  -1.33     1.79
  SINCE JAN 1      6.24                      8.25  -2.01     8.57

SNOWFALL (IN)
  YESTERDAY       MM             2.2  1911   0.3   MM        0.0
  MONTH TO DATE    8.2                      12.2   -4.0     18.9
  SINCE MAR 1      8.2                      12.2   -4.0     18.9
  SINCE JUL 1    111.2                      91.0   20.2    123.1
  SNOW DEPTH       0

DEGREE DAYS
 HEATING
  YESTERDAY       43                        27     16       21
  MONTH TO DATE 1007                       884    123     1092
  SINCE MAR 1   1007                       884    123     1092
  SINCE JUL 1   6155                      5628    527     6198

 COOLING
  YESTERDAY        0                         0      0        0
  MONTH TO DATE    0                         0      0        0
  SINCE MAR 1      0                         0      0        0
  SINCE JAN 1      0                         0      0        0
..................................................................


WIND (MPH)
  HIGHEST WIND SPEED    18   HIGHEST WIND DIRECTION    NW (300)
  HIGHEST GUST SPEED    23   HIGHEST GUST DIRECTION    NW (310)
  AVERAGE WIND SPEED     9.8


SKY COVER
  AVERAGE SKY COVER 0.5


WEATHER CONDITIONS
 THE FOLLOWING WEATHER WAS RECORDED YESTERDAY.
  LIGHT SNOW
  FOG


RELATIVE HUMIDITY (PERCENT)
 HIGHEST    84           200 AM
 LOWEST     38           600 PM
 AVERAGE    61

..........................................................


THE BUFFALO NY CLIMATE NORMALS FOR TODAY
                         NORMAL    RECORD    YEAR
 MAXIMUM TEMPERATURE (F)   47        79      1905
 MINIMUM TEMPERATURE (F)   30         5      1923


SUNRISE AND SUNSET
MARCH 29 2015.........SUNRISE   703 AM EDT   SUNSET   737 PM EDT
MARCH 30 2015.........SUNRISE   701 AM EDT   SUNSET   739 PM EDT


-  INDICATES NEGATIVE NUMBERS.
R  INDICATES RECORD WAS SET OR TIED.
MM INDICATES DATA IS MISSING.
T  INDICATES TRACE AMOUNT.




$$
