263
CDUS41 KBUF 230705
CLIBUF


CLIMATE REPORT
NATIONAL WEATHER SERVICE BUFFALO NY
305 AM EDT WED AUG 23 2017


...................................

...THE BUFFALO NY CLIMATE SUMMARY FOR AUGUST 22 2017...

CLIMATE NORMAL PERIOD 1981 TO 2010
CLIMATE RECORD PERIOD 1871 TO 2017


WEATHER ITEM   OBSERVED TIME   RECORD YEAR NORMAL DEPARTURE LAST
                VALUE   (LST)  VALUE       VALUE  FROM      YEAR
                                                  NORMAL
..................................................................
TEMPERATURE (F)
 YESTERDAY
  MAXIMUM         82   1035 AM  88    2008  78      4       73
  MINIMUM         33R   954 PM  42    1982  60    -27       60
  AVERAGE         58                        69    -11       67

PRECIPITATION (IN)
  YESTERDAY        0.42          1.77 1968   0.10   0.32     0.01
  MONTH TO DATE    3.00                      2.34   0.66     1.74
  SINCE JUN 1      9.86                      9.23   0.63     4.85
  SINCE JAN 1     32.13                     24.24   7.89    16.09

SNOWFALL (IN)
  YESTERDAY       MM             0.0    MM   0.0   MM        0.0
  MONTH TO DATE    0.0                       0.0    0.0      0.0
  SINCE JUN 1      0.0                       0.0    0.0      0.0
  SINCE JUL 1      0.0                       0.0    0.0      0.0
  SNOW DEPTH       0

DEGREE DAYS
 HEATING
  YESTERDAY        7                         1      6        0
  MONTH TO DATE    7                         7      0        0
  SINCE JUN 1     57                        80    -23       42
  SINCE JUL 1      8                        16     -8        0

 COOLING
  YESTERDAY        0                         5     -5        2
  MONTH TO DATE  126                       124      2      260
  SINCE JUN 1    432                       424      8      681
  SINCE JAN 1    459                       450      9      740
..................................................................


WIND (MPH)
  HIGHEST WIND SPEED    31   HIGHEST WIND DIRECTION     W (260)
  HIGHEST GUST SPEED    44   HIGHEST GUST DIRECTION     W (260)
  AVERAGE WIND SPEED    14.8


SKY COVER
  AVERAGE SKY COVER 0.8


WEATHER CONDITIONS
 THE FOLLOWING WEATHER WAS RECORDED YESTERDAY.
  THUNDERSTORM
  HEAVY RAIN
  RAIN
  LIGHT RAIN
  FOG


RELATIVE HUMIDITY (PERCENT)
 HIGHEST    87          1200 PM
 LOWEST     63          1000 AM
 AVERAGE    75

..........................................................


THE BUFFALO NY CLIMATE NORMALS FOR TODAY
                         NORMAL    RECORD    YEAR
 MAXIMUM TEMPERATURE (F)   78        90      1959
                                             1948
 MINIMUM TEMPERATURE (F)   60        46      1952


SUNRISE AND SUNSET
AUGUST 23 2017........SUNRISE   630 AM EDT   SUNSET   804 PM EDT
AUGUST 24 2017........SUNRISE   631 AM EDT   SUNSET   803 PM EDT


-  INDICATES NEGATIVE NUMBERS.
R  INDICATES RECORD WAS SET OR TIED.
MM INDICATES DATA IS MISSING.
T  INDICATES TRACE AMOUNT.




$$
