000
CDUS41 KBUF 282055
CLIBUF


CLIMATE REPORT
NATIONAL WEATHER SERVICE BUFFALO NY
454 PM EDT TUE OCT 28 2014


...................................

...THE BUFFALO NY CLIMATE SUMMARY FOR OCTOBER 28 2014...
VALID TODAY AS OF 0400 PM LOCAL TIME.

CLIMATE NORMAL PERIOD 1981 TO 2010
CLIMATE RECORD PERIOD 1871 TO 2014


WEATHER ITEM   OBSERVED TIME   RECORD YEAR NORMAL DEPARTURE LAST
                VALUE   (LST)  VALUE       VALUE  FROM      YEAR
                                                  NORMAL
..................................................................
TEMPERATURE (F)
 TODAY
  MAXIMUM         74R   142 PM  74    1946  55     19       49
  MINIMUM         60    120 AM  26    1925  39     21       32
  AVERAGE         67                        47     20       41

PRECIPITATION (IN)
  TODAY            0.02          0.74 1973   0.11  -0.09     0.00
  MONTH TO DATE    4.42                      3.19   1.23     5.77
  SINCE SEP 1      7.55                      7.09   0.46     9.30
  SINCE JAN 1     37.49                     32.25   5.24    36.93

SNOWFALL (IN)
  TODAY            0.0           1.2  1965   0.0    0.0      0.0
  MONTH TO DATE    T                         0.7   -0.7       T
  SINCE SEP 1      T                         0.7   -0.7       T
  SINCE JUL 1      T                         0.7   -0.7       T
  SNOW DEPTH       0

DEGREE DAYS
 HEATING
  TODAY            0                        18    -18       24
  MONTH TO DATE  304                       386    -82      288
  SINCE SEP 1    412                       521   -109      440
  SINCE JUL 1    434                       548   -114      456

 COOLING
  TODAY            2                         0      2        0
  MONTH TO DATE   10                         0     10        8
  SINCE SEP 1     71                        53     18       59
  SINCE JAN 1    517                       540    -23      611
..................................................................


WIND (MPH)
  HIGHEST WIND SPEED    26   HIGHEST WIND DIRECTION    SW (220)
  HIGHEST GUST SPEED    35   HIGHEST GUST DIRECTION    SW (220)
  AVERAGE WIND SPEED    13.2


SKY COVER
  AVERAGE SKY COVER 0.8


WEATHER CONDITIONS
 THE FOLLOWING WEATHER WAS RECORDED TODAY.
  NO SIGNIFICANT WEATHER WAS OBSERVED.


RELATIVE HUMIDITY (PERCENT)
 HIGHEST    78           300 AM
 LOWEST     48          1200 AM
 AVERAGE    63

..........................................................


THE BUFFALO NY CLIMATE NORMALS FOR TOMORROW
                         NORMAL    RECORD    YEAR
 MAXIMUM TEMPERATURE (F)   54        74      1971
 MINIMUM TEMPERATURE (F)   39        20      1965


SUNRISE AND SUNSET
OCTOBER 28 2014.......SUNRISE   744 AM EDT   SUNSET   613 PM EDT
OCTOBER 29 2014.......SUNRISE   745 AM EDT   SUNSET   611 PM EDT


-  INDICATES NEGATIVE NUMBERS.
R  INDICATES RECORD WAS SET OR TIED.
MM INDICATES DATA IS MISSING.
T  INDICATES TRACE AMOUNT.




$$
