000
CDUS41 KBUF 181026
CLIBUF


CLIMATE REPORT
NATIONAL WEATHER SERVICE BUFFALO NY
524 AM EST WED JAN 18 2017


...................................

...THE BUFFALO NY CLIMATE SUMMARY FOR JANUARY 17 2017...

CLIMATE NORMAL PERIOD 1981 TO 2010
CLIMATE RECORD PERIOD 1871 TO 2017


WEATHER ITEM   OBSERVED TIME   RECORD YEAR NORMAL DEPARTURE LAST
                VALUE   (LST)  VALUE       VALUE  FROM      YEAR
                                                  NORMAL
..................................................................
TEMPERATURE (F)
 YESTERDAY
  MAXIMUM         45    715 PM  56    1952  31     14       31
  MINIMUM         32    131 AM -16    1982  18     14       11
  AVERAGE         39                        24     15       21

PRECIPITATION (IN)
  YESTERDAY        0.69          0.86 1932   0.10   0.59     0.24
  MONTH TO DATE    2.07                      1.85   0.22     1.54
  SINCE DEC 1      6.13                      5.74   0.39     4.44
  SINCE JAN 1      2.07                      1.85   0.22     1.54

SNOWFALL (IN)
  YESTERDAY        0.0           8.3  1958   0.9   -0.9      5.8
  MONTH TO DATE    2.9                      14.8  -11.9     23.4
  SINCE DEC 1     33.0                      42.2   -9.2     24.4
  SINCE JUL 1     33.9                      51.0  -17.1     24.4
  SNOW DEPTH       0

DEGREE DAYS
 HEATING
  YESTERDAY       26                        40    -14       44
  MONTH TO DATE  626                       675    -49      642
  SINCE DEC 1   1666                      1757    -91     1345
  SINCE JUL 1   2636                      3090   -454     2389

 COOLING
  YESTERDAY        0                         0      0        0
  MONTH TO DATE    0                         0      0        0
  SINCE DEC 1      0                         0      0        0
  SINCE JAN 1      0                         0      0        0
..................................................................


WIND (MPH)
  HIGHEST WIND SPEED    20   HIGHEST WIND DIRECTION    SW (230)
  HIGHEST GUST SPEED    25   HIGHEST GUST DIRECTION    SW (220)
  AVERAGE WIND SPEED     9.3


SKY COVER
  AVERAGE SKY COVER 1.0


WEATHER CONDITIONS
 THE FOLLOWING WEATHER WAS RECORDED YESTERDAY.
  HEAVY RAIN
  RAIN
  LIGHT RAIN
  LT FREEZING RAIN
  FOG


RELATIVE HUMIDITY (PERCENT)
 HIGHEST   100           500 PM
 LOWEST     69          1200 AM
 AVERAGE    85

..........................................................


THE BUFFALO NY CLIMATE NORMALS FOR TODAY
                         NORMAL    RECORD    YEAR
 MAXIMUM TEMPERATURE (F)   31        62      1929
 MINIMUM TEMPERATURE (F)   18        -6      1977


SUNRISE AND SUNSET
JANUARY 18 2017.......SUNRISE   741 AM EST   SUNSET   510 PM EST
JANUARY 19 2017.......SUNRISE   741 AM EST   SUNSET   511 PM EST


-  INDICATES NEGATIVE NUMBERS.
R  INDICATES RECORD WAS SET OR TIED.
MM INDICATES DATA IS MISSING.
T  INDICATES TRACE AMOUNT.




$$
