000
CDUS41 KBUF 211010
CLIBUF


CLIMATE REPORT
NATIONAL WEATHER SERVICE BUFFALO NY
509 AM EST SUN DEC 21 2014


...................................

...THE BUFFALO NY CLIMATE SUMMARY FOR DECEMBER 20 2014...

CLIMATE NORMAL PERIOD 1981 TO 2010
CLIMATE RECORD PERIOD 1871 TO 2014


WEATHER ITEM   OBSERVED TIME   RECORD YEAR NORMAL DEPARTURE LAST
                VALUE   (LST)  VALUE       VALUE  FROM      YEAR
                                                  NORMAL
..................................................................
TEMPERATURE (F)
 YESTERDAY
  MAXIMUM         32   1258 PM  63    1895  35     -3       43
  MINIMUM         24    325 AM  -7    1983  23      1       35
                                      1942
  AVERAGE         28                        29     -1       39

PRECIPITATION (IN)
  YESTERDAY        0.00          1.37 1973   0.12  -0.12     0.69
  MONTH TO DATE    1.53                      2.51  -0.98     1.97
  SINCE DEC 1      1.53                      2.51  -0.98     1.97
  SINCE JAN 1     41.78                     39.10   2.68    43.06

SNOWFALL (IN)
  YESTERDAY        0.0           7.5  1928   1.0   -1.0      0.0
  MONTH TO DATE    9.9                      16.2   -6.3     19.7
  SINCE DEC 1      9.9                      16.2   -6.3     19.7
  SINCE JUL 1     30.4                      25.0    5.4     29.7
  SNOW DEPTH       T

DEGREE DAYS
 HEATING
  YESTERDAY       37                        36      1       26
  MONTH TO DATE  646                       667    -21      738
  SINCE DEC 1    646                       667    -21      738
  SINCE JUL 1   1944                      2000    -56     2056

 COOLING
  YESTERDAY        0                         0      0        0
  MONTH TO DATE    0                         0      0        0
  SINCE DEC 1      0                         0      0        0
  SINCE JAN 1    516                       544    -28      611
..................................................................


WIND (MPH)
  HIGHEST WIND SPEED    12   HIGHEST WIND DIRECTION    SW (220)
  HIGHEST GUST SPEED    13   HIGHEST GUST DIRECTION    SW (220)
  AVERAGE WIND SPEED     4.0


SKY COVER
  AVERAGE SKY COVER 0.7


WEATHER CONDITIONS
 THE FOLLOWING WEATHER WAS RECORDED YESTERDAY.
  NO SIGNIFICANT WEATHER WAS OBSERVED.


RELATIVE HUMIDITY (PERCENT)
 HIGHEST    88           400 AM
 LOWEST     69          1000 AM
 AVERAGE    79

..........................................................


THE BUFFALO NY CLIMATE NORMALS FOR TODAY
                         NORMAL    RECORD    YEAR
 MAXIMUM TEMPERATURE (F)   34        65      1967
 MINIMUM TEMPERATURE (F)   23        -8      1983


SUNRISE AND SUNSET
DECEMBER 21 2014......SUNRISE   743 AM EST   SUNSET   443 PM EST
DECEMBER 22 2014......SUNRISE   743 AM EST   SUNSET   444 PM EST


-  INDICATES NEGATIVE NUMBERS.
R  INDICATES RECORD WAS SET OR TIED.
MM INDICATES DATA IS MISSING.
T  INDICATES TRACE AMOUNT.

$$
