000
CDUS41 KBUF 031029
CLIBUF


CLIMATE REPORT
NATIONAL WEATHER SERVICE BUFFALO NY
527 AM EST SAT DEC 3 2016


...................................

...THE BUFFALO NY CLIMATE SUMMARY FOR DECEMBER 2 2016...

CLIMATE NORMAL PERIOD 1981 TO 2010
CLIMATE RECORD PERIOD 1871 TO 2016


WEATHER ITEM   OBSERVED TIME   RECORD YEAR NORMAL DEPARTURE LAST
                VALUE   (LST)  VALUE       VALUE  FROM      YEAR
                                                  NORMAL
..................................................................
TEMPERATURE (F)
 YESTERDAY
  MAXIMUM         43   1150 AM  68    1982  41      2       49
  MINIMUM         36   1029 PM   1    1976  29      7       34
  AVERAGE         40                        35      5       42

PRECIPITATION (IN)
  YESTERDAY        0.01          1.45 1986   0.13  -0.12     0.02
  MONTH TO DATE    0.39                      0.25   0.14     0.12
  SINCE DEC 1      0.39                      0.25   0.14     0.12
  SINCE JAN 1     30.20                     36.84  -6.64    34.01

SNOWFALL (IN)
  YESTERDAY        T            16.6  1976   0.6   -0.6      0.0
  MONTH TO DATE    T                         1.2   -1.2      0.0
  SINCE DEC 1      T                         1.2   -1.2      0.0
  SINCE JUL 1      0.9                      10.0   -9.1       T
  SNOW DEPTH       0

DEGREE DAYS
 HEATING
  YESTERDAY       25                        30     -5       23
  MONTH TO DATE   49                        60    -11       42
  SINCE DEC 1     49                        60    -11       42
  SINCE JUL 1   1019                      1393   -374     1086

 COOLING
  YESTERDAY        0                         0      0        0
  MONTH TO DATE    0                         0      0        0
  SINCE DEC 1      0                         0      0        0
  SINCE JAN 1    939                       544    395      657
..................................................................


WIND (MPH)
  HIGHEST WIND SPEED    28   HIGHEST WIND DIRECTION     W (270)
  HIGHEST GUST SPEED    38   HIGHEST GUST DIRECTION     W (270)
  AVERAGE WIND SPEED    17.5


SKY COVER
  AVERAGE SKY COVER 0.9


WEATHER CONDITIONS
 THE FOLLOWING WEATHER WAS RECORDED YESTERDAY.
  LIGHT RAIN
  SNOW
  FOG


RELATIVE HUMIDITY (PERCENT)
 HIGHEST    82           800 PM
 LOWEST     57          1200 PM
 AVERAGE    70

..........................................................


THE BUFFALO NY CLIMATE NORMALS FOR TODAY
                         NORMAL    RECORD    YEAR
 MAXIMUM TEMPERATURE (F)   40        74      1982
 MINIMUM TEMPERATURE (F)   28        -3      1976


SUNRISE AND SUNSET
DECEMBER  3 2016......SUNRISE   729 AM EST   SUNSET   441 PM EST
DECEMBER  4 2016......SUNRISE   730 AM EST   SUNSET   441 PM EST


-  INDICATES NEGATIVE NUMBERS.
R  INDICATES RECORD WAS SET OR TIED.
MM INDICATES DATA IS MISSING.
T  INDICATES TRACE AMOUNT.




$$
