000
CDUS41 KBUF 271023
CLIBUF


CLIMATE REPORT
NATIONAL WEATHER SERVICE BUFFALO NY
622 AM EDT THU APR 27 2017


...................................

...THE BUFFALO NY CLIMATE SUMMARY FOR APRIL 26 2017...

CLIMATE NORMAL PERIOD 1981 TO 2010
CLIMATE RECORD PERIOD 1871 TO 2017


WEATHER ITEM   OBSERVED TIME   RECORD YEAR NORMAL DEPARTURE LAST
                VALUE   (LST)  VALUE       VALUE  FROM      YEAR
                                                  NORMAL
..................................................................
TEMPERATURE (F)
 YESTERDAY
  MAXIMUM         75    515 PM  84    1921  60     15       42
  MINIMUM         53    604 AM  23    1919  41     12       33
  AVERAGE         64                        50     14       38

PRECIPITATION (IN)
  YESTERDAY        0.00          1.71 1885   0.10  -0.10     0.39
  MONTH TO DATE    5.22                      2.62   2.60     1.90
  SINCE MAR 1      9.58                      5.49   4.09     4.75
  SINCE JAN 1     14.76                     11.16   3.60    10.03

SNOWFALL (IN)
  YESTERDAY        0.0           2.4  1919   0.0    0.0      0.0
  MONTH TO DATE    2.3                       2.6   -0.3      7.1
  SINCE MAR 1     29.1                      15.5   13.6      8.0
  SINCE JUL 1     76.1                      94.3  -18.2     55.1
  SNOW DEPTH       0

DEGREE DAYS
 HEATING
  YESTERDAY        1                        15    -14       27
  MONTH TO DATE  397                       518   -121      571
  SINCE MAR 1   1381                      1479    -98     1343
  SINCE JUL 1   5273                      6223   -950     5281

 COOLING
  YESTERDAY        0                         0      0        0
  MONTH TO DATE    2                         0      2        0
  SINCE MAR 1      2                         0      2        0
  SINCE JAN 1      2                         0      2        0
..................................................................


WIND (MPH)
  HIGHEST WIND SPEED    12   HIGHEST WIND DIRECTION     N (360)
  HIGHEST GUST SPEED    14   HIGHEST GUST DIRECTION    NE (30)
  AVERAGE WIND SPEED     5.4


SKY COVER
  AVERAGE SKY COVER 0.6


WEATHER CONDITIONS
 THE FOLLOWING WEATHER WAS RECORDED YESTERDAY.
  NO SIGNIFICANT WEATHER WAS OBSERVED.


RELATIVE HUMIDITY (PERCENT)
 HIGHEST    89           600 AM
 LOWEST     54           400 PM
 AVERAGE    72

..........................................................


THE BUFFALO NY CLIMATE NORMALS FOR TODAY
                         NORMAL    RECORD    YEAR
 MAXIMUM TEMPERATURE (F)   60        84      1984
 MINIMUM TEMPERATURE (F)   41        25      1993


SUNRISE AND SUNSET
APRIL 27 2017.........SUNRISE   614 AM EDT   SUNSET   812 PM EDT
APRIL 28 2017.........SUNRISE   613 AM EDT   SUNSET   813 PM EDT


-  INDICATES NEGATIVE NUMBERS.
R  INDICATES RECORD WAS SET OR TIED.
MM INDICATES DATA IS MISSING.
T  INDICATES TRACE AMOUNT.




$$
