000
CDUS41 KBUF 111020
CLIBUF


CLIMATE REPORT
NATIONAL WEATHER SERVICE BUFFALO NY
520 AM EST MON DEC 11 2017


...................................

...THE BUFFALO NY CLIMATE SUMMARY FOR DECEMBER 10 2017...

CLIMATE NORMAL PERIOD 1981 TO 2010
CLIMATE RECORD PERIOD 1871 TO 2017


WEATHER ITEM   OBSERVED TIME   RECORD YEAR NORMAL DEPARTURE LAST
                VALUE   (LST)  VALUE       VALUE  FROM      YEAR
                                                  NORMAL
..................................................................
TEMPERATURE (F)
 YESTERDAY
  MAXIMUM         29    937 PM  62    1911  38     -9       32
  MINIMUM         27    707 PM   2    1876  26      1       23
  AVERAGE         28                        32     -4       28

PRECIPITATION (IN)
  YESTERDAY        0.05          1.31 1878   0.13  -0.08      T
  MONTH TO DATE    0.86                      1.25  -0.39     0.89
  SINCE DEC 1      0.86                      1.25  -0.39     0.89
  SINCE JAN 1     46.41                     37.84   8.57    30.70

SNOWFALL (IN)
  YESTERDAY        2.1          33.9  1995   0.8    1.3       T
  MONTH TO DATE    6.4                       6.8   -0.4      0.3
  SINCE DEC 1      6.4                       6.8   -0.4      0.3
  SINCE JUL 1      6.6                      15.6   -9.0      1.2
  SNOW DEPTH       1

DEGREE DAYS
 HEATING
  YESTERDAY       37                        33      4       37
  MONTH TO DATE  296                       317    -21      292
  SINCE DEC 1    296                       317    -21      292
  SINCE JUL 1   1411                      1650   -239     1262

 COOLING
  YESTERDAY        0                         0      0        0
  MONTH TO DATE    0                         0      0        0
  SINCE DEC 1      0                         0      0        0
  SINCE JAN 1    603                       544     59      939
..................................................................


WIND (MPH)
  HIGHEST WIND SPEED    24   HIGHEST WIND DIRECTION     W (270)
  HIGHEST GUST SPEED    36   HIGHEST GUST DIRECTION     W (260)
  AVERAGE WIND SPEED    12.7


SKY COVER
  AVERAGE SKY COVER 1.0


WEATHER CONDITIONS
 THE FOLLOWING WEATHER WAS RECORDED YESTERDAY.
  THUNDERSTORM
  SNOW
  LIGHT SNOW
  FOG


RELATIVE HUMIDITY (PERCENT)
 HIGHEST    92           300 PM
 LOWEST     58          1000 AM
 AVERAGE    75

..........................................................


THE BUFFALO NY CLIMATE NORMALS FOR TODAY
                         NORMAL    RECORD    YEAR
 MAXIMUM TEMPERATURE (F)   37        61      1899
 MINIMUM TEMPERATURE (F)   25        -6      1960


SUNRISE AND SUNSET
DECEMBER 11 2017......SUNRISE   736 AM EST   SUNSET   440 PM EST
DECEMBER 12 2017......SUNRISE   737 AM EST   SUNSET   441 PM EST


-  INDICATES NEGATIVE NUMBERS.
R  INDICATES RECORD WAS SET OR TIED.
MM INDICATES DATA IS MISSING.
T  INDICATES TRACE AMOUNT.

$$
