000
CDUS41 KBUF 020706
CLIBUF


CLIMATE REPORT
NATIONAL WEATHER SERVICE BUFFALO NY
305 AM EDT MON MAY 2 2016


...................................

...THE BUFFALO NY CLIMATE SUMMARY FOR MAY 1 2016...

CLIMATE NORMAL PERIOD 1981 TO 2010
CLIMATE RECORD PERIOD 1871 TO 2016


WEATHER ITEM   OBSERVED TIME   RECORD YEAR NORMAL DEPARTURE LAST
                VALUE   (LST)  VALUE       VALUE  FROM      YEAR
                                                  NORMAL
..................................................................
TEMPERATURE (F)
 YESTERDAY
  MAXIMUM         55    322 PM  87    1970  62     -7       69
  MINIMUM         44   1159 PM  28    1978  42      2       43
                                      1943
  AVERAGE         50                        52     -2       56

PRECIPITATION (IN)
  YESTERDAY        0.30          0.77 1875   0.10   0.20     0.00
  MONTH TO DATE    0.30                      0.10   0.20     0.00
  SINCE MAR 1      5.05                      5.98  -0.93     4.14
  SINCE JAN 1     10.33                     11.65  -1.32     9.13

SNOWFALL (IN)
  YESTERDAY       MM             0.1  1978   0.0   MM        0.0
  MONTH TO DATE   MM                         0.0   MM        0.0
  SINCE MAR 1      8.0                      15.6   -7.6      9.9
  SINCE JUL 1     55.1                      94.4  -39.3    112.9
  SNOW DEPTH       0

DEGREE DAYS
 HEATING
  YESTERDAY       15                        13      2        9
  MONTH TO DATE   15                        13      2        9
  SINCE MAR 1   1435                      1550   -115     1681
  SINCE JUL 1   5373                      6294   -921     6829

 COOLING
  YESTERDAY        0                         0      0        0
  MONTH TO DATE    0                         0      0        0
  SINCE MAR 1      0                         3     -3        0
  SINCE JAN 1      0                         3     -3        0
..................................................................


WIND (MPH)
  HIGHEST WIND SPEED    15   HIGHEST WIND DIRECTION     E (70)
  HIGHEST GUST SPEED    18   HIGHEST GUST DIRECTION     E (70)
  AVERAGE WIND SPEED     7.4


SKY COVER
  AVERAGE SKY COVER 1.0


WEATHER CONDITIONS
 THE FOLLOWING WEATHER WAS RECORDED YESTERDAY.
  RAIN
  LIGHT RAIN
  FOG


RELATIVE HUMIDITY (PERCENT)
 HIGHEST   100           700 PM
 LOWEST     77           100 AM
 AVERAGE    89

..........................................................


THE BUFFALO NY CLIMATE NORMALS FOR TODAY
                         NORMAL    RECORD    YEAR
 MAXIMUM TEMPERATURE (F)   62        84      1954
                                             1887
 MINIMUM TEMPERATURE (F)   43        30      1903
                                             1882


SUNRISE AND SUNSET
MAY  2 2016...........SUNRISE   607 AM EDT   SUNSET   818 PM EDT
MAY  3 2016...........SUNRISE   606 AM EDT   SUNSET   819 PM EDT


-  INDICATES NEGATIVE NUMBERS.
R  INDICATES RECORD WAS SET OR TIED.
MM INDICATES DATA IS MISSING.
T  INDICATES TRACE AMOUNT.




$$
